{"id":91,"date":"2024-04-04T04:01:01","date_gmt":"2024-04-04T01:01:01","guid":{"rendered":"https:\/\/sisu.ut.ee\/zurov\/ehitiised\/"},"modified":"2024-04-04T04:15:02","modified_gmt":"2024-04-04T01:15:02","slug":"ehitiised","status":"publish","type":"page","link":"https:\/\/sisu.ut.ee\/zurov\/ehitiised\/","title":{"rendered":"Ehitised"},"content":{"rendered":"<p>Foto Senno k\u00fcla taluv\u00e4ravast p\u00e4rineb 1935. aastast<\/p><br><figure class=\"wp-block-gallery has-nested-images columns-3 is-cropped wp-block-gallery-1 is-layout-flex wp-block-gallery-is-layout-flex\"><figure class=\"wp-block-image size-large\"><a href=\"https:\/\/sisu.ut.ee\/wp-content\/uploads\/sites\/271\/pf0016941.jpg\"><img decoding=\"async\" data-id=\"1023\" src=\"https:\/\/sisu.ut.ee\/wp-content\/uploads\/sites\/271\/pf0016941.jpg\" alt=\"\" class=\"wp-ima\"><\/a><\/figure><figure class=\"wp-block-image size-large\"><a href=\"https:\/\/sisu.ut.ee\/wp-content\/uploads\/sites\/271\/seto_tare_potalova_kulas._pp0083469.jpg\"><img decoding=\"async\" data-id=\"1024\" src=\"https:\/\/sisu.ut.ee\/wp-content\/uploads\/sites\/271\/seto_tare_potalova_kulas._pp0083469.jpg\" alt=\"\" class=\"wp-ima\"><\/a><\/figure><figure class=\"wp-block-image size-large\"><a href=\"https:\/\/sisu.ut.ee\/wp-content\/uploads\/sites\/271\/pp0083466.jpg\"><img decoding=\"async\" data-id=\"1025\" src=\"https:\/\/sisu.ut.ee\/wp-content\/uploads\/sites\/271\/pp0083466.jpg\" alt=\"\" class=\"wp-ima\"><\/a><\/figure><figure class=\"wp-block-image size-large\"><a href=\"https:\/\/sisu.ut.ee\/wp-content\/uploads\/sites\/271\/pf0016942.jpg\"><img decoding=\"async\" data-id=\"1026\" src=\"https:\/\/sisu.ut.ee\/wp-content\/uploads\/sites\/271\/pf0016942.jpg\" alt=\"\" class=\"wp-ima\"><\/a><\/figure><figure class=\"wp-block-image size-large\"><a href=\"https:\/\/sisu.ut.ee\/wp-content\/uploads\/sites\/271\/pp0083468.jpg\"><img decoding=\"async\" data-id=\"1027\" src=\"https:\/\/sisu.ut.ee\/wp-content\/uploads\/sites\/271\/pp0083468.jpg\" alt=\"\" class=\"wp-ima\"><\/a><\/figure><figure class=\"wp-block-image size-large\"><a href=\"https:\/\/sisu.ut.ee\/wp-content\/uploads\/sites\/271\/seto_tare_potalova_kula_pf0016943.jpg\"><img decoding=\"async\" data-id=\"1028\" src=\"https:\/\/sisu.ut.ee\/wp-content\/uploads\/sites\/271\/seto_tare_potalova_kula_pf0016943.jpg\" alt=\"\" class=\"wp-ima\"><\/a><\/figure><figure class=\"wp-block-image size-large\"><a href=\"https:\/\/sisu.ut.ee\/wp-content\/uploads\/sites\/271\/taluvarav_senno_kulas_1935_pp0083464_01.jpg\"><img decoding=\"async\" data-id=\"1029\" src=\"https:\/\/sisu.ut.ee\/wp-content\/uploads\/sites\/271\/taluvarav_senno_kulas_1935_pp0083464_01.jpg\" alt=\"\" class=\"wp-ima\"><\/a><\/figure><\/figure>","protected":false},"excerpt":{"rendered":"<p>Foto Senno k\u00fcla taluv\u00e4ravast p\u00e4rineb 1935. aastast<\/p>\n","protected":false},"author":141,"featured_media":0,"parent":0,"menu_order":0,"comment_status":"closed","ping_status":"closed","template":"","meta":{"_acf_changed":false,"inline_featured_image":false,"footnotes":""},"class_list":["post-91","page","type-page","status-publish","hentry"],"acf":[],"_links":{"self":[{"href":"https:\/\/sisu.ut.ee\/zurov\/wp-json\/wp\/v2\/pages\/91","targetHints":{"allow":["GET"]}}],"collection":[{"href":"https:\/\/sisu.ut.ee\/zurov\/wp-json\/wp\/v2\/pages"}],"about":[{"href":"https:\/\/sisu.ut.ee\/zurov\/wp-json\/wp\/v2\/types\/page"}],"author":[{"embeddable":true,"href":"https:\/\/sisu.ut.ee\/zurov\/wp-json\/wp\/v2\/users\/141"}],"replies":[{"embeddable":true,"href":"https:\/\/sisu.ut.ee\/zurov\/wp-json\/wp\/v2\/comments?post=91"}],"version-history":[{"count":2,"href":"https:\/\/sisu.ut.ee\/zurov\/wp-json\/wp\/v2\/pages\/91\/revisions"}],"predecessor-version":[{"id":1299,"href":"https:\/\/sisu.ut.ee\/zurov\/wp-json\/wp\/v2\/pages\/91\/revisions\/1299"}],"wp:attachment":[{"href":"https:\/\/sisu.ut.ee\/zurov\/wp-json\/wp\/v2\/media?parent=91"}],"curies":[{"name":"wp","href":"https:\/\/api.w.org\/{rel}","templated":true}]}}