{"id":38,"date":"2024-04-04T04:00:57","date_gmt":"2024-04-04T01:00:57","guid":{"rendered":"https:\/\/sisu.ut.ee\/zurov\/vilde-1937-masinkirjalised-kirjeldukaardid-tolgete-ja-fotodega\/"},"modified":"2024-04-04T04:15:04","modified_gmt":"2024-04-04T01:15:04","slug":"vilde-1937-masinkirjalised-kirjeldukaardid-tolgete-ja-fotodega","status":"publish","type":"page","link":"https:\/\/sisu.ut.ee\/zurov\/vilde-1937-masinkirjalised-kirjeldukaardid-tolgete-ja-fotodega\/","title":{"rendered":"Vilde 1937. a masinkirjalised kirjelduskaardid t\u00f5lgete ja fotodega"},"content":{"rendered":"<p>Kaartide tekstid on t\u00f5lkinud prantsuse keelest Laur Vallikivi, t\u00f5lget on toimetanud Heiki Valk ja Ahto Raudoja ja Maarja Valk (keel).<\/p><br><div class=\"wp-block-group attached-files-group is-layout-constrained wp-block-group-is-layout-constrained\"><div class=\"wp-block-file\"><a href=\"https:\/\/sisu.ut.ee\/wp-content\/uploads\/sites\/271\/fiches_dactylo_37-48_17_fiches.pdf\" target=\"_blank\" rel=\"noreferrer noopener\">fiches_dactylo_37-48_17_fiches.pdf<\/a><\/div><div class=\"wp-block-file\"><a href=\"https:\/\/sisu.ut.ee\/wp-content\/uploads\/sites\/271\/seto_vilde_1937_48_1-10.pdf\" target=\"_blank\" rel=\"noreferrer noopener\">seto_vilde_1937_48_1-10.pdf<\/a><\/div><div class=\"wp-block-file\"><a href=\"https:\/\/sisu.ut.ee\/wp-content\/uploads\/sites\/271\/seto_vilde_1937_48_11-17.pdf\" target=\"_blank\" rel=\"noreferrer noopener\">seto_vilde_1937_48_11-17.pdf<\/a><\/div><\/div>","protected":false},"excerpt":{"rendered":"<p>Kaartide tekstid on t\u00f5lkinud prantsuse keelest Laur Vallikivi, t\u00f5lget on toimetanud Heiki Valk ja Ahto Raudoja ja Maarja Valk (keel).<\/p>\n","protected":false},"author":141,"featured_media":0,"parent":0,"menu_order":0,"comment_status":"closed","ping_status":"closed","template":"","meta":{"_acf_changed":false,"inline_featured_image":false,"footnotes":""},"class_list":["post-38","page","type-page","status-publish","hentry"],"acf":[],"_links":{"self":[{"href":"https:\/\/sisu.ut.ee\/zurov\/wp-json\/wp\/v2\/pages\/38","targetHints":{"allow":["GET"]}}],"collection":[{"href":"https:\/\/sisu.ut.ee\/zurov\/wp-json\/wp\/v2\/pages"}],"about":[{"href":"https:\/\/sisu.ut.ee\/zurov\/wp-json\/wp\/v2\/types\/page"}],"author":[{"embeddable":true,"href":"https:\/\/sisu.ut.ee\/zurov\/wp-json\/wp\/v2\/users\/141"}],"replies":[{"embeddable":true,"href":"https:\/\/sisu.ut.ee\/zurov\/wp-json\/wp\/v2\/comments?post=38"}],"version-history":[{"count":2,"href":"https:\/\/sisu.ut.ee\/zurov\/wp-json\/wp\/v2\/pages\/38\/revisions"}],"predecessor-version":[{"id":1350,"href":"https:\/\/sisu.ut.ee\/zurov\/wp-json\/wp\/v2\/pages\/38\/revisions\/1350"}],"wp:attachment":[{"href":"https:\/\/sisu.ut.ee\/zurov\/wp-json\/wp\/v2\/media?parent=38"}],"curies":[{"name":"wp","href":"https:\/\/api.w.org\/{rel}","templated":true}]}}