{"id":3,"date":"2024-04-04T04:00:55","date_gmt":"2024-04-04T01:00:55","guid":{"rendered":"https:\/\/sisu.ut.ee\/zurov\/autorioigus\/"},"modified":"2024-04-04T04:15:04","modified_gmt":"2024-04-04T01:15:04","slug":"autorioigus","status":"publish","type":"page","link":"https:\/\/sisu.ut.ee\/zurov\/autorioigus\/","title":{"rendered":"Autori\u00f5igus"},"content":{"rendered":"<div id=\"content-panels\" class=\"at-panel gpanel panel-display content clearfix\">\n<div class=\"region region-content-top  \">\n<div id=\"block-os-pages-main-content\" class=\"block block-os-pages contextual-links-region\">\n<div class=\"content\">\n<div id=\"node-18024\" class=\"node node-page clearfix\">\n<div class=\"content\">\n<div class=\"field field-name-body field-type-text-with-summary field-label-hidden\">\n<div class=\"field-items\">\n<div class=\"field-item even\">\n<p><strong>\u00a9\u00a0K\u00f5ik k\u00e4esolevas veebilehtede blokis avaldatud, eri asutuste arhiividest p\u00e4rinevad materjalid on kaitstud autorioigusega ning m\u00f5eldud vaid tutvumiseks.\u00a0Nende avaldamine ja taasesitamine mistahes vormis on lubatud vaid\u00a0autorioiguse omaja loal.<\/strong><\/p>\n<p><strong>\u00a9\u00a0All materials presented on this web site are protected by copyright\u00a0 held by the institution which owns and possesses respective archive sources. Their publication and re-production in any form is permitted only with the licence provided by the owner of the materials. In addition, copyright to all intellectual property of Leonid Zurov belongs to Leonid Zurov Estate, Leeds University Library, University of Leeds, Leeds, LS2 9JT. UK<\/strong><\/p>\n<p><strong><\/strong><\/p>\n<p>\u00a0Kogu Leonid Zurovi looming on\u00a0 kaitstud kahekordse\u00a0autorioigusega.<\/p>\n<p>Luba tuleb k\u00fcsida:<\/p>\n<p>1) Asutuselt, kelle valduses asuvad vastavad materjalid<\/p>\n<p>Quai Branly muusemis asuvate fotode puhul on loa andjaks pr Audrey Lagrue:\u00a0<a style=\"background-color: #ffffff\" href=\"mailto:audrey.lagrue@quaibranly.fr\">audrey.lagrue@quaibranly.fr<\/a>.<\/p>\n<p>ja<\/p>\n<p>2) Leonid Zurovi P\u00e4randi Sihtasutuselt (inglise keeles Leonid Zurov Estate). Sellele sihtasutusele kuulub kogu Leonid Zurovi intellektuaalse loomingu autorioigus. Sihtasutus tegutseb Leedsi \u00dclikooli raamatukogu juures.<\/p>\n<p>Leonid Zurov Estate<\/p>\n<p>Leeds University Library, University of Leeds, Leeds, LS2 9JT. UK<\/p>\n<p>Kontakt:\u00a0<a href=\"mailto:r.d.davies@leeds.ac.uk\">r.d.davies@leeds.ac.uk<\/a><\/p>\n<p>v\u00f5i<\/p>\n<p><a href=\"mailto:specialcollections@library.leeds.ac.uk\">specialcollections@library.leeds.ac.uk<\/a><\/p>\n<p>Kirja teemareale tuleks m\u00e4rkida: Leeds Russian Archive.<\/p>\n<\/div>\n<\/div>\n<\/div>\n<\/div>\n<\/div>\n<\/div>\n<\/div>\n<\/div>\n<\/div>\n<div id=\"prev_next\"><\/div>\n","protected":false},"excerpt":{"rendered":"<p>\u00a9\u00a0K\u00f5ik k\u00e4esolevas veebilehtede blokis avaldatud, eri asutuste arhiividest p\u00e4rinevad materjalid on kaitstud autorioigusega ning m\u00f5eldud vaid tutvumiseks.\u00a0Nende avaldamine ja taasesitamine mistahes vormis on lubatud vaid\u00a0autorioiguse omaja loal. \u00a9\u00a0All materials presented on this web site are protected by copyright\u00a0 held by &#8230;<\/p>\n","protected":false},"author":141,"featured_media":0,"parent":0,"menu_order":0,"comment_status":"closed","ping_status":"closed","template":"","meta":{"_acf_changed":false,"inline_featured_image":false,"footnotes":""},"class_list":["post-3","page","type-page","status-publish","hentry"],"acf":[],"_links":{"self":[{"href":"https:\/\/sisu.ut.ee\/zurov\/wp-json\/wp\/v2\/pages\/3","targetHints":{"allow":["GET"]}}],"collection":[{"href":"https:\/\/sisu.ut.ee\/zurov\/wp-json\/wp\/v2\/pages"}],"about":[{"href":"https:\/\/sisu.ut.ee\/zurov\/wp-json\/wp\/v2\/types\/page"}],"author":[{"embeddable":true,"href":"https:\/\/sisu.ut.ee\/zurov\/wp-json\/wp\/v2\/users\/141"}],"replies":[{"embeddable":true,"href":"https:\/\/sisu.ut.ee\/zurov\/wp-json\/wp\/v2\/comments?post=3"}],"version-history":[{"count":1,"href":"https:\/\/sisu.ut.ee\/zurov\/wp-json\/wp\/v2\/pages\/3\/revisions"}],"predecessor-version":[{"id":1277,"href":"https:\/\/sisu.ut.ee\/zurov\/wp-json\/wp\/v2\/pages\/3\/revisions\/1277"}],"wp:attachment":[{"href":"https:\/\/sisu.ut.ee\/zurov\/wp-json\/wp\/v2\/media?parent=3"}],"curies":[{"name":"wp","href":"https:\/\/api.w.org\/{rel}","templated":true}]}}