{"id":99,"date":"2024-04-04T05:56:38","date_gmt":"2024-04-04T02:56:38","guid":{"rendered":"https:\/\/sisu.ut.ee\/zrpildid\/puhtu-laelatu-matsalu-28-30-06-2010\/"},"modified":"2024-04-04T06:07:07","modified_gmt":"2024-04-04T03:07:07","slug":"puhtu-laelatu-matsalu-28-30-06-2010","status":"publish","type":"page","link":"https:\/\/sisu.ut.ee\/zrpildid\/puhtu-laelatu-matsalu-28-30-06-2010\/","title":{"rendered":"Puhtu laiul, Laelatu puisniidul ja Matsalu Rahvuspargis 28.-30. juuni 2010"},"content":{"rendered":"<p>\r\n\t<span style=\"font-family:Verdana,Geneva,sans-serif\">Luua Metsanduskooli looduslaager koos \u00f5pilastega Luualt<\/span>\r\n<\/p>\r\n\r\n<p>\r\n\t<img decoding=\"async\" alt=\"\" src=\"https:\/\/sisu.ut.ee\/wp-content\/uploads\/sites\/427\/matsalu10-38.jpg\" style=\"width: 1000px;height: 667px\">\r\n<\/p>\r\n<br><figure class=\"wp-block-gallery has-nested-images columns-3 is-cropped wp-block-gallery-1 is-layout-flex wp-block-gallery-is-layout-flex\"><figure class=\"wp-block-image size-large\"><a href=\"https:\/\/sisu.ut.ee\/wp-content\/uploads\/sites\/427\/matsalu10-01.jpg\"><img loading=\"lazy\" decoding=\"async\" width=\"1000\" height=\"667\" data-id=\"1991\" src=\"https:\/\/sisu.ut.ee\/wp-content\/uploads\/sites\/427\/matsalu10-01.jpg\" alt=\"Puhtu tamm\" class=\"wp-image-1991\" srcset=\"https:\/\/sisu.ut.ee\/wp-content\/uploads\/sites\/427\/matsalu10-01.jpg 1000w, https:\/\/sisu.ut.ee\/wp-content\/uploads\/sites\/427\/matsalu10-01-300x200.jpg 300w, https:\/\/sisu.ut.ee\/wp-content\/uploads\/sites\/427\/matsalu10-01-768x512.jpg 768w\" sizes=\"auto, (max-width: 1000px) 100vw, 1000px\"><\/a><figcaption class=\"wp-element-caption\">Puhtu tamm<\/figcaption><\/figure><figure class=\"wp-block-image size-large\"><a href=\"https:\/\/sisu.ut.ee\/wp-content\/uploads\/sites\/427\/matsalu10-02.jpg\"><img loading=\"lazy\" decoding=\"async\" width=\"1000\" height=\"667\" data-id=\"1992\" src=\"https:\/\/sisu.ut.ee\/wp-content\/uploads\/sites\/427\/matsalu10-02.jpg\" alt=\"Friedrich Schilleri monument Puhtus\" class=\"wp-image-1992\" srcset=\"https:\/\/sisu.ut.ee\/wp-content\/uploads\/sites\/427\/matsalu10-02.jpg 1000w, https:\/\/sisu.ut.ee\/wp-content\/uploads\/sites\/427\/matsalu10-02-300x200.jpg 300w, https:\/\/sisu.ut.ee\/wp-content\/uploads\/sites\/427\/matsalu10-02-768x512.jpg 768w\" sizes=\"auto, (max-width: 1000px) 100vw, 1000px\"><\/a><figcaption class=\"wp-element-caption\">Friedrich Schilleri monument Puhtus<\/figcaption><\/figure><figure class=\"wp-block-image size-large\"><a href=\"https:\/\/sisu.ut.ee\/wp-content\/uploads\/sites\/427\/matsalu10-03.jpg\"><img decoding=\"async\" data-id=\"1993\" src=\"https:\/\/sisu.ut.ee\/wp-content\/uploads\/sites\/427\/matsalu10-03.jpg\" alt=\"\" class=\"wp-ima\"><\/a><\/figure><figure class=\"wp-block-image size-large\"><a href=\"https:\/\/sisu.ut.ee\/wp-content\/uploads\/sites\/427\/matsalu10-04.jpg\"><img loading=\"lazy\" decoding=\"async\" width=\"1000\" height=\"667\" data-id=\"1994\" src=\"https:\/\/sisu.ut.ee\/wp-content\/uploads\/sites\/427\/matsalu10-04.jpg\" alt=\"Palun-merikapsas\" class=\"wp-image-1994\" srcset=\"https:\/\/sisu.ut.ee\/wp-content\/uploads\/sites\/427\/matsalu10-04.jpg 1000w, https:\/\/sisu.ut.ee\/wp-content\/uploads\/sites\/427\/matsalu10-04-300x200.jpg 300w, https:\/\/sisu.ut.ee\/wp-content\/uploads\/sites\/427\/matsalu10-04-768x512.jpg 768w\" sizes=\"auto, (max-width: 1000px) 100vw, 1000px\"><\/a><figcaption class=\"wp-element-caption\">Palun-merikapsas<\/figcaption><\/figure><figure class=\"wp-block-image size-large\"><a href=\"https:\/\/sisu.ut.ee\/wp-content\/uploads\/sites\/427\/matsalu10-05.jpg\"><img loading=\"lazy\" decoding=\"async\" width=\"1000\" height=\"667\" data-id=\"1995\" src=\"https:\/\/sisu.ut.ee\/wp-content\/uploads\/sites\/427\/matsalu10-05.jpg\" alt=\"Puhtu linnutorn \" class=\"wp-image-1995\" srcset=\"https:\/\/sisu.ut.ee\/wp-content\/uploads\/sites\/427\/matsalu10-05.jpg 1000w, https:\/\/sisu.ut.ee\/wp-content\/uploads\/sites\/427\/matsalu10-05-300x200.jpg 300w, https:\/\/sisu.ut.ee\/wp-content\/uploads\/sites\/427\/matsalu10-05-768x512.jpg 768w\" sizes=\"auto, (max-width: 1000px) 100vw, 1000px\"><\/a><figcaption class=\"wp-element-caption\">Puhtu linnutorn <\/figcaption><\/figure><figure class=\"wp-block-image size-large\"><a href=\"https:\/\/sisu.ut.ee\/wp-content\/uploads\/sites\/427\/nastik_img_2318.jpg\"><img loading=\"lazy\" decoding=\"async\" width=\"1000\" height=\"667\" data-id=\"1996\" src=\"https:\/\/sisu.ut.ee\/wp-content\/uploads\/sites\/427\/nastik_img_2318.jpg\" alt=\"Nastik\" class=\"wp-image-1996\" srcset=\"https:\/\/sisu.ut.ee\/wp-content\/uploads\/sites\/427\/nastik_img_2318.jpg 1000w, https:\/\/sisu.ut.ee\/wp-content\/uploads\/sites\/427\/nastik_img_2318-300x200.jpg 300w, https:\/\/sisu.ut.ee\/wp-content\/uploads\/sites\/427\/nastik_img_2318-768x512.jpg 768w\" sizes=\"auto, (max-width: 1000px) 100vw, 1000px\"><\/a><figcaption class=\"wp-element-caption\">Nastik<\/figcaption><\/figure><figure class=\"wp-block-image size-large\"><a href=\"https:\/\/sisu.ut.ee\/wp-content\/uploads\/sites\/427\/matsalu10-06.jpg\"><img decoding=\"async\" data-id=\"1997\" src=\"https:\/\/sisu.ut.ee\/wp-content\/uploads\/sites\/427\/matsalu10-06.jpg\" alt=\"\" class=\"wp-ima\"><\/a><\/figure><figure class=\"wp-block-image size-large\"><a href=\"https:\/\/sisu.ut.ee\/wp-content\/uploads\/sites\/427\/matsalu10-07.jpg\"><img decoding=\"async\" data-id=\"1998\" src=\"https:\/\/sisu.ut.ee\/wp-content\/uploads\/sites\/427\/matsalu10-07.jpg\" alt=\"\" class=\"wp-ima\"><\/a><\/figure><figure class=\"wp-block-image size-large\"><a href=\"https:\/\/sisu.ut.ee\/wp-content\/uploads\/sites\/427\/matsalu10-08.jpg\"><img decoding=\"async\" data-id=\"1999\" src=\"https:\/\/sisu.ut.ee\/wp-content\/uploads\/sites\/427\/matsalu10-08.jpg\" alt=\"\" class=\"wp-ima\"><\/a><\/figure><figure class=\"wp-block-image size-large\"><a href=\"https:\/\/sisu.ut.ee\/wp-content\/uploads\/sites\/427\/matsalu10-09.jpg\"><img loading=\"lazy\" decoding=\"async\" width=\"1000\" height=\"667\" data-id=\"2000\" src=\"https:\/\/sisu.ut.ee\/wp-content\/uploads\/sites\/427\/matsalu10-09.jpg\" alt=\"Laelatu puisniit\" class=\"wp-image-2000\" srcset=\"https:\/\/sisu.ut.ee\/wp-content\/uploads\/sites\/427\/matsalu10-09.jpg 1000w, https:\/\/sisu.ut.ee\/wp-content\/uploads\/sites\/427\/matsalu10-09-300x200.jpg 300w, https:\/\/sisu.ut.ee\/wp-content\/uploads\/sites\/427\/matsalu10-09-768x512.jpg 768w\" sizes=\"auto, (max-width: 1000px) 100vw, 1000px\"><\/a><figcaption class=\"wp-element-caption\">Laelatu puisniit<\/figcaption><\/figure><figure class=\"wp-block-image size-large\"><a href=\"https:\/\/sisu.ut.ee\/wp-content\/uploads\/sites\/427\/matsalu10-10.jpg\"><img loading=\"lazy\" decoding=\"async\" width=\"1000\" height=\"667\" data-id=\"2001\" src=\"https:\/\/sisu.ut.ee\/wp-content\/uploads\/sites\/427\/matsalu10-10.jpg\" alt=\"N\u00e4\u00e4rikivid \" class=\"wp-image-2001\" srcset=\"https:\/\/sisu.ut.ee\/wp-content\/uploads\/sites\/427\/matsalu10-10.jpg 1000w, https:\/\/sisu.ut.ee\/wp-content\/uploads\/sites\/427\/matsalu10-10-300x200.jpg 300w, https:\/\/sisu.ut.ee\/wp-content\/uploads\/sites\/427\/matsalu10-10-768x512.jpg 768w\" sizes=\"auto, (max-width: 1000px) 100vw, 1000px\"><\/a><figcaption class=\"wp-element-caption\">N\u00e4\u00e4rikivid <\/figcaption><\/figure><figure class=\"wp-block-image size-large\"><a href=\"https:\/\/sisu.ut.ee\/wp-content\/uploads\/sites\/427\/matsalu10-11.jpg\"><img decoding=\"async\" data-id=\"2002\" src=\"https:\/\/sisu.ut.ee\/wp-content\/uploads\/sites\/427\/matsalu10-11.jpg\" alt=\"\" class=\"wp-ima\"><\/a><\/figure><figure class=\"wp-block-image size-large\"><a href=\"https:\/\/sisu.ut.ee\/wp-content\/uploads\/sites\/427\/matsalu10-12.jpg\"><img loading=\"lazy\" decoding=\"async\" width=\"1000\" height=\"667\" data-id=\"2003\" src=\"https:\/\/sisu.ut.ee\/wp-content\/uploads\/sites\/427\/matsalu10-12.jpg\" alt=\"Kassikulda- p\u00fcriiti otsimas\" class=\"wp-image-2003\" srcset=\"https:\/\/sisu.ut.ee\/wp-content\/uploads\/sites\/427\/matsalu10-12.jpg 1000w, https:\/\/sisu.ut.ee\/wp-content\/uploads\/sites\/427\/matsalu10-12-300x200.jpg 300w, https:\/\/sisu.ut.ee\/wp-content\/uploads\/sites\/427\/matsalu10-12-768x512.jpg 768w\" sizes=\"auto, (max-width: 1000px) 100vw, 1000px\"><\/a><figcaption class=\"wp-element-caption\">Kassikulda- p\u00fcriiti otsimas<\/figcaption><\/figure><figure class=\"wp-block-image size-large\"><a href=\"https:\/\/sisu.ut.ee\/wp-content\/uploads\/sites\/427\/matsalu10-13.jpg\"><img loading=\"lazy\" decoding=\"async\" width=\"1000\" height=\"667\" data-id=\"2004\" src=\"https:\/\/sisu.ut.ee\/wp-content\/uploads\/sites\/427\/matsalu10-13.jpg\" alt=\"Siit hakkab jalgsimatk Kiidavale \" class=\"wp-image-2004\" srcset=\"https:\/\/sisu.ut.ee\/wp-content\/uploads\/sites\/427\/matsalu10-13.jpg 1000w, https:\/\/sisu.ut.ee\/wp-content\/uploads\/sites\/427\/matsalu10-13-300x200.jpg 300w, https:\/\/sisu.ut.ee\/wp-content\/uploads\/sites\/427\/matsalu10-13-768x512.jpg 768w\" sizes=\"auto, (max-width: 1000px) 100vw, 1000px\"><\/a><figcaption class=\"wp-element-caption\">Siit hakkab jalgsimatk Kiidavale <\/figcaption><\/figure><figure class=\"wp-block-image size-large\"><a href=\"https:\/\/sisu.ut.ee\/wp-content\/uploads\/sites\/427\/matsalu10-14.jpg\"><img decoding=\"async\" data-id=\"2005\" src=\"https:\/\/sisu.ut.ee\/wp-content\/uploads\/sites\/427\/matsalu10-14.jpg\" alt=\"\" class=\"wp-ima\"><\/a><\/figure><figure class=\"wp-block-image size-large\"><a href=\"https:\/\/sisu.ut.ee\/wp-content\/uploads\/sites\/427\/matsalu10-15.jpg\"><img decoding=\"async\" data-id=\"2006\" src=\"https:\/\/sisu.ut.ee\/wp-content\/uploads\/sites\/427\/matsalu10-15.jpg\" alt=\"\" class=\"wp-ima\"><\/a><\/figure><figure class=\"wp-block-image size-large\"><a href=\"https:\/\/sisu.ut.ee\/wp-content\/uploads\/sites\/427\/matsalu10-16.jpg\"><img loading=\"lazy\" decoding=\"async\" width=\"1000\" height=\"667\" data-id=\"2007\" src=\"https:\/\/sisu.ut.ee\/wp-content\/uploads\/sites\/427\/matsalu10-16.jpg\" alt=\"Haeska vaatetornis \" class=\"wp-image-2007\" srcset=\"https:\/\/sisu.ut.ee\/wp-content\/uploads\/sites\/427\/matsalu10-16.jpg 1000w, https:\/\/sisu.ut.ee\/wp-content\/uploads\/sites\/427\/matsalu10-16-300x200.jpg 300w, https:\/\/sisu.ut.ee\/wp-content\/uploads\/sites\/427\/matsalu10-16-768x512.jpg 768w\" sizes=\"auto, (max-width: 1000px) 100vw, 1000px\"><\/a><figcaption class=\"wp-element-caption\">Haeska vaatetornis <\/figcaption><\/figure><figure class=\"wp-block-image size-large\"><a href=\"https:\/\/sisu.ut.ee\/wp-content\/uploads\/sites\/427\/matsalu10-17.jpg\"><img decoding=\"async\" data-id=\"2008\" src=\"https:\/\/sisu.ut.ee\/wp-content\/uploads\/sites\/427\/matsalu10-17.jpg\" alt=\"\" class=\"wp-ima\"><\/a><\/figure><figure class=\"wp-block-image size-large\"><a href=\"https:\/\/sisu.ut.ee\/wp-content\/uploads\/sites\/427\/matsalu10-19.jpg\"><img loading=\"lazy\" decoding=\"async\" width=\"1000\" height=\"667\" data-id=\"2009\" src=\"https:\/\/sisu.ut.ee\/wp-content\/uploads\/sites\/427\/matsalu10-19.jpg\" alt=\"Allikas Salevere Salum\u00e4el\" class=\"wp-image-2009\" srcset=\"https:\/\/sisu.ut.ee\/wp-content\/uploads\/sites\/427\/matsalu10-19.jpg 1000w, https:\/\/sisu.ut.ee\/wp-content\/uploads\/sites\/427\/matsalu10-19-300x200.jpg 300w, https:\/\/sisu.ut.ee\/wp-content\/uploads\/sites\/427\/matsalu10-19-768x512.jpg 768w\" sizes=\"auto, (max-width: 1000px) 100vw, 1000px\"><\/a><figcaption class=\"wp-element-caption\">Allikas Salevere Salum\u00e4el<\/figcaption><\/figure><figure class=\"wp-block-image size-large\"><a href=\"https:\/\/sisu.ut.ee\/wp-content\/uploads\/sites\/427\/matsalu10-20.jpg\"><img decoding=\"async\" data-id=\"2010\" src=\"https:\/\/sisu.ut.ee\/wp-content\/uploads\/sites\/427\/matsalu10-20.jpg\" alt=\"\" class=\"wp-ima\"><\/a><\/figure><figure class=\"wp-block-image size-large\"><a href=\"https:\/\/sisu.ut.ee\/wp-content\/uploads\/sites\/427\/matsalu10-21.jpg\"><img decoding=\"async\" data-id=\"2011\" src=\"https:\/\/sisu.ut.ee\/wp-content\/uploads\/sites\/427\/matsalu10-21.jpg\" alt=\"\" class=\"wp-ima\"><\/a><\/figure><figure class=\"wp-block-image size-large\"><a href=\"https:\/\/sisu.ut.ee\/wp-content\/uploads\/sites\/427\/matsalu10-22.jpg\"><img loading=\"lazy\" decoding=\"async\" width=\"1000\" height=\"667\" data-id=\"2012\" src=\"https:\/\/sisu.ut.ee\/wp-content\/uploads\/sites\/427\/matsalu10-22.jpg\" alt=\"Salevere hiiepuud\" class=\"wp-image-2012\" srcset=\"https:\/\/sisu.ut.ee\/wp-content\/uploads\/sites\/427\/matsalu10-22.jpg 1000w, https:\/\/sisu.ut.ee\/wp-content\/uploads\/sites\/427\/matsalu10-22-300x200.jpg 300w, https:\/\/sisu.ut.ee\/wp-content\/uploads\/sites\/427\/matsalu10-22-768x512.jpg 768w\" sizes=\"auto, (max-width: 1000px) 100vw, 1000px\"><\/a><figcaption class=\"wp-element-caption\">Salevere hiiepuud<\/figcaption><\/figure><figure class=\"wp-block-image size-large\"><a href=\"https:\/\/sisu.ut.ee\/wp-content\/uploads\/sites\/427\/matsalu10-23.jpg\"><img decoding=\"async\" data-id=\"2013\" src=\"https:\/\/sisu.ut.ee\/wp-content\/uploads\/sites\/427\/matsalu10-23.jpg\" alt=\"\" class=\"wp-ima\"><\/a><\/figure><figure class=\"wp-block-image size-large\"><a href=\"https:\/\/sisu.ut.ee\/wp-content\/uploads\/sites\/427\/matsalu10-24.jpg\"><img decoding=\"async\" data-id=\"2014\" src=\"https:\/\/sisu.ut.ee\/wp-content\/uploads\/sites\/427\/matsalu10-24.jpg\" alt=\"\" class=\"wp-ima\"><\/a><\/figure><figure class=\"wp-block-image size-large\"><a href=\"https:\/\/sisu.ut.ee\/wp-content\/uploads\/sites\/427\/matsalu10-25.jpg\"><img decoding=\"async\" data-id=\"2015\" src=\"https:\/\/sisu.ut.ee\/wp-content\/uploads\/sites\/427\/matsalu10-25.jpg\" alt=\"\" class=\"wp-ima\"><\/a><\/figure><figure class=\"wp-block-image size-large\"><a href=\"https:\/\/sisu.ut.ee\/wp-content\/uploads\/sites\/427\/matsalu10-26.jpg\"><img decoding=\"async\" data-id=\"2016\" src=\"https:\/\/sisu.ut.ee\/wp-content\/uploads\/sites\/427\/matsalu10-26.jpg\" alt=\"\" class=\"wp-ima\"><\/a><\/figure><figure class=\"wp-block-image size-large\"><a href=\"https:\/\/sisu.ut.ee\/wp-content\/uploads\/sites\/427\/matsalu10-27.jpg\"><img loading=\"lazy\" decoding=\"async\" width=\"1000\" height=\"667\" data-id=\"2017\" src=\"https:\/\/sisu.ut.ee\/wp-content\/uploads\/sites\/427\/matsalu10-27.jpg\" alt=\"Muuseumis Matsalu Rahvuspargi keskuses Penij\u00f5el\" class=\"wp-image-2017\" srcset=\"https:\/\/sisu.ut.ee\/wp-content\/uploads\/sites\/427\/matsalu10-27.jpg 1000w, https:\/\/sisu.ut.ee\/wp-content\/uploads\/sites\/427\/matsalu10-27-300x200.jpg 300w, https:\/\/sisu.ut.ee\/wp-content\/uploads\/sites\/427\/matsalu10-27-768x512.jpg 768w\" sizes=\"auto, (max-width: 1000px) 100vw, 1000px\"><\/a><figcaption class=\"wp-element-caption\">Muuseumis Matsalu Rahvuspargi keskuses Penij\u00f5el<\/figcaption><\/figure><figure class=\"wp-block-image size-large\"><a href=\"https:\/\/sisu.ut.ee\/wp-content\/uploads\/sites\/427\/matsalu10-28.jpg\"><img decoding=\"async\" data-id=\"2018\" src=\"https:\/\/sisu.ut.ee\/wp-content\/uploads\/sites\/427\/matsalu10-28.jpg\" alt=\"\" class=\"wp-ima\"><\/a><\/figure><figure class=\"wp-block-image size-large\"><a href=\"https:\/\/sisu.ut.ee\/wp-content\/uploads\/sites\/427\/matsalu10-29.jpg\"><img decoding=\"async\" data-id=\"2019\" src=\"https:\/\/sisu.ut.ee\/wp-content\/uploads\/sites\/427\/matsalu10-29.jpg\" alt=\"\" class=\"wp-ima\"><\/a><\/figure><figure class=\"wp-block-image size-large\"><a href=\"https:\/\/sisu.ut.ee\/wp-content\/uploads\/sites\/427\/matsalu10-30.jpg\"><img loading=\"lazy\" decoding=\"async\" width=\"1000\" height=\"667\" data-id=\"2020\" src=\"https:\/\/sisu.ut.ee\/wp-content\/uploads\/sites\/427\/matsalu10-30.jpg\" alt=\"penij\u00f5gi\" class=\"wp-image-2020\" srcset=\"https:\/\/sisu.ut.ee\/wp-content\/uploads\/sites\/427\/matsalu10-30.jpg 1000w, https:\/\/sisu.ut.ee\/wp-content\/uploads\/sites\/427\/matsalu10-30-300x200.jpg 300w, https:\/\/sisu.ut.ee\/wp-content\/uploads\/sites\/427\/matsalu10-30-768x512.jpg 768w\" sizes=\"auto, (max-width: 1000px) 100vw, 1000px\"><\/a><figcaption class=\"wp-element-caption\">penij\u00f5gi<\/figcaption><\/figure><figure class=\"wp-block-image size-large\"><a href=\"https:\/\/sisu.ut.ee\/wp-content\/uploads\/sites\/427\/matsalu10-31.jpg\"><img decoding=\"async\" data-id=\"2021\" src=\"https:\/\/sisu.ut.ee\/wp-content\/uploads\/sites\/427\/matsalu10-31.jpg\" alt=\"\" class=\"wp-ima\"><\/a><\/figure><figure class=\"wp-block-image size-large\"><a href=\"https:\/\/sisu.ut.ee\/wp-content\/uploads\/sites\/427\/matsalu10-32.jpg\"><img loading=\"lazy\" decoding=\"async\" width=\"1000\" height=\"667\" data-id=\"2022\" src=\"https:\/\/sisu.ut.ee\/wp-content\/uploads\/sites\/427\/matsalu10-32.jpg\" alt=\"Evelin ja Marje \" class=\"wp-image-2022\" srcset=\"https:\/\/sisu.ut.ee\/wp-content\/uploads\/sites\/427\/matsalu10-32.jpg 1000w, https:\/\/sisu.ut.ee\/wp-content\/uploads\/sites\/427\/matsalu10-32-300x200.jpg 300w, https:\/\/sisu.ut.ee\/wp-content\/uploads\/sites\/427\/matsalu10-32-768x512.jpg 768w\" sizes=\"auto, (max-width: 1000px) 100vw, 1000px\"><\/a><figcaption class=\"wp-element-caption\">Evelin ja Marje <\/figcaption><\/figure><figure class=\"wp-block-image size-large\"><a href=\"https:\/\/sisu.ut.ee\/wp-content\/uploads\/sites\/427\/matsalu10-33.jpg\"><img decoding=\"async\" data-id=\"2023\" src=\"https:\/\/sisu.ut.ee\/wp-content\/uploads\/sites\/427\/matsalu10-33.jpg\" alt=\"\" class=\"wp-ima\"><\/a><\/figure><figure class=\"wp-block-image size-large\"><a href=\"https:\/\/sisu.ut.ee\/wp-content\/uploads\/sites\/427\/matsalu10-34.jpg\"><img loading=\"lazy\" decoding=\"async\" width=\"1000\" height=\"667\" data-id=\"2024\" src=\"https:\/\/sisu.ut.ee\/wp-content\/uploads\/sites\/427\/matsalu10-34.jpg\" alt=\"Suitsuj\u00f5gi\" class=\"wp-image-2024\" srcset=\"https:\/\/sisu.ut.ee\/wp-content\/uploads\/sites\/427\/matsalu10-34.jpg 1000w, https:\/\/sisu.ut.ee\/wp-content\/uploads\/sites\/427\/matsalu10-34-300x200.jpg 300w, https:\/\/sisu.ut.ee\/wp-content\/uploads\/sites\/427\/matsalu10-34-768x512.jpg 768w\" sizes=\"auto, (max-width: 1000px) 100vw, 1000px\"><\/a><figcaption class=\"wp-element-caption\">Suitsuj\u00f5gi<\/figcaption><\/figure><figure class=\"wp-block-image size-large\"><a href=\"https:\/\/sisu.ut.ee\/wp-content\/uploads\/sites\/427\/matsalu10-35.jpg\"><img decoding=\"async\" data-id=\"2025\" src=\"https:\/\/sisu.ut.ee\/wp-content\/uploads\/sites\/427\/matsalu10-35.jpg\" alt=\"\" class=\"wp-ima\"><\/a><\/figure><figure class=\"wp-block-image size-large\"><a href=\"https:\/\/sisu.ut.ee\/wp-content\/uploads\/sites\/427\/matsalu10-36.jpg\"><img loading=\"lazy\" decoding=\"async\" width=\"1000\" height=\"667\" data-id=\"2026\" src=\"https:\/\/sisu.ut.ee\/wp-content\/uploads\/sites\/427\/matsalu10-36.jpg\" alt=\"Paadis\u00f5it Suitsu j\u00f5el ja Kasari j\u00f5el \" class=\"wp-image-2026\" srcset=\"https:\/\/sisu.ut.ee\/wp-content\/uploads\/sites\/427\/matsalu10-36.jpg 1000w, https:\/\/sisu.ut.ee\/wp-content\/uploads\/sites\/427\/matsalu10-36-300x200.jpg 300w, https:\/\/sisu.ut.ee\/wp-content\/uploads\/sites\/427\/matsalu10-36-768x512.jpg 768w\" sizes=\"auto, (max-width: 1000px) 100vw, 1000px\"><\/a><figcaption class=\"wp-element-caption\">Paadis\u00f5it Suitsu j\u00f5el ja Kasari j\u00f5el <\/figcaption><\/figure><figure class=\"wp-block-image size-large\"><a href=\"https:\/\/sisu.ut.ee\/wp-content\/uploads\/sites\/427\/matsalu10-37.jpg\"><img decoding=\"async\" data-id=\"2027\" src=\"https:\/\/sisu.ut.ee\/wp-content\/uploads\/sites\/427\/matsalu10-37.jpg\" alt=\"\" class=\"wp-ima\"><\/a><\/figure><figure class=\"wp-block-image size-large\"><a href=\"https:\/\/sisu.ut.ee\/wp-content\/uploads\/sites\/427\/matsalu10-38.jpg\"><img decoding=\"async\" data-id=\"2028\" src=\"https:\/\/sisu.ut.ee\/wp-content\/uploads\/sites\/427\/matsalu10-38.jpg\" alt=\"\" class=\"wp-ima\"><\/a><\/figure><figure class=\"wp-block-image size-large\"><a href=\"https:\/\/sisu.ut.ee\/wp-content\/uploads\/sites\/427\/matsalu10-39.jpg\"><img decoding=\"async\" data-id=\"2029\" src=\"https:\/\/sisu.ut.ee\/wp-content\/uploads\/sites\/427\/matsalu10-39.jpg\" alt=\"\" class=\"wp-ima\"><\/a><\/figure><figure class=\"wp-block-image size-large\"><a href=\"https:\/\/sisu.ut.ee\/wp-content\/uploads\/sites\/427\/matsalu10-40.jpg\"><img decoding=\"async\" data-id=\"2030\" src=\"https:\/\/sisu.ut.ee\/wp-content\/uploads\/sites\/427\/matsalu10-40.jpg\" alt=\"\" class=\"wp-ima\"><\/a><\/figure><figure class=\"wp-block-image size-large\"><a href=\"https:\/\/sisu.ut.ee\/wp-content\/uploads\/sites\/427\/matsalu10-41.jpg\"><img decoding=\"async\" data-id=\"2031\" src=\"https:\/\/sisu.ut.ee\/wp-content\/uploads\/sites\/427\/matsalu10-41.jpg\" alt=\"\" class=\"wp-ima\"><\/a><\/figure><\/figure>","protected":false},"excerpt":{"rendered":"<p>Luua Metsanduskooli looduslaager koos \u00f5pilastega Luualt<\/p>\n","protected":false},"author":88,"featured_media":0,"parent":0,"menu_order":0,"comment_status":"closed","ping_status":"closed","template":"","meta":{"_acf_changed":false,"inline_featured_image":false,"footnotes":""},"class_list":["post-99","page","type-page","status-publish","hentry"],"acf":[],"_links":{"self":[{"href":"https:\/\/sisu.ut.ee\/zrpildid\/wp-json\/wp\/v2\/pages\/99","targetHints":{"allow":["GET"]}}],"collection":[{"href":"https:\/\/sisu.ut.ee\/zrpildid\/wp-json\/wp\/v2\/pages"}],"about":[{"href":"https:\/\/sisu.ut.ee\/zrpildid\/wp-json\/wp\/v2\/types\/page"}],"author":[{"embeddable":true,"href":"https:\/\/sisu.ut.ee\/zrpildid\/wp-json\/wp\/v2\/users\/88"}],"replies":[{"embeddable":true,"href":"https:\/\/sisu.ut.ee\/zrpildid\/wp-json\/wp\/v2\/comments?post=99"}],"version-history":[{"count":2,"href":"https:\/\/sisu.ut.ee\/zrpildid\/wp-json\/wp\/v2\/pages\/99\/revisions"}],"predecessor-version":[{"id":4051,"href":"https:\/\/sisu.ut.ee\/zrpildid\/wp-json\/wp\/v2\/pages\/99\/revisions\/4051"}],"wp:attachment":[{"href":"https:\/\/sisu.ut.ee\/zrpildid\/wp-json\/wp\/v2\/media?parent=99"}],"curies":[{"name":"wp","href":"https:\/\/api.w.org\/{rel}","templated":true}]}}