{"id":69,"date":"2024-04-04T05:56:35","date_gmt":"2024-04-04T02:56:35","guid":{"rendered":"https:\/\/sisu.ut.ee\/zrpildid\/tuhkru-kaavik-2003\/"},"modified":"2024-04-04T06:07:08","modified_gmt":"2024-04-04T03:07:08","slug":"tuhkru-kaavik-2003","status":"publish","type":"page","link":"https:\/\/sisu.ut.ee\/zrpildid\/tuhkru-kaavik-2003\/","title":{"rendered":"Tuhkru kaaviku valmistamine. Aprill 2003"},"content":{"rendered":"<p>\r\n\t<span style=\"font-size:16px\"><span style=\"font-family:Verdana,Geneva,sans-serif\">Taksidermist Andres Lehestik n\u00e4itab kuidas topist<br>(\u00f5igem on \u00f6elda \u2013 kaavikut) valmistatakse.<\/span><\/span>\r\n<\/p>\r\n\r\n<p>\r\n\t<span style=\"font-size:16px\"><span style=\"font-family:Verdana,Geneva,sans-serif\"><img decoding=\"async\" alt=\"\" src=\"https:\/\/sisu.ut.ee\/wp-content\/uploads\/sites\/427\/kaavik8.jpg\" style=\"width: 500px;height: 375px\"><\/span><\/span>\r\n<\/p>\r\n<br><figure class=\"wp-block-gallery has-nested-images columns-3 is-cropped wp-block-gallery-1 is-layout-flex wp-block-gallery-is-layout-flex\"><figure class=\"wp-block-image size-large\"><a href=\"https:\/\/sisu.ut.ee\/wp-content\/uploads\/sites\/427\/kaavik1.jpg\"><img decoding=\"async\" data-id=\"1407\" src=\"https:\/\/sisu.ut.ee\/wp-content\/uploads\/sites\/427\/kaavik1.jpg\" alt=\"\" class=\"wp-ima\"><\/a><\/figure><figure class=\"wp-block-image size-large\"><a href=\"https:\/\/sisu.ut.ee\/wp-content\/uploads\/sites\/427\/kaavik2.jpg\"><img decoding=\"async\" data-id=\"1408\" src=\"https:\/\/sisu.ut.ee\/wp-content\/uploads\/sites\/427\/kaavik2.jpg\" alt=\"\" class=\"wp-ima\"><\/a><\/figure><figure class=\"wp-block-image size-large\"><a href=\"https:\/\/sisu.ut.ee\/wp-content\/uploads\/sites\/427\/kaavik3.jpg\"><img decoding=\"async\" data-id=\"1409\" src=\"https:\/\/sisu.ut.ee\/wp-content\/uploads\/sites\/427\/kaavik3.jpg\" alt=\"\" class=\"wp-ima\"><\/a><\/figure><figure class=\"wp-block-image size-large\"><a href=\"https:\/\/sisu.ut.ee\/wp-content\/uploads\/sites\/427\/kaavik4.jpg\"><img decoding=\"async\" data-id=\"1410\" src=\"https:\/\/sisu.ut.ee\/wp-content\/uploads\/sites\/427\/kaavik4.jpg\" alt=\"\" class=\"wp-ima\"><\/a><\/figure><figure class=\"wp-block-image size-large\"><a href=\"https:\/\/sisu.ut.ee\/wp-content\/uploads\/sites\/427\/kaavik5.jpg\"><img decoding=\"async\" data-id=\"1411\" src=\"https:\/\/sisu.ut.ee\/wp-content\/uploads\/sites\/427\/kaavik5.jpg\" alt=\"\" class=\"wp-ima\"><\/a><\/figure><figure class=\"wp-block-image size-large\"><a href=\"https:\/\/sisu.ut.ee\/wp-content\/uploads\/sites\/427\/kaavik6.jpg\"><img decoding=\"async\" data-id=\"1412\" src=\"https:\/\/sisu.ut.ee\/wp-content\/uploads\/sites\/427\/kaavik6.jpg\" alt=\"\" class=\"wp-ima\"><\/a><\/figure><figure class=\"wp-block-image size-large\"><a href=\"https:\/\/sisu.ut.ee\/wp-content\/uploads\/sites\/427\/kaavik7.jpg\"><img decoding=\"async\" data-id=\"1413\" src=\"https:\/\/sisu.ut.ee\/wp-content\/uploads\/sites\/427\/kaavik7.jpg\" alt=\"\" class=\"wp-ima\"><\/a><\/figure><figure class=\"wp-block-image size-large\"><a href=\"https:\/\/sisu.ut.ee\/wp-content\/uploads\/sites\/427\/kaavik8.jpg\"><img decoding=\"async\" data-id=\"1414\" src=\"https:\/\/sisu.ut.ee\/wp-content\/uploads\/sites\/427\/kaavik8.jpg\" alt=\"\" class=\"wp-ima\"><\/a><\/figure><figure class=\"wp-block-image size-large\"><a href=\"https:\/\/sisu.ut.ee\/wp-content\/uploads\/sites\/427\/kaavik9.jpg\"><img decoding=\"async\" data-id=\"1415\" src=\"https:\/\/sisu.ut.ee\/wp-content\/uploads\/sites\/427\/kaavik9.jpg\" alt=\"\" class=\"wp-ima\"><\/a><\/figure><figure class=\"wp-block-image size-large\"><a href=\"https:\/\/sisu.ut.ee\/wp-content\/uploads\/sites\/427\/kaavik10.jpg\"><img decoding=\"async\" data-id=\"1416\" src=\"https:\/\/sisu.ut.ee\/wp-content\/uploads\/sites\/427\/kaavik10.jpg\" alt=\"\" class=\"wp-ima\"><\/a><\/figure><figure class=\"wp-block-image size-large\"><a href=\"https:\/\/sisu.ut.ee\/wp-content\/uploads\/sites\/427\/kaavik11.jpg\"><img decoding=\"async\" data-id=\"1417\" src=\"https:\/\/sisu.ut.ee\/wp-content\/uploads\/sites\/427\/kaavik11.jpg\" alt=\"\" class=\"wp-ima\"><\/a><\/figure><figure class=\"wp-block-image size-large\"><a href=\"https:\/\/sisu.ut.ee\/wp-content\/uploads\/sites\/427\/kaavik12.jpg\"><img decoding=\"async\" data-id=\"1418\" src=\"https:\/\/sisu.ut.ee\/wp-content\/uploads\/sites\/427\/kaavik12.jpg\" alt=\"\" class=\"wp-ima\"><\/a><\/figure><\/figure>","protected":false},"excerpt":{"rendered":"<p>Taksidermist Andres Lehestik n\u00e4itab kuidas topist(\u00f5igem on \u00f6elda \u2013 kaavikut) valmistatakse.<\/p>\n","protected":false},"author":88,"featured_media":0,"parent":0,"menu_order":0,"comment_status":"closed","ping_status":"closed","template":"","meta":{"_acf_changed":false,"inline_featured_image":false,"footnotes":""},"class_list":["post-69","page","type-page","status-publish","hentry"],"acf":[],"_links":{"self":[{"href":"https:\/\/sisu.ut.ee\/zrpildid\/wp-json\/wp\/v2\/pages\/69","targetHints":{"allow":["GET"]}}],"collection":[{"href":"https:\/\/sisu.ut.ee\/zrpildid\/wp-json\/wp\/v2\/pages"}],"about":[{"href":"https:\/\/sisu.ut.ee\/zrpildid\/wp-json\/wp\/v2\/types\/page"}],"author":[{"embeddable":true,"href":"https:\/\/sisu.ut.ee\/zrpildid\/wp-json\/wp\/v2\/users\/88"}],"replies":[{"embeddable":true,"href":"https:\/\/sisu.ut.ee\/zrpildid\/wp-json\/wp\/v2\/comments?post=69"}],"version-history":[{"count":2,"href":"https:\/\/sisu.ut.ee\/zrpildid\/wp-json\/wp\/v2\/pages\/69\/revisions"}],"predecessor-version":[{"id":4080,"href":"https:\/\/sisu.ut.ee\/zrpildid\/wp-json\/wp\/v2\/pages\/69\/revisions\/4080"}],"wp:attachment":[{"href":"https:\/\/sisu.ut.ee\/zrpildid\/wp-json\/wp\/v2\/media?parent=69"}],"curies":[{"name":"wp","href":"https:\/\/api.w.org\/{rel}","templated":true}]}}