{"id":63,"date":"2024-04-04T05:56:34","date_gmt":"2024-04-04T02:56:34","guid":{"rendered":"https:\/\/sisu.ut.ee\/zrpildid\/2009-2\/"},"modified":"2024-04-04T06:07:08","modified_gmt":"2024-04-04T03:07:08","slug":"2009-2","status":"publish","type":"page","link":"https:\/\/sisu.ut.ee\/zrpildid\/2009-2\/","title":{"rendered":"2009"},"content":{"rendered":"<p>\n\t<span style=\"font-size:16px\"><span style=\"font-family:Verdana,Geneva,sans-serif\"><a data-url=\"https:\/\/sisu.ut.ee\/zrpildid\/tallinn-28-11-2009\" href=\"https:\/\/sisu.ut.ee\/zrpildid\/tallinn-28-11-2009\" title=\"\">Tallinna Loomaaed ja Eesti loodusmuuseum\u00a028. november 2009<\/a><br><a data-url=\"https:\/\/sisu.ut.ee\/zrpildid\/elistvere-loomapark-14-10-2009\" href=\"https:\/\/sisu.ut.ee\/zrpildid\/elistvere-loomapark-14-10-2009\" title=\"\">Elistvere Loomapark 14. oktoober 2009<\/a><br><a data-url=\"https:\/\/sisu.ut.ee\/zrpildid\/vortsjarv-7-10-2009\" href=\"https:\/\/sisu.ut.ee\/zrpildid\/vortsjarv-7-10-2009\" title=\"\">S\u00f5it kalepurjekaga ja V\u00f5rtsj\u00e4rve muuseum 7. oktoober 2009<\/a><br><a data-url=\"https:\/\/sisu.ut.ee\/zrpildid\/emajoe-suursoo-6-10-2009\" href=\"https:\/\/sisu.ut.ee\/zrpildid\/emajoe-suursoo-6-10-2009\" title=\"\">Emaj\u00f5e Suursoo 6. oktoober 2009<\/a><br><a data-url=\"https:\/\/sisu.ut.ee\/zrpildid\/saaremaa-4-13-08-2009\" href=\"https:\/\/sisu.ut.ee\/zrpildid\/saaremaa-4-13-08-2009\" title=\"\">Saaremaa 4.-13. august 2009<\/a><br><a data-url=\"https:\/\/sisu.ut.ee\/zrpildid\/palupohja-27-31-07-2009\" href=\"https:\/\/sisu.ut.ee\/zrpildid\/palupohja-27-31-07-2009\" title=\"\">Palup\u00f5hja 27.-31. juuli 2009<\/a><br><a data-url=\"https:\/\/sisu.ut.ee\/zrpildid\/madsa-7-10-06-2009\" href=\"https:\/\/sisu.ut.ee\/zrpildid\/madsa-7-10-06-2009\" title=\"\">Madsa 7.-10. juuni 2009<\/a><br><a data-url=\"https:\/\/sisu.ut.ee\/zrpildid\/matsalu-8-9-05-2009\" href=\"https:\/\/sisu.ut.ee\/zrpildid\/matsalu-8-9-05-2009\" title=\"\">Matsalu 8.-9. mai 2009<\/a><br><a data-url=\"https:\/\/sisu.ut.ee\/zrpildid\/raja-talu-minizoo-17-04-2009\" href=\"https:\/\/sisu.ut.ee\/zrpildid\/raja-talu-minizoo-17-04-2009\" title=\"\">Raja k\u00e4\u00e4busloomade talu ja P\u00e4rnu Minizoo 17. aprill 2009<\/a><br><a data-url=\"https:\/\/sisu.ut.ee\/zrpildid\/palupohja-kirnal-19-22-02-2009\" href=\"https:\/\/sisu.ut.ee\/zrpildid\/palupohja-kirnal-19-22-02-2009\" title=\"\">Palup\u00f5hja ja Kirna 19.- 22. veebruar 2009<\/a><br><a data-url=\"https:\/\/sisu.ut.ee\/zrpildid\/kaariku-6-8-02-2009\" href=\"https:\/\/sisu.ut.ee\/zrpildid\/kaariku-6-8-02-2009\" title=\"\">K\u00e4\u00e4riku 6.-8. veebruar 2009<\/a><br><a data-url=\"https:\/\/sisu.ut.ee\/zrpildid\/palupohja-31-01-2009\" href=\"https:\/\/sisu.ut.ee\/zrpildid\/palupohja-31-01-2009\" title=\"\">Seli-Sillaotsa \u00f5pperada ja Palup\u00f5hja 31. jaanuar 2009<\/a><br><a data-url=\"https:\/\/sisu.ut.ee\/zrpildid\/palupohja-23-25-01-2009\" href=\"https:\/\/sisu.ut.ee\/zrpildid\/palupohja-23-25-01-2009\" title=\"\">Palup\u00f5hja 23.-25. jaanuar 2009<\/a><\/span><\/span>\n<\/p>\n<p>\n\t<img decoding=\"async\" alt=\"\" src=\"https:\/\/sisu.ut.ee\/wp-content\/uploads\/sites\/427\/ma-31.jpg\" style=\"width: 800px;height: 533px\"><\/p>\n","protected":false},"excerpt":{"rendered":"<p>Tallinna Loomaaed ja Eesti loodusmuuseum\u00a028. november 2009Elistvere Loomapark 14. oktoober 2009S\u00f5it kalepurjekaga ja V\u00f5rtsj\u00e4rve muuseum 7. oktoober 2009Emaj\u00f5e Suursoo 6. oktoober 2009Saaremaa 4.-13. august 2009Palup\u00f5hja 27.-31. juuli 2009Madsa 7.-10. juuni 2009Matsalu 8.-9. mai 2009Raja k\u00e4\u00e4busloomade talu ja P\u00e4rnu Minizoo 17. &#8230;<\/p>\n","protected":false},"author":88,"featured_media":0,"parent":0,"menu_order":0,"comment_status":"closed","ping_status":"closed","template":"","meta":{"_acf_changed":false,"inline_featured_image":false,"footnotes":""},"class_list":["post-63","page","type-page","status-publish","hentry"],"acf":[],"_links":{"self":[{"href":"https:\/\/sisu.ut.ee\/zrpildid\/wp-json\/wp\/v2\/pages\/63","targetHints":{"allow":["GET"]}}],"collection":[{"href":"https:\/\/sisu.ut.ee\/zrpildid\/wp-json\/wp\/v2\/pages"}],"about":[{"href":"https:\/\/sisu.ut.ee\/zrpildid\/wp-json\/wp\/v2\/types\/page"}],"author":[{"embeddable":true,"href":"https:\/\/sisu.ut.ee\/zrpildid\/wp-json\/wp\/v2\/users\/88"}],"replies":[{"embeddable":true,"href":"https:\/\/sisu.ut.ee\/zrpildid\/wp-json\/wp\/v2\/comments?post=63"}],"version-history":[{"count":1,"href":"https:\/\/sisu.ut.ee\/zrpildid\/wp-json\/wp\/v2\/pages\/63\/revisions"}],"predecessor-version":[{"id":3929,"href":"https:\/\/sisu.ut.ee\/zrpildid\/wp-json\/wp\/v2\/pages\/63\/revisions\/3929"}],"wp:attachment":[{"href":"https:\/\/sisu.ut.ee\/zrpildid\/wp-json\/wp\/v2\/media?parent=63"}],"curies":[{"name":"wp","href":"https:\/\/api.w.org\/{rel}","templated":true}]}}

<p>
	<span style="font-size:16px"><span style="font-family:Verdana,Geneva,sans-serif"><a data-url="https://sisu.ut.ee/zrpildid/tallinn-28-11-2009" href="https://sisu.ut.ee/zrpildid/tallinn-28-11-2009" title="">Tallinna Loomaaed ja Eesti loodusmuuseum 28. november 2009</a><br><a data-url="https://sisu.ut.ee/zrpildid/elistvere-loomapark-14-10-2009" href="https://sisu.ut.ee/zrpildid/elistvere-loomapark-14-10-2009" title="">Elistvere Loomapark 14. oktoober 2009</a><br><a data-url="https://sisu.ut.ee/zrpildid/vortsjarv-7-10-2009" href="https://sisu.ut.ee/zrpildid/vortsjarv-7-10-2009" title="">Sõit kalepurjekaga ja Võrtsjärve muuseum 7. oktoober 2009</a><br><a data-url="https://sisu.ut.ee/zrpildid/emajoe-suursoo-6-10-2009" href="https://sisu.ut.ee/zrpildid/emajoe-suursoo-6-10-2009" title="">Emajõe Suursoo 6. oktoober 2009</a><br><a data-url="https://sisu.ut.ee/zrpildid/saaremaa-4-13-08-2009" href="https://sisu.ut.ee/zrpildid/saaremaa-4-13-08-2009" title="">Saaremaa 4.-13. august 2009</a><br><a data-url="https://sisu.ut.ee/zrpildid/palupohja-27-31-07-2009" href="https://sisu.ut.ee/zrpildid/palupohja-27-31-07-2009" title="">Palupõhja 27.-31. juuli 2009</a><br><a data-url="https://sisu.ut.ee/zrpildid/madsa-7-10-06-2009" href="https://sisu.ut.ee/zrpildid/madsa-7-10-06-2009" title="">Madsa 7.-10. juuni 2009</a><br><a data-url="https://sisu.ut.ee/zrpildid/matsalu-8-9-05-2009" href="https://sisu.ut.ee/zrpildid/matsalu-8-9-05-2009" title="">Matsalu 8.-9. mai 2009</a><br><a data-url="https://sisu.ut.ee/zrpildid/raja-talu-minizoo-17-04-2009" href="https://sisu.ut.ee/zrpildid/raja-talu-minizoo-17-04-2009" title="">Raja kääbusloomade talu ja Pärnu Minizoo 17. aprill 2009</a><br><a data-url="https://sisu.ut.ee/zrpildid/palupohja-kirnal-19-22-02-2009" href="https://sisu.ut.ee/zrpildid/palupohja-kirnal-19-22-02-2009" title="">Palupõhja ja Kirna 19.- 22. veebruar 2009</a><br><a data-url="https://sisu.ut.ee/zrpildid/kaariku-6-8-02-2009" href="https://sisu.ut.ee/zrpildid/kaariku-6-8-02-2009" title="">Kääriku 6.-8. veebruar 2009</a><br><a data-url="https://sisu.ut.ee/zrpildid/palupohja-31-01-2009" href="https://sisu.ut.ee/zrpildid/palupohja-31-01-2009" title="">Seli-Sillaotsa õpperada ja Palupõhja 31. jaanuar 2009</a><br><a data-url="https://sisu.ut.ee/zrpildid/palupohja-23-25-01-2009" href="https://sisu.ut.ee/zrpildid/palupohja-23-25-01-2009" title="">Palupõhja 23.-25. jaanuar 2009</a></span></span>
</p>
<p>
	<img decoding="async" alt="" src="https://sisu.ut.ee/wp-content/uploads/sites/427/ma-31.jpg" style="width: 800px;height: 533px"></p>

<p>Tallinna Loomaaed ja Eesti loodusmuuseum 28. november 2009Elistvere Loomapark 14. oktoober 2009Sõit kalepurjekaga ja Võrtsjärve muuseum 7. oktoober 2009Emajõe Suursoo 6. oktoober 2009Saaremaa 4.-13. august 2009Palupõhja 27.-31. juuli 2009Madsa 7.-10. juuni 2009Matsalu 8.-9. mai 2009Raja kääbusloomade talu ja Pärnu Minizoo 17. &#8230;</p>
