{"id":59,"date":"2024-04-04T05:56:34","date_gmt":"2024-04-04T02:56:34","guid":{"rendered":"https:\/\/sisu.ut.ee\/zrpildid\/pahni-28-31-07-2008\/"},"modified":"2024-04-04T06:07:08","modified_gmt":"2024-04-04T03:07:08","slug":"pahni-28-31-07-2008","status":"publish","type":"page","link":"https:\/\/sisu.ut.ee\/zrpildid\/pahni-28-31-07-2008\/","title":{"rendered":"P\u00e4hni, Varstu vald, V\u00f5rumaa 28.-31. juuli 2008"},"content":{"rendered":"<p>\r\n\t<span style=\"font-family:Verdana,Geneva,sans-serif\">Zooloogiaringi \u00f5ppeekskursioon<\/span>\r\n<\/p>\r\n\r\n<p>\r\n\t<img decoding=\"async\" alt=\"\" src=\"https:\/\/sisu.ut.ee\/wp-content\/uploads\/sites\/427\/pa49.jpg\" style=\"width: 800px;height: 600px\">\r\n<\/p>\r\n<br><figure class=\"wp-block-gallery has-nested-images columns-3 is-cropped wp-block-gallery-1 is-layout-flex wp-block-gallery-is-layout-flex\"><figure class=\"wp-block-image size-large\"><a href=\"https:\/\/sisu.ut.ee\/wp-content\/uploads\/sites\/427\/pa01.jpg\"><img loading=\"lazy\" decoding=\"async\" width=\"800\" height=\"600\" data-id=\"1170\" src=\"https:\/\/sisu.ut.ee\/wp-content\/uploads\/sites\/427\/pa01.jpg\" alt=\"Ahven\" class=\"wp-image-1170\" srcset=\"https:\/\/sisu.ut.ee\/wp-content\/uploads\/sites\/427\/pa01.jpg 800w, https:\/\/sisu.ut.ee\/wp-content\/uploads\/sites\/427\/pa01-300x225.jpg 300w, https:\/\/sisu.ut.ee\/wp-content\/uploads\/sites\/427\/pa01-768x576.jpg 768w\" sizes=\"auto, (max-width: 800px) 100vw, 800px\"><\/a><figcaption class=\"wp-element-caption\">Ahven<\/figcaption><\/figure><figure class=\"wp-block-image size-large\"><a href=\"https:\/\/sisu.ut.ee\/wp-content\/uploads\/sites\/427\/pa02.jpg\"><img decoding=\"async\" data-id=\"1171\" src=\"https:\/\/sisu.ut.ee\/wp-content\/uploads\/sites\/427\/pa02.jpg\" alt=\"\" class=\"wp-ima\"><\/a><\/figure><figure class=\"wp-block-image size-large\"><a href=\"https:\/\/sisu.ut.ee\/wp-content\/uploads\/sites\/427\/pa03.jpg\"><img decoding=\"async\" data-id=\"1172\" src=\"https:\/\/sisu.ut.ee\/wp-content\/uploads\/sites\/427\/pa03.jpg\" alt=\"\" class=\"wp-ima\"><\/a><\/figure><figure class=\"wp-block-image size-large\"><a href=\"https:\/\/sisu.ut.ee\/wp-content\/uploads\/sites\/427\/pa04.jpg\"><img decoding=\"async\" data-id=\"1173\" src=\"https:\/\/sisu.ut.ee\/wp-content\/uploads\/sites\/427\/pa04.jpg\" alt=\"\" class=\"wp-ima\"><\/a><\/figure><figure class=\"wp-block-image size-large\"><a href=\"https:\/\/sisu.ut.ee\/wp-content\/uploads\/sites\/427\/pa05.jpg\"><img decoding=\"async\" data-id=\"1174\" src=\"https:\/\/sisu.ut.ee\/wp-content\/uploads\/sites\/427\/pa05.jpg\" alt=\"\" class=\"wp-ima\"><\/a><\/figure><figure class=\"wp-block-image size-large\"><a href=\"https:\/\/sisu.ut.ee\/wp-content\/uploads\/sites\/427\/pa06.jpg\"><img decoding=\"async\" data-id=\"1175\" src=\"https:\/\/sisu.ut.ee\/wp-content\/uploads\/sites\/427\/pa06.jpg\" alt=\"\" class=\"wp-ima\"><\/a><\/figure><figure class=\"wp-block-image size-large\"><a href=\"https:\/\/sisu.ut.ee\/wp-content\/uploads\/sites\/427\/pa07.jpg\"><img decoding=\"async\" data-id=\"1176\" src=\"https:\/\/sisu.ut.ee\/wp-content\/uploads\/sites\/427\/pa07.jpg\" alt=\"\" class=\"wp-ima\"><\/a><\/figure><figure class=\"wp-block-image size-large\"><a href=\"https:\/\/sisu.ut.ee\/wp-content\/uploads\/sites\/427\/pa08.jpg\"><img decoding=\"async\" data-id=\"1177\" src=\"https:\/\/sisu.ut.ee\/wp-content\/uploads\/sites\/427\/pa08.jpg\" alt=\"\" class=\"wp-ima\"><\/a><\/figure><figure class=\"wp-block-image size-large\"><a href=\"https:\/\/sisu.ut.ee\/wp-content\/uploads\/sites\/427\/pa09.jpg\"><img decoding=\"async\" data-id=\"1178\" src=\"https:\/\/sisu.ut.ee\/wp-content\/uploads\/sites\/427\/pa09.jpg\" alt=\"\" class=\"wp-ima\"><\/a><\/figure><figure class=\"wp-block-image size-large\"><a href=\"https:\/\/sisu.ut.ee\/wp-content\/uploads\/sites\/427\/pa10.jpg\"><img decoding=\"async\" data-id=\"1179\" src=\"https:\/\/sisu.ut.ee\/wp-content\/uploads\/sites\/427\/pa10.jpg\" alt=\"\" class=\"wp-ima\"><\/a><\/figure><figure class=\"wp-block-image size-large\"><a href=\"https:\/\/sisu.ut.ee\/wp-content\/uploads\/sites\/427\/pa11.jpg\"><img decoding=\"async\" data-id=\"1180\" src=\"https:\/\/sisu.ut.ee\/wp-content\/uploads\/sites\/427\/pa11.jpg\" alt=\"\" class=\"wp-ima\"><\/a><\/figure><figure class=\"wp-block-image size-large\"><a href=\"https:\/\/sisu.ut.ee\/wp-content\/uploads\/sites\/427\/pa12.jpg\"><img decoding=\"async\" data-id=\"1181\" src=\"https:\/\/sisu.ut.ee\/wp-content\/uploads\/sites\/427\/pa12.jpg\" alt=\"\" class=\"wp-ima\"><\/a><\/figure><figure class=\"wp-block-image size-large\"><a href=\"https:\/\/sisu.ut.ee\/wp-content\/uploads\/sites\/427\/pa13.jpg\"><img decoding=\"async\" data-id=\"1182\" src=\"https:\/\/sisu.ut.ee\/wp-content\/uploads\/sites\/427\/pa13.jpg\" alt=\"\" class=\"wp-ima\"><\/a><\/figure><figure class=\"wp-block-image size-large\"><a href=\"https:\/\/sisu.ut.ee\/wp-content\/uploads\/sites\/427\/pa14.jpg\"><img decoding=\"async\" data-id=\"1183\" src=\"https:\/\/sisu.ut.ee\/wp-content\/uploads\/sites\/427\/pa14.jpg\" alt=\"\" class=\"wp-ima\"><\/a><\/figure><figure class=\"wp-block-image size-large\"><a href=\"https:\/\/sisu.ut.ee\/wp-content\/uploads\/sites\/427\/pa16.jpg\"><img decoding=\"async\" data-id=\"1184\" src=\"https:\/\/sisu.ut.ee\/wp-content\/uploads\/sites\/427\/pa16.jpg\" alt=\"\" class=\"wp-ima\"><\/a><\/figure><figure class=\"wp-block-image size-large\"><a href=\"https:\/\/sisu.ut.ee\/wp-content\/uploads\/sites\/427\/pa15.jpg\"><img decoding=\"async\" data-id=\"1185\" src=\"https:\/\/sisu.ut.ee\/wp-content\/uploads\/sites\/427\/pa15.jpg\" alt=\"\" class=\"wp-ima\"><\/a><\/figure><figure class=\"wp-block-image size-large\"><a href=\"https:\/\/sisu.ut.ee\/wp-content\/uploads\/sites\/427\/pa17.jpg\"><img decoding=\"async\" data-id=\"1186\" src=\"https:\/\/sisu.ut.ee\/wp-content\/uploads\/sites\/427\/pa17.jpg\" alt=\"\" class=\"wp-ima\"><\/a><\/figure><figure class=\"wp-block-image size-large\"><a href=\"https:\/\/sisu.ut.ee\/wp-content\/uploads\/sites\/427\/pa18.jpg\"><img decoding=\"async\" data-id=\"1187\" src=\"https:\/\/sisu.ut.ee\/wp-content\/uploads\/sites\/427\/pa18.jpg\" alt=\"\" class=\"wp-ima\"><\/a><\/figure><figure class=\"wp-block-image size-large\"><a href=\"https:\/\/sisu.ut.ee\/wp-content\/uploads\/sites\/427\/pa19.jpg\"><img decoding=\"async\" data-id=\"1188\" src=\"https:\/\/sisu.ut.ee\/wp-content\/uploads\/sites\/427\/pa19.jpg\" alt=\"\" class=\"wp-ima\"><\/a><\/figure><figure class=\"wp-block-image size-large\"><a href=\"https:\/\/sisu.ut.ee\/wp-content\/uploads\/sites\/427\/pa20.jpg\"><img decoding=\"async\" data-id=\"1189\" src=\"https:\/\/sisu.ut.ee\/wp-content\/uploads\/sites\/427\/pa20.jpg\" alt=\"\" class=\"wp-ima\"><\/a><\/figure><figure class=\"wp-block-image size-large\"><a href=\"https:\/\/sisu.ut.ee\/wp-content\/uploads\/sites\/427\/pa21.jpg\"><img decoding=\"async\" data-id=\"1190\" src=\"https:\/\/sisu.ut.ee\/wp-content\/uploads\/sites\/427\/pa21.jpg\" alt=\"\" class=\"wp-ima\"><\/a><\/figure><figure class=\"wp-block-image size-large\"><a href=\"https:\/\/sisu.ut.ee\/wp-content\/uploads\/sites\/427\/pa22.jpg\"><img decoding=\"async\" data-id=\"1191\" src=\"https:\/\/sisu.ut.ee\/wp-content\/uploads\/sites\/427\/pa22.jpg\" alt=\"\" class=\"wp-ima\"><\/a><\/figure><figure class=\"wp-block-image size-large\"><a href=\"https:\/\/sisu.ut.ee\/wp-content\/uploads\/sites\/427\/pa23.jpg\"><img decoding=\"async\" data-id=\"1192\" src=\"https:\/\/sisu.ut.ee\/wp-content\/uploads\/sites\/427\/pa23.jpg\" alt=\"\" class=\"wp-ima\"><\/a><\/figure><figure class=\"wp-block-image size-large\"><a href=\"https:\/\/sisu.ut.ee\/wp-content\/uploads\/sites\/427\/pa24.jpg\"><img decoding=\"async\" data-id=\"1193\" src=\"https:\/\/sisu.ut.ee\/wp-content\/uploads\/sites\/427\/pa24.jpg\" alt=\"\" class=\"wp-ima\"><\/a><\/figure><figure class=\"wp-block-image size-large\"><a href=\"https:\/\/sisu.ut.ee\/wp-content\/uploads\/sites\/427\/pa25.jpg\"><img decoding=\"async\" data-id=\"1194\" src=\"https:\/\/sisu.ut.ee\/wp-content\/uploads\/sites\/427\/pa25.jpg\" alt=\"\" class=\"wp-ima\"><\/a><\/figure><figure class=\"wp-block-image size-large\"><a href=\"https:\/\/sisu.ut.ee\/wp-content\/uploads\/sites\/427\/pa26.jpg\"><img decoding=\"async\" data-id=\"1195\" src=\"https:\/\/sisu.ut.ee\/wp-content\/uploads\/sites\/427\/pa26.jpg\" alt=\"\" class=\"wp-ima\"><\/a><\/figure><figure class=\"wp-block-image size-large\"><a href=\"https:\/\/sisu.ut.ee\/wp-content\/uploads\/sites\/427\/pa27.jpg\"><img decoding=\"async\" data-id=\"1196\" src=\"https:\/\/sisu.ut.ee\/wp-content\/uploads\/sites\/427\/pa27.jpg\" alt=\"\" class=\"wp-ima\"><\/a><\/figure><figure class=\"wp-block-image size-large\"><a href=\"https:\/\/sisu.ut.ee\/wp-content\/uploads\/sites\/427\/pa28.jpg\"><img decoding=\"async\" data-id=\"1197\" src=\"https:\/\/sisu.ut.ee\/wp-content\/uploads\/sites\/427\/pa28.jpg\" alt=\"\" class=\"wp-ima\"><\/a><\/figure><figure class=\"wp-block-image size-large\"><a href=\"https:\/\/sisu.ut.ee\/wp-content\/uploads\/sites\/427\/pa29.jpg\"><img decoding=\"async\" data-id=\"1198\" src=\"https:\/\/sisu.ut.ee\/wp-content\/uploads\/sites\/427\/pa29.jpg\" alt=\"\" class=\"wp-ima\"><\/a><\/figure><figure class=\"wp-block-image size-large\"><a href=\"https:\/\/sisu.ut.ee\/wp-content\/uploads\/sites\/427\/pa30.jpg\"><img decoding=\"async\" data-id=\"1199\" src=\"https:\/\/sisu.ut.ee\/wp-content\/uploads\/sites\/427\/pa30.jpg\" alt=\"\" class=\"wp-ima\"><\/a><\/figure><figure class=\"wp-block-image size-large\"><a href=\"https:\/\/sisu.ut.ee\/wp-content\/uploads\/sites\/427\/pa31.jpg\"><img decoding=\"async\" data-id=\"1200\" src=\"https:\/\/sisu.ut.ee\/wp-content\/uploads\/sites\/427\/pa31.jpg\" alt=\"\" class=\"wp-ima\"><\/a><\/figure><figure class=\"wp-block-image size-large\"><a href=\"https:\/\/sisu.ut.ee\/wp-content\/uploads\/sites\/427\/pa32.jpg\"><img decoding=\"async\" data-id=\"1201\" src=\"https:\/\/sisu.ut.ee\/wp-content\/uploads\/sites\/427\/pa32.jpg\" alt=\"\" class=\"wp-ima\"><\/a><\/figure><figure class=\"wp-block-image size-large\"><a href=\"https:\/\/sisu.ut.ee\/wp-content\/uploads\/sites\/427\/pa33.jpg\"><img decoding=\"async\" data-id=\"1202\" src=\"https:\/\/sisu.ut.ee\/wp-content\/uploads\/sites\/427\/pa33.jpg\" alt=\"\" class=\"wp-ima\"><\/a><\/figure><figure class=\"wp-block-image size-large\"><a href=\"https:\/\/sisu.ut.ee\/wp-content\/uploads\/sites\/427\/pa34.jpg\"><img decoding=\"async\" data-id=\"1203\" src=\"https:\/\/sisu.ut.ee\/wp-content\/uploads\/sites\/427\/pa34.jpg\" alt=\"\" class=\"wp-ima\"><\/a><\/figure><figure class=\"wp-block-image size-large\"><a href=\"https:\/\/sisu.ut.ee\/wp-content\/uploads\/sites\/427\/pa35.jpg\"><img decoding=\"async\" data-id=\"1204\" src=\"https:\/\/sisu.ut.ee\/wp-content\/uploads\/sites\/427\/pa35.jpg\" alt=\"\" class=\"wp-ima\"><\/a><\/figure><figure class=\"wp-block-image size-large\"><a href=\"https:\/\/sisu.ut.ee\/wp-content\/uploads\/sites\/427\/pa36.jpg\"><img decoding=\"async\" data-id=\"1205\" src=\"https:\/\/sisu.ut.ee\/wp-content\/uploads\/sites\/427\/pa36.jpg\" alt=\"\" class=\"wp-ima\"><\/a><\/figure><figure class=\"wp-block-image size-large\"><a href=\"https:\/\/sisu.ut.ee\/wp-content\/uploads\/sites\/427\/pa37.jpg\"><img decoding=\"async\" data-id=\"1206\" src=\"https:\/\/sisu.ut.ee\/wp-content\/uploads\/sites\/427\/pa37.jpg\" alt=\"\" class=\"wp-ima\"><\/a><\/figure><figure class=\"wp-block-image size-large\"><a href=\"https:\/\/sisu.ut.ee\/wp-content\/uploads\/sites\/427\/pa38.jpg\"><img decoding=\"async\" data-id=\"1207\" src=\"https:\/\/sisu.ut.ee\/wp-content\/uploads\/sites\/427\/pa38.jpg\" alt=\"\" class=\"wp-ima\"><\/a><\/figure><figure class=\"wp-block-image size-large\"><a href=\"https:\/\/sisu.ut.ee\/wp-content\/uploads\/sites\/427\/pa39.jpg\"><img decoding=\"async\" data-id=\"1208\" src=\"https:\/\/sisu.ut.ee\/wp-content\/uploads\/sites\/427\/pa39.jpg\" alt=\"\" class=\"wp-ima\"><\/a><\/figure><figure class=\"wp-block-image size-large\"><a href=\"https:\/\/sisu.ut.ee\/wp-content\/uploads\/sites\/427\/pa40.jpg\"><img decoding=\"async\" data-id=\"1209\" src=\"https:\/\/sisu.ut.ee\/wp-content\/uploads\/sites\/427\/pa40.jpg\" alt=\"\" class=\"wp-ima\"><\/a><\/figure><figure class=\"wp-block-image size-large\"><a href=\"https:\/\/sisu.ut.ee\/wp-content\/uploads\/sites\/427\/pa41.jpg\"><img loading=\"lazy\" decoding=\"async\" width=\"800\" height=\"600\" data-id=\"1210\" src=\"https:\/\/sisu.ut.ee\/wp-content\/uploads\/sites\/427\/pa41.jpg\" alt=\"N\u00f5elhargid\" class=\"wp-image-1210\" srcset=\"https:\/\/sisu.ut.ee\/wp-content\/uploads\/sites\/427\/pa41.jpg 800w, https:\/\/sisu.ut.ee\/wp-content\/uploads\/sites\/427\/pa41-300x225.jpg 300w, https:\/\/sisu.ut.ee\/wp-content\/uploads\/sites\/427\/pa41-768x576.jpg 768w\" sizes=\"auto, (max-width: 800px) 100vw, 800px\"><\/a><figcaption class=\"wp-element-caption\">N\u00f5elhargid<\/figcaption><\/figure><figure class=\"wp-block-image size-large\"><a href=\"https:\/\/sisu.ut.ee\/wp-content\/uploads\/sites\/427\/pa42.jpg\"><img decoding=\"async\" data-id=\"1211\" src=\"https:\/\/sisu.ut.ee\/wp-content\/uploads\/sites\/427\/pa42.jpg\" alt=\"\" class=\"wp-ima\"><\/a><\/figure><figure class=\"wp-block-image size-large\"><a href=\"https:\/\/sisu.ut.ee\/wp-content\/uploads\/sites\/427\/pa43.jpg\"><img decoding=\"async\" data-id=\"1212\" src=\"https:\/\/sisu.ut.ee\/wp-content\/uploads\/sites\/427\/pa43.jpg\" alt=\"\" class=\"wp-ima\"><\/a><\/figure><figure class=\"wp-block-image size-large\"><a href=\"https:\/\/sisu.ut.ee\/wp-content\/uploads\/sites\/427\/pa44.jpg\"><img decoding=\"async\" data-id=\"1213\" src=\"https:\/\/sisu.ut.ee\/wp-content\/uploads\/sites\/427\/pa44.jpg\" alt=\"\" class=\"wp-ima\"><\/a><\/figure><figure class=\"wp-block-image size-large\"><a href=\"https:\/\/sisu.ut.ee\/wp-content\/uploads\/sites\/427\/pa45.jpg\"><img loading=\"lazy\" decoding=\"async\" width=\"800\" height=\"600\" data-id=\"1214\" src=\"https:\/\/sisu.ut.ee\/wp-content\/uploads\/sites\/427\/pa45.jpg\" alt=\"Madara-v\u00f6\u00f6tsuru r\u00f6\u00f6vik\" class=\"wp-image-1214\" srcset=\"https:\/\/sisu.ut.ee\/wp-content\/uploads\/sites\/427\/pa45.jpg 800w, https:\/\/sisu.ut.ee\/wp-content\/uploads\/sites\/427\/pa45-300x225.jpg 300w, https:\/\/sisu.ut.ee\/wp-content\/uploads\/sites\/427\/pa45-768x576.jpg 768w\" sizes=\"auto, (max-width: 800px) 100vw, 800px\"><\/a><figcaption class=\"wp-element-caption\">Madara-v\u00f6\u00f6tsuru r\u00f6\u00f6vik<\/figcaption><\/figure><figure class=\"wp-block-image size-large\"><a href=\"https:\/\/sisu.ut.ee\/wp-content\/uploads\/sites\/427\/pa46.jpg\"><img decoding=\"async\" data-id=\"1215\" src=\"https:\/\/sisu.ut.ee\/wp-content\/uploads\/sites\/427\/pa46.jpg\" alt=\"\" class=\"wp-ima\"><\/a><\/figure><figure class=\"wp-block-image size-large\"><a href=\"https:\/\/sisu.ut.ee\/wp-content\/uploads\/sites\/427\/pa47.jpg\"><img decoding=\"async\" data-id=\"1216\" src=\"https:\/\/sisu.ut.ee\/wp-content\/uploads\/sites\/427\/pa47.jpg\" alt=\"\" class=\"wp-ima\"><\/a><\/figure><figure class=\"wp-block-image size-large\"><a href=\"https:\/\/sisu.ut.ee\/wp-content\/uploads\/sites\/427\/pa48.jpg\"><img decoding=\"async\" data-id=\"1217\" src=\"https:\/\/sisu.ut.ee\/wp-content\/uploads\/sites\/427\/pa48.jpg\" alt=\"\" class=\"wp-ima\"><\/a><\/figure><figure class=\"wp-block-image size-large\"><a href=\"https:\/\/sisu.ut.ee\/wp-content\/uploads\/sites\/427\/pa49.jpg\"><img decoding=\"async\" data-id=\"1218\" src=\"https:\/\/sisu.ut.ee\/wp-content\/uploads\/sites\/427\/pa49.jpg\" alt=\"\" class=\"wp-ima\"><\/a><\/figure><figure class=\"wp-block-image size-large\"><a href=\"https:\/\/sisu.ut.ee\/wp-content\/uploads\/sites\/427\/pa50.jpg\"><img loading=\"lazy\" decoding=\"async\" width=\"800\" height=\"600\" data-id=\"1219\" src=\"https:\/\/sisu.ut.ee\/wp-content\/uploads\/sites\/427\/pa50.jpg\" alt=\"P\u00e4hni metsamuuseum\" class=\"wp-image-1219\" srcset=\"https:\/\/sisu.ut.ee\/wp-content\/uploads\/sites\/427\/pa50.jpg 800w, https:\/\/sisu.ut.ee\/wp-content\/uploads\/sites\/427\/pa50-300x225.jpg 300w, https:\/\/sisu.ut.ee\/wp-content\/uploads\/sites\/427\/pa50-768x576.jpg 768w\" sizes=\"auto, (max-width: 800px) 100vw, 800px\"><\/a><figcaption class=\"wp-element-caption\">P\u00e4hni metsamuuseum<\/figcaption><\/figure><figure class=\"wp-block-image size-large\"><a href=\"https:\/\/sisu.ut.ee\/wp-content\/uploads\/sites\/427\/pa51.jpg\"><img decoding=\"async\" data-id=\"1220\" src=\"https:\/\/sisu.ut.ee\/wp-content\/uploads\/sites\/427\/pa51.jpg\" alt=\"\" class=\"wp-ima\"><\/a><\/figure><figure class=\"wp-block-image size-large\"><a href=\"https:\/\/sisu.ut.ee\/wp-content\/uploads\/sites\/427\/pa52.jpg\"><img decoding=\"async\" data-id=\"1221\" src=\"https:\/\/sisu.ut.ee\/wp-content\/uploads\/sites\/427\/pa52.jpg\" alt=\"\" class=\"wp-ima\"><\/a><\/figure><figure class=\"wp-block-image size-large\"><a href=\"https:\/\/sisu.ut.ee\/wp-content\/uploads\/sites\/427\/pa53.jpg\"><img decoding=\"async\" data-id=\"1222\" src=\"https:\/\/sisu.ut.ee\/wp-content\/uploads\/sites\/427\/pa53.jpg\" alt=\"\" class=\"wp-ima\"><\/a><\/figure><figure class=\"wp-block-image size-large\"><a href=\"https:\/\/sisu.ut.ee\/wp-content\/uploads\/sites\/427\/pa54.jpg\"><img decoding=\"async\" data-id=\"1223\" src=\"https:\/\/sisu.ut.ee\/wp-content\/uploads\/sites\/427\/pa54.jpg\" alt=\"\" class=\"wp-ima\"><\/a><\/figure><figure class=\"wp-block-image size-large\"><a href=\"https:\/\/sisu.ut.ee\/wp-content\/uploads\/sites\/427\/pa55.jpg\"><img decoding=\"async\" data-id=\"1224\" src=\"https:\/\/sisu.ut.ee\/wp-content\/uploads\/sites\/427\/pa55.jpg\" alt=\"\" class=\"wp-ima\"><\/a><\/figure><figure class=\"wp-block-image size-large\"><a href=\"https:\/\/sisu.ut.ee\/wp-content\/uploads\/sites\/427\/pa56.jpg\"><img decoding=\"async\" data-id=\"1225\" src=\"https:\/\/sisu.ut.ee\/wp-content\/uploads\/sites\/427\/pa56.jpg\" alt=\"\" class=\"wp-ima\"><\/a><\/figure><\/figure>","protected":false},"excerpt":{"rendered":"<p>Zooloogiaringi \u00f5ppeekskursioon<\/p>\n","protected":false},"author":88,"featured_media":0,"parent":0,"menu_order":0,"comment_status":"closed","ping_status":"closed","template":"","meta":{"_acf_changed":false,"inline_featured_image":false,"footnotes":""},"class_list":["post-59","page","type-page","status-publish","hentry"],"acf":[],"_links":{"self":[{"href":"https:\/\/sisu.ut.ee\/zrpildid\/wp-json\/wp\/v2\/pages\/59","targetHints":{"allow":["GET"]}}],"collection":[{"href":"https:\/\/sisu.ut.ee\/zrpildid\/wp-json\/wp\/v2\/pages"}],"about":[{"href":"https:\/\/sisu.ut.ee\/zrpildid\/wp-json\/wp\/v2\/types\/page"}],"author":[{"embeddable":true,"href":"https:\/\/sisu.ut.ee\/zrpildid\/wp-json\/wp\/v2\/users\/88"}],"replies":[{"embeddable":true,"href":"https:\/\/sisu.ut.ee\/zrpildid\/wp-json\/wp\/v2\/comments?post=59"}],"version-history":[{"count":2,"href":"https:\/\/sisu.ut.ee\/zrpildid\/wp-json\/wp\/v2\/pages\/59\/revisions"}],"predecessor-version":[{"id":4087,"href":"https:\/\/sisu.ut.ee\/zrpildid\/wp-json\/wp\/v2\/pages\/59\/revisions\/4087"}],"wp:attachment":[{"href":"https:\/\/sisu.ut.ee\/zrpildid\/wp-json\/wp\/v2\/media?parent=59"}],"curies":[{"name":"wp","href":"https:\/\/api.w.org\/{rel}","templated":true}]}}