{"id":54,"date":"2024-04-04T05:56:34","date_gmt":"2024-04-04T02:56:34","guid":{"rendered":"https:\/\/sisu.ut.ee\/zrpildid\/pivarootsi-4-7-06-2011\/"},"modified":"2024-04-04T06:07:09","modified_gmt":"2024-04-04T03:07:09","slug":"pivarootsi-4-7-06-2011","status":"publish","type":"page","link":"https:\/\/sisu.ut.ee\/zrpildid\/pivarootsi-4-7-06-2011\/","title":{"rendered":"Pivarootsi \u00f5ppe- ja puhkekeskus  L\u00e4\u00e4nemaal 4.-7. juuni 2011"},"content":{"rendered":"<p>\r\n\t<span style=\"font-family:Verdana,Geneva,sans-serif\">Loodusmaja suvelaager<\/span>\r\n<\/p>\r\n\r\n<p>\r\n\t<img decoding=\"async\" alt=\"\" src=\"https:\/\/sisu.ut.ee\/wp-content\/uploads\/sites\/427\/pivar11-01.jpg\" style=\"width: 1000px;height: 667px\">\r\n<\/p>\r\n<br><figure class=\"wp-block-gallery has-nested-images columns-3 is-cropped wp-block-gallery-1 is-layout-flex wp-block-gallery-is-layout-flex\"><figure class=\"wp-block-image size-large\"><a href=\"https:\/\/sisu.ut.ee\/wp-content\/uploads\/sites\/427\/pivar11-00.jpg\"><img decoding=\"async\" data-id=\"1063\" src=\"https:\/\/sisu.ut.ee\/wp-content\/uploads\/sites\/427\/pivar11-00.jpg\" alt=\"\" class=\"wp-ima\"><\/a><\/figure><figure class=\"wp-block-image size-large\"><a href=\"https:\/\/sisu.ut.ee\/wp-content\/uploads\/sites\/427\/pivar11-01.jpg\"><img decoding=\"async\" data-id=\"1064\" src=\"https:\/\/sisu.ut.ee\/wp-content\/uploads\/sites\/427\/pivar11-01.jpg\" alt=\"\" class=\"wp-ima\"><\/a><\/figure><figure class=\"wp-block-image size-large\"><a href=\"https:\/\/sisu.ut.ee\/wp-content\/uploads\/sites\/427\/pivar11-02.jpg\"><img decoding=\"async\" data-id=\"1065\" src=\"https:\/\/sisu.ut.ee\/wp-content\/uploads\/sites\/427\/pivar11-02.jpg\" alt=\"\" class=\"wp-ima\"><\/a><\/figure><figure class=\"wp-block-image size-large\"><a href=\"https:\/\/sisu.ut.ee\/wp-content\/uploads\/sites\/427\/pivar11-03.jpg\"><img decoding=\"async\" data-id=\"1066\" src=\"https:\/\/sisu.ut.ee\/wp-content\/uploads\/sites\/427\/pivar11-03.jpg\" alt=\"\" class=\"wp-ima\"><\/a><\/figure><figure class=\"wp-block-image size-large\"><a href=\"https:\/\/sisu.ut.ee\/wp-content\/uploads\/sites\/427\/pivar11-04.jpg\"><img decoding=\"async\" data-id=\"1067\" src=\"https:\/\/sisu.ut.ee\/wp-content\/uploads\/sites\/427\/pivar11-04.jpg\" alt=\"\" class=\"wp-ima\"><\/a><\/figure><figure class=\"wp-block-image size-large\"><a href=\"https:\/\/sisu.ut.ee\/wp-content\/uploads\/sites\/427\/pivar11-05.jpg\"><img decoding=\"async\" data-id=\"1068\" src=\"https:\/\/sisu.ut.ee\/wp-content\/uploads\/sites\/427\/pivar11-05.jpg\" alt=\"\" class=\"wp-ima\"><\/a><\/figure><figure class=\"wp-block-image size-large\"><a href=\"https:\/\/sisu.ut.ee\/wp-content\/uploads\/sites\/427\/pivar11-06.jpg\"><img decoding=\"async\" data-id=\"1069\" src=\"https:\/\/sisu.ut.ee\/wp-content\/uploads\/sites\/427\/pivar11-06.jpg\" alt=\"\" class=\"wp-ima\"><\/a><\/figure><figure class=\"wp-block-image size-large\"><a href=\"https:\/\/sisu.ut.ee\/wp-content\/uploads\/sites\/427\/pivar11-07.jpg\"><img decoding=\"async\" data-id=\"1070\" src=\"https:\/\/sisu.ut.ee\/wp-content\/uploads\/sites\/427\/pivar11-07.jpg\" alt=\"\" class=\"wp-ima\"><\/a><\/figure><figure class=\"wp-block-image size-large\"><a href=\"https:\/\/sisu.ut.ee\/wp-content\/uploads\/sites\/427\/pivar11-08.jpg\"><img decoding=\"async\" data-id=\"1071\" src=\"https:\/\/sisu.ut.ee\/wp-content\/uploads\/sites\/427\/pivar11-08.jpg\" alt=\"\" class=\"wp-ima\"><\/a><\/figure><figure class=\"wp-block-image size-large\"><a href=\"https:\/\/sisu.ut.ee\/wp-content\/uploads\/sites\/427\/pivar11-09.jpg\"><img decoding=\"async\" data-id=\"1072\" src=\"https:\/\/sisu.ut.ee\/wp-content\/uploads\/sites\/427\/pivar11-09.jpg\" alt=\"\" class=\"wp-ima\"><\/a><\/figure><figure class=\"wp-block-image size-large\"><a href=\"https:\/\/sisu.ut.ee\/wp-content\/uploads\/sites\/427\/pivar11-10.jpg\"><img decoding=\"async\" data-id=\"1073\" src=\"https:\/\/sisu.ut.ee\/wp-content\/uploads\/sites\/427\/pivar11-10.jpg\" alt=\"\" class=\"wp-ima\"><\/a><\/figure><figure class=\"wp-block-image size-large\"><a href=\"https:\/\/sisu.ut.ee\/wp-content\/uploads\/sites\/427\/pivar11-11.jpg\"><img decoding=\"async\" data-id=\"1074\" src=\"https:\/\/sisu.ut.ee\/wp-content\/uploads\/sites\/427\/pivar11-11.jpg\" alt=\"\" class=\"wp-ima\"><\/a><\/figure><figure class=\"wp-block-image size-large\"><a href=\"https:\/\/sisu.ut.ee\/wp-content\/uploads\/sites\/427\/pivar11-12.jpg\"><img decoding=\"async\" data-id=\"1075\" src=\"https:\/\/sisu.ut.ee\/wp-content\/uploads\/sites\/427\/pivar11-12.jpg\" alt=\"\" class=\"wp-ima\"><\/a><\/figure><figure class=\"wp-block-image size-large\"><a href=\"https:\/\/sisu.ut.ee\/wp-content\/uploads\/sites\/427\/pivar11-13.jpg\"><img decoding=\"async\" data-id=\"1076\" src=\"https:\/\/sisu.ut.ee\/wp-content\/uploads\/sites\/427\/pivar11-13.jpg\" alt=\"\" class=\"wp-ima\"><\/a><\/figure><figure class=\"wp-block-image size-large\"><a href=\"https:\/\/sisu.ut.ee\/wp-content\/uploads\/sites\/427\/pivar11-14.jpg\"><img decoding=\"async\" data-id=\"1077\" src=\"https:\/\/sisu.ut.ee\/wp-content\/uploads\/sites\/427\/pivar11-14.jpg\" alt=\"\" class=\"wp-ima\"><\/a><\/figure><figure class=\"wp-block-image size-large\"><a href=\"https:\/\/sisu.ut.ee\/wp-content\/uploads\/sites\/427\/pivar11-15.jpg\"><img decoding=\"async\" data-id=\"1078\" src=\"https:\/\/sisu.ut.ee\/wp-content\/uploads\/sites\/427\/pivar11-15.jpg\" alt=\"\" class=\"wp-ima\"><\/a><\/figure><figure class=\"wp-block-image size-large\"><a href=\"https:\/\/sisu.ut.ee\/wp-content\/uploads\/sites\/427\/pivar11-16.jpg\"><img decoding=\"async\" data-id=\"1079\" src=\"https:\/\/sisu.ut.ee\/wp-content\/uploads\/sites\/427\/pivar11-16.jpg\" alt=\"\" class=\"wp-ima\"><\/a><\/figure><figure class=\"wp-block-image size-large\"><a href=\"https:\/\/sisu.ut.ee\/wp-content\/uploads\/sites\/427\/pivar11-17.jpg\"><img decoding=\"async\" data-id=\"1080\" src=\"https:\/\/sisu.ut.ee\/wp-content\/uploads\/sites\/427\/pivar11-17.jpg\" alt=\"\" class=\"wp-ima\"><\/a><\/figure><figure class=\"wp-block-image size-large\"><a href=\"https:\/\/sisu.ut.ee\/wp-content\/uploads\/sites\/427\/pivar11-18.jpg\"><img decoding=\"async\" data-id=\"1081\" src=\"https:\/\/sisu.ut.ee\/wp-content\/uploads\/sites\/427\/pivar11-18.jpg\" alt=\"\" class=\"wp-ima\"><\/a><\/figure><figure class=\"wp-block-image size-large\"><a href=\"https:\/\/sisu.ut.ee\/wp-content\/uploads\/sites\/427\/pivar11-19.jpg\"><img decoding=\"async\" data-id=\"1082\" src=\"https:\/\/sisu.ut.ee\/wp-content\/uploads\/sites\/427\/pivar11-19.jpg\" alt=\"\" class=\"wp-ima\"><\/a><\/figure><figure class=\"wp-block-image size-large\"><a href=\"https:\/\/sisu.ut.ee\/wp-content\/uploads\/sites\/427\/pivar11-20.jpg\"><img decoding=\"async\" data-id=\"1083\" src=\"https:\/\/sisu.ut.ee\/wp-content\/uploads\/sites\/427\/pivar11-20.jpg\" alt=\"\" class=\"wp-ima\"><\/a><\/figure><figure class=\"wp-block-image size-large\"><a href=\"https:\/\/sisu.ut.ee\/wp-content\/uploads\/sites\/427\/pivar11-21.jpg\"><img decoding=\"async\" data-id=\"1084\" src=\"https:\/\/sisu.ut.ee\/wp-content\/uploads\/sites\/427\/pivar11-21.jpg\" alt=\"\" class=\"wp-ima\"><\/a><\/figure><figure class=\"wp-block-image size-large\"><a href=\"https:\/\/sisu.ut.ee\/wp-content\/uploads\/sites\/427\/pivar11-22.jpg\"><img decoding=\"async\" data-id=\"1085\" src=\"https:\/\/sisu.ut.ee\/wp-content\/uploads\/sites\/427\/pivar11-22.jpg\" alt=\"\" class=\"wp-ima\"><\/a><\/figure><figure class=\"wp-block-image size-large\"><a href=\"https:\/\/sisu.ut.ee\/wp-content\/uploads\/sites\/427\/pivar11-23.jpg\"><img decoding=\"async\" data-id=\"1086\" src=\"https:\/\/sisu.ut.ee\/wp-content\/uploads\/sites\/427\/pivar11-23.jpg\" alt=\"\" class=\"wp-ima\"><\/a><\/figure><figure class=\"wp-block-image size-large\"><a href=\"https:\/\/sisu.ut.ee\/wp-content\/uploads\/sites\/427\/pivar11-24.jpg\"><img decoding=\"async\" data-id=\"1087\" src=\"https:\/\/sisu.ut.ee\/wp-content\/uploads\/sites\/427\/pivar11-24.jpg\" alt=\"\" class=\"wp-ima\"><\/a><\/figure><figure class=\"wp-block-image size-large\"><a href=\"https:\/\/sisu.ut.ee\/wp-content\/uploads\/sites\/427\/pivar11-25.jpg\"><img decoding=\"async\" data-id=\"1088\" src=\"https:\/\/sisu.ut.ee\/wp-content\/uploads\/sites\/427\/pivar11-25.jpg\" alt=\"\" class=\"wp-ima\"><\/a><\/figure><figure class=\"wp-block-image size-large\"><a href=\"https:\/\/sisu.ut.ee\/wp-content\/uploads\/sites\/427\/pivar11-26.jpg\"><img decoding=\"async\" data-id=\"1089\" src=\"https:\/\/sisu.ut.ee\/wp-content\/uploads\/sites\/427\/pivar11-26.jpg\" alt=\"\" class=\"wp-ima\"><\/a><\/figure><figure class=\"wp-block-image size-large\"><a href=\"https:\/\/sisu.ut.ee\/wp-content\/uploads\/sites\/427\/pivar11-27.jpg\"><img decoding=\"async\" data-id=\"1090\" src=\"https:\/\/sisu.ut.ee\/wp-content\/uploads\/sites\/427\/pivar11-27.jpg\" alt=\"\" class=\"wp-ima\"><\/a><\/figure><figure class=\"wp-block-image size-large\"><a href=\"https:\/\/sisu.ut.ee\/wp-content\/uploads\/sites\/427\/pivar11-28.jpg\"><img decoding=\"async\" data-id=\"1091\" src=\"https:\/\/sisu.ut.ee\/wp-content\/uploads\/sites\/427\/pivar11-28.jpg\" alt=\"\" class=\"wp-ima\"><\/a><\/figure><figure class=\"wp-block-image size-large\"><a href=\"https:\/\/sisu.ut.ee\/wp-content\/uploads\/sites\/427\/pivar11-29.jpg\"><img decoding=\"async\" data-id=\"1092\" src=\"https:\/\/sisu.ut.ee\/wp-content\/uploads\/sites\/427\/pivar11-29.jpg\" alt=\"\" class=\"wp-ima\"><\/a><\/figure><figure class=\"wp-block-image size-large\"><a href=\"https:\/\/sisu.ut.ee\/wp-content\/uploads\/sites\/427\/pivar11-30.jpg\"><img decoding=\"async\" data-id=\"1093\" src=\"https:\/\/sisu.ut.ee\/wp-content\/uploads\/sites\/427\/pivar11-30.jpg\" alt=\"\" class=\"wp-ima\"><\/a><\/figure><figure class=\"wp-block-image size-large\"><a href=\"https:\/\/sisu.ut.ee\/wp-content\/uploads\/sites\/427\/pivar11-31.jpg\"><img decoding=\"async\" data-id=\"1094\" src=\"https:\/\/sisu.ut.ee\/wp-content\/uploads\/sites\/427\/pivar11-31.jpg\" alt=\"\" class=\"wp-ima\"><\/a><\/figure><\/figure>","protected":false},"excerpt":{"rendered":"<p>Loodusmaja suvelaager<\/p>\n","protected":false},"author":88,"featured_media":0,"parent":0,"menu_order":0,"comment_status":"closed","ping_status":"closed","template":"","meta":{"_acf_changed":false,"inline_featured_image":false,"footnotes":""},"class_list":["post-54","page","type-page","status-publish","hentry"],"acf":[],"_links":{"self":[{"href":"https:\/\/sisu.ut.ee\/zrpildid\/wp-json\/wp\/v2\/pages\/54","targetHints":{"allow":["GET"]}}],"collection":[{"href":"https:\/\/sisu.ut.ee\/zrpildid\/wp-json\/wp\/v2\/pages"}],"about":[{"href":"https:\/\/sisu.ut.ee\/zrpildid\/wp-json\/wp\/v2\/types\/page"}],"author":[{"embeddable":true,"href":"https:\/\/sisu.ut.ee\/zrpildid\/wp-json\/wp\/v2\/users\/88"}],"replies":[{"embeddable":true,"href":"https:\/\/sisu.ut.ee\/zrpildid\/wp-json\/wp\/v2\/comments?post=54"}],"version-history":[{"count":2,"href":"https:\/\/sisu.ut.ee\/zrpildid\/wp-json\/wp\/v2\/pages\/54\/revisions"}],"predecessor-version":[{"id":4092,"href":"https:\/\/sisu.ut.ee\/zrpildid\/wp-json\/wp\/v2\/pages\/54\/revisions\/4092"}],"wp:attachment":[{"href":"https:\/\/sisu.ut.ee\/zrpildid\/wp-json\/wp\/v2\/media?parent=54"}],"curies":[{"name":"wp","href":"https:\/\/api.w.org\/{rel}","templated":true}]}}