{"id":19,"date":"2024-04-04T05:56:30","date_gmt":"2024-04-04T02:56:30","guid":{"rendered":"https:\/\/sisu.ut.ee\/zrpildid\/silma-21-23-09-2012\/"},"modified":"2024-04-18T18:58:18","modified_gmt":"2024-04-18T15:58:18","slug":"silma-21-23-09-2012","status":"publish","type":"page","link":"https:\/\/sisu.ut.ee\/zrpildid\/silma-21-23-09-2012\/","title":{"rendered":"Silma \u00f5pikoda, Saunja laht, Noarootsi poolsaar, P\u00f5\u00f5saspea neem, Matsalu p\u00f5hjakallas 21.-23. september 2012"},"content":{"rendered":"<p>\n\t<span style=\"font-family:Verdana,Geneva,sans-serif\">Zooloogiaringi \u00f5ppeekskursioonid<\/span>\n<\/p>\n<p>\n\t<img decoding=\"async\" alt=\"\" src=\"https:\/\/sisu.ut.ee\/wp-content\/uploads\/sites\/427\/silma-09-06.jpg\" style=\"width: 1000px;height: 667px\">\n<\/p>\n<p><\/p>\n\n\n<figure class=\"wp-block-gallery has-nested-images columns-3 is-cropped wp-block-gallery-1 is-layout-flex wp-block-gallery-is-layout-flex\">\n<figure class=\"wp-block-image size-large\"><a href=\"https:\/\/sisu.ut.ee\/wp-content\/uploads\/sites\/427\/silma-09-01.jpg\"><img decoding=\"async\" data-id=\"285\" src=\"https:\/\/sisu.ut.ee\/wp-content\/uploads\/sites\/427\/silma-09-01.jpg\" alt=\"\" class=\"wp-ima&gt;&lt;\/figcaption&gt;&lt;\/figure&gt;\n\n\n\n&lt;figure class=\" wp-block-image size-large><\/a><a href=\"https:\/\/sisu.ut.ee\/wp-content\/uploads\/sites\/427\/silma-09-02.jpg\"><img decoding=\"async\" data-id=\"286\" src=\"https:\/\/sisu.ut.ee\/wp-content\/uploads\/sites\/427\/silma-09-02.jpg\" alt=\"\" class=\"wp-ima&gt;&lt;\/figcaption&gt;&lt;\/figure&gt;\n\n\n\n&lt;figure class=\" wp-block-image size-large><\/a><a href=\"https:\/\/sisu.ut.ee\/wp-content\/uploads\/sites\/427\/silma-09-03.jpg\"><img decoding=\"async\" data-id=\"287\" src=\"https:\/\/sisu.ut.ee\/wp-content\/uploads\/sites\/427\/silma-09-03.jpg\" alt=\"\" class=\"wp-ima&gt;&lt;\/figcaption&gt;&lt;\/figure&gt;\n\n\n\n&lt;figure class=\" wp-block-image size-large><\/a><a href=\"https:\/\/sisu.ut.ee\/wp-content\/uploads\/sites\/427\/silma-09-04.jpg\"><img decoding=\"async\" data-id=\"288\" src=\"https:\/\/sisu.ut.ee\/wp-content\/uploads\/sites\/427\/silma-09-04.jpg\" alt=\"\" class=\"wp-ima&gt;&lt;\/figcaption&gt;&lt;\/figure&gt;\n\n\n\n&lt;figure class=\" wp-block-image size-large><\/a><a href=\"https:\/\/sisu.ut.ee\/wp-content\/uploads\/sites\/427\/silma-09-05.jpg\"><img decoding=\"async\" data-id=\"289\" src=\"https:\/\/sisu.ut.ee\/wp-content\/uploads\/sites\/427\/silma-09-05.jpg\" alt=\"\" class=\"wp-ima&gt;&lt;\/figcaption&gt;&lt;\/figure&gt;\n\n\n\n&lt;figure class=\" wp-block-image size-large><\/a><a href=\"https:\/\/sisu.ut.ee\/wp-content\/uploads\/sites\/427\/silma-09-06.jpg\"><img decoding=\"async\" data-id=\"290\" src=\"https:\/\/sisu.ut.ee\/wp-content\/uploads\/sites\/427\/silma-09-06.jpg\" alt=\"\" class=\"wp-ima&gt;&lt;\/figcaption&gt;&lt;\/figure&gt;\n\n\n\n&lt;figure class=\" wp-block-image size-large><\/a><a href=\"https:\/\/sisu.ut.ee\/wp-content\/uploads\/sites\/427\/silma-09-07.jpg\"><img decoding=\"async\" data-id=\"291\" src=\"https:\/\/sisu.ut.ee\/wp-content\/uploads\/sites\/427\/silma-09-07.jpg\" alt=\"\" class=\"wp-ima&gt;&lt;\/figcaption&gt;&lt;\/figure&gt;\n\n\n\n&lt;figure class=\" wp-block-image size-large><\/a><a href=\"https:\/\/sisu.ut.ee\/wp-content\/uploads\/sites\/427\/silma-09-08.jpg\"><img decoding=\"async\" data-id=\"292\" src=\"https:\/\/sisu.ut.ee\/wp-content\/uploads\/sites\/427\/silma-09-08.jpg\" alt=\"\" class=\"wp-ima&gt;&lt;\/figcaption&gt;&lt;\/figure&gt;\n\n\n\n&lt;figure class=\" wp-block-image size-large><\/a><a href=\"https:\/\/sisu.ut.ee\/wp-content\/uploads\/sites\/427\/silma-09-09.jpg\"><img decoding=\"async\" data-id=\"293\" src=\"https:\/\/sisu.ut.ee\/wp-content\/uploads\/sites\/427\/silma-09-09.jpg\" alt=\"\" class=\"wp-ima&gt;&lt;\/figcaption&gt;&lt;\/figure&gt;\n\n\n\n&lt;figure class=\" wp-block-image size-large><\/a><a href=\"https:\/\/sisu.ut.ee\/wp-content\/uploads\/sites\/427\/silma-09-10.jpg\"><img decoding=\"async\" data-id=\"294\" src=\"https:\/\/sisu.ut.ee\/wp-content\/uploads\/sites\/427\/silma-09-10.jpg\" alt=\"\" class=\"wp-ima&gt;&lt;\/figcaption&gt;&lt;\/figure&gt;\n\n\n\n&lt;figure class=\" wp-block-image size-large><\/a><a href=\"https:\/\/sisu.ut.ee\/wp-content\/uploads\/sites\/427\/silma-09-11.jpg\"><img decoding=\"async\" data-id=\"295\" src=\"https:\/\/sisu.ut.ee\/wp-content\/uploads\/sites\/427\/silma-09-11.jpg\" alt=\"\" class=\"wp-ima&gt;&lt;\/figcaption&gt;&lt;\/figure&gt;\n\n\n\n&lt;figure class=\" wp-block-image size-large><\/a><a href=\"https:\/\/sisu.ut.ee\/wp-content\/uploads\/sites\/427\/silma-09-12.jpg\"><img decoding=\"async\" data-id=\"296\" src=\"https:\/\/sisu.ut.ee\/wp-content\/uploads\/sites\/427\/silma-09-12.jpg\" alt=\"\" class=\"wp-ima&gt;&lt;\/figcaption&gt;&lt;\/figure&gt;\n\n\n\n&lt;figure class=\" wp-block-image size-large><\/a><a href=\"https:\/\/sisu.ut.ee\/wp-content\/uploads\/sites\/427\/silma-09-13.jpg\"><img decoding=\"async\" data-id=\"297\" src=\"https:\/\/sisu.ut.ee\/wp-content\/uploads\/sites\/427\/silma-09-13.jpg\" alt=\"\" class=\"wp-ima&gt;&lt;\/figcaption&gt;&lt;\/figure&gt;\n\n\n\n&lt;figure class=\" wp-block-image size-large><\/a><a href=\"https:\/\/sisu.ut.ee\/wp-content\/uploads\/sites\/427\/silma-09-14.jpg\"><img decoding=\"async\" data-id=\"298\" src=\"https:\/\/sisu.ut.ee\/wp-content\/uploads\/sites\/427\/silma-09-14.jpg\" alt=\"\" class=\"wp-ima&gt;&lt;\/figcaption&gt;&lt;\/figure&gt;\n\n\n\n&lt;figure class=\" wp-block-image size-large><\/a><a href=\"https:\/\/sisu.ut.ee\/wp-content\/uploads\/sites\/427\/silma-09-15.jpg\"><img decoding=\"async\" data-id=\"299\" src=\"https:\/\/sisu.ut.ee\/wp-content\/uploads\/sites\/427\/silma-09-15.jpg\" alt=\"\" class=\"wp-ima&gt;&lt;\/figcaption&gt;&lt;\/figure&gt;\n\n\n\n&lt;figure class=\" wp-block-image size-large><\/a><a href=\"https:\/\/sisu.ut.ee\/wp-content\/uploads\/sites\/427\/silma-09-16.jpg\"><img decoding=\"async\" data-id=\"300\" src=\"https:\/\/sisu.ut.ee\/wp-content\/uploads\/sites\/427\/silma-09-16.jpg\" alt=\"\" class=\"wp-ima&gt;&lt;\/figcaption&gt;&lt;\/figure&gt;\n\n\n\n&lt;figure class=\" wp-block-image size-large><\/a><a href=\"https:\/\/sisu.ut.ee\/wp-content\/uploads\/sites\/427\/silma-09-17.jpg\"><img decoding=\"async\" data-id=\"301\" src=\"https:\/\/sisu.ut.ee\/wp-content\/uploads\/sites\/427\/silma-09-17.jpg\" alt=\"\" class=\"wp-ima&gt;&lt;\/figcaption&gt;&lt;\/figure&gt;\n\n\n\n&lt;figure class=\" wp-block-image size-large><\/a><a href=\"https:\/\/sisu.ut.ee\/wp-content\/uploads\/sites\/427\/silma-09-18.jpg\"><img decoding=\"async\" data-id=\"302\" src=\"https:\/\/sisu.ut.ee\/wp-content\/uploads\/sites\/427\/silma-09-18.jpg\" alt=\"\" class=\"wp-ima&gt;&lt;\/figcaption&gt;&lt;\/figure&gt;\n\n\n\n&lt;figure class=\" wp-block-image size-large><\/a><a href=\"https:\/\/sisu.ut.ee\/wp-content\/uploads\/sites\/427\/silma-09-19.jpg\"><img decoding=\"async\" data-id=\"303\" src=\"https:\/\/sisu.ut.ee\/wp-content\/uploads\/sites\/427\/silma-09-19.jpg\" alt=\"\" class=\"wp-ima&gt;&lt;\/figcaption&gt;&lt;\/figure&gt;\n\n\n\n&lt;figure class=\" wp-block-image size-large><\/a><a href=\"https:\/\/sisu.ut.ee\/wp-content\/uploads\/sites\/427\/silma-09-20.jpg\"><img decoding=\"async\" data-id=\"304\" src=\"https:\/\/sisu.ut.ee\/wp-content\/uploads\/sites\/427\/silma-09-20.jpg\" alt=\"\" class=\"wp-ima&gt;&lt;\/figcaption&gt;&lt;\/figure&gt;\n\n\n\n&lt;figure class=\" wp-block-image size-large><\/a><a href=\"https:\/\/sisu.ut.ee\/wp-content\/uploads\/sites\/427\/silma-09-21.jpg\"><img decoding=\"async\" data-id=\"305\" src=\"https:\/\/sisu.ut.ee\/wp-content\/uploads\/sites\/427\/silma-09-21.jpg\" alt=\"\" class=\"wp-ima&gt;&lt;\/figcaption&gt;&lt;\/figure&gt;\n\n\n\n&lt;figure class=\" wp-block-image size-large><\/a><a href=\"https:\/\/sisu.ut.ee\/wp-content\/uploads\/sites\/427\/silma-09-22.jpg\"><img decoding=\"async\" data-id=\"306\" src=\"https:\/\/sisu.ut.ee\/wp-content\/uploads\/sites\/427\/silma-09-22.jpg\" alt=\"\" class=\"wp-ima&gt;&lt;\/figcaption&gt;&lt;\/figure&gt;\n\n\n\n&lt;figure class=\" wp-block-image size-large><\/a><a href=\"https:\/\/sisu.ut.ee\/wp-content\/uploads\/sites\/427\/silma-09-23.jpg\"><img decoding=\"async\" data-id=\"307\" src=\"https:\/\/sisu.ut.ee\/wp-content\/uploads\/sites\/427\/silma-09-23.jpg\" alt=\"\" class=\"wp-ima&gt;&lt;\/figcaption&gt;&lt;\/figure&gt;\n\n\n\n&lt;figure class=\" wp-block-image size-large><\/a><a href=\"https:\/\/sisu.ut.ee\/wp-content\/uploads\/sites\/427\/silma-09-24.jpg\"><img decoding=\"async\" data-id=\"308\" src=\"https:\/\/sisu.ut.ee\/wp-content\/uploads\/sites\/427\/silma-09-24.jpg\" alt=\"\" class=\"wp-ima&gt;&lt;\/figcaption&gt;&lt;\/figure&gt;\n\n\n\n&lt;figure class=\" wp-block-image size-large><\/a><a href=\"https:\/\/sisu.ut.ee\/wp-content\/uploads\/sites\/427\/silma-09-25.jpg\"><img decoding=\"async\" data-id=\"309\" src=\"https:\/\/sisu.ut.ee\/wp-content\/uploads\/sites\/427\/silma-09-25.jpg\" alt=\"\" class=\"wp-ima&gt;&lt;\/figcaption&gt;&lt;\/figure&gt;\n\n\n\n&lt;figure class=\" wp-block-image size-large><\/a><a href=\"https:\/\/sisu.ut.ee\/wp-content\/uploads\/sites\/427\/silma-09-26.jpg\"><img decoding=\"async\" data-id=\"310\" src=\"https:\/\/sisu.ut.ee\/wp-content\/uploads\/sites\/427\/silma-09-26.jpg\" alt=\"\" class=\"wp-ima&gt;&lt;\/figcaption&gt;&lt;\/figure&gt;\n\n\n\n&lt;figure class=\" wp-block-image size-large><\/a><a href=\"https:\/\/sisu.ut.ee\/wp-content\/uploads\/sites\/427\/silma-09-27.jpg\"><img decoding=\"async\" data-id=\"311\" src=\"https:\/\/sisu.ut.ee\/wp-content\/uploads\/sites\/427\/silma-09-27.jpg\" alt=\"\" class=\"wp-ima&gt;&lt;\/figcaption&gt;&lt;\/figure&gt;\n\n\n\n&lt;figure class=\" wp-block-image size-large><\/a><a href=\"https:\/\/sisu.ut.ee\/wp-content\/uploads\/sites\/427\/silma-09-28.jpg\"><img decoding=\"async\" data-id=\"312\" src=\"https:\/\/sisu.ut.ee\/wp-content\/uploads\/sites\/427\/silma-09-28.jpg\" alt=\"\" class=\"wp-ima&gt;&lt;\/figcaption&gt;&lt;\/figure&gt;\n\n\n\n&lt;figure class=\" wp-block-image size-large><\/a><a href=\"https:\/\/sisu.ut.ee\/wp-content\/uploads\/sites\/427\/silma-09-29.jpg\"><img decoding=\"async\" data-id=\"313\" src=\"https:\/\/sisu.ut.ee\/wp-content\/uploads\/sites\/427\/silma-09-29.jpg\" alt=\"\" class=\"wp-ima&gt;&lt;\/figcaption&gt;&lt;\/figure&gt;\n\n\n\n&lt;figure class=\" wp-block-image size-large><\/a><a href=\"https:\/\/sisu.ut.ee\/wp-content\/uploads\/sites\/427\/silma-09-30.jpg\"><img decoding=\"async\" data-id=\"314\" src=\"https:\/\/sisu.ut.ee\/wp-content\/uploads\/sites\/427\/silma-09-30.jpg\" alt=\"\" class=\"wp-ima&gt;&lt;\/figcaption&gt;&lt;\/figure&gt;\n\n\n\n&lt;figure class=\" wp-block-image size-large><\/a><a href=\"https:\/\/sisu.ut.ee\/wp-content\/uploads\/sites\/427\/silma-09-31.jpg\"><img decoding=\"async\" data-id=\"315\" src=\"https:\/\/sisu.ut.ee\/wp-content\/uploads\/sites\/427\/silma-09-31.jpg\" alt=\"\" class=\"wp-ima&gt;&lt;\/figcaption&gt;&lt;\/figure&gt;\n\n\n\n&lt;figure class=\" wp-block-image size-large><\/a><a href=\"https:\/\/sisu.ut.ee\/wp-content\/uploads\/sites\/427\/silma-09-32.jpg\"><img decoding=\"async\" data-id=\"316\" src=\"https:\/\/sisu.ut.ee\/wp-content\/uploads\/sites\/427\/silma-09-32.jpg\" alt=\"\" class=\"wp-ima&gt;&lt;\/figcaption&gt;&lt;\/figure&gt;\n\n\n\n&lt;figure class=\" wp-block-image size-large><\/a><a href=\"https:\/\/sisu.ut.ee\/wp-content\/uploads\/sites\/427\/silma-09-33.jpg\"><img loading=\"lazy\" decoding=\"async\" width=\"1000\" height=\"667\" data-id=\"317\" src=\"https:\/\/sisu.ut.ee\/wp-content\/uploads\/sites\/427\/silma-09-33.jpg\" alt=\"\" class=\"wp-image-317\" srcset=\"https:\/\/sisu.ut.ee\/wp-content\/uploads\/sites\/427\/silma-09-33.jpg 1000w, https:\/\/sisu.ut.ee\/wp-content\/uploads\/sites\/427\/silma-09-33-300x200.jpg 300w, https:\/\/sisu.ut.ee\/wp-content\/uploads\/sites\/427\/silma-09-33-768x512.jpg 768w\" sizes=\"auto, (max-width: 1000px) 100vw, 1000px\"><\/a><\/figure>\n\n\n\n<figure class=\"wp-block-image size-large\"><a href=\"https:\/\/sisu.ut.ee\/wp-content\/uploads\/sites\/427\/silma-09-34.jpg\"><img loading=\"lazy\" decoding=\"async\" width=\"1000\" height=\"667\" data-id=\"318\" src=\"https:\/\/sisu.ut.ee\/wp-content\/uploads\/sites\/427\/silma-09-34.jpg\" alt=\"pahk kibuvitsal - harilik kibuvitsapahklane (Diplolepis rosae)\" class=\"wp-image-318\" srcset=\"https:\/\/sisu.ut.ee\/wp-content\/uploads\/sites\/427\/silma-09-34.jpg 1000w, https:\/\/sisu.ut.ee\/wp-content\/uploads\/sites\/427\/silma-09-34-300x200.jpg 300w, https:\/\/sisu.ut.ee\/wp-content\/uploads\/sites\/427\/silma-09-34-768x512.jpg 768w\" sizes=\"auto, (max-width: 1000px) 100vw, 1000px\"><\/a><figcaption class=\"wp-element-caption\">pahk kibuvitsal \u2013 harilik kibuvitsapahklane (Diplolepis rosae)<\/figcaption><\/figure>\n<\/figure>\n","protected":false},"excerpt":{"rendered":"<p>Zooloogiaringi \u00f5ppeekskursioonid<\/p>\n","protected":false},"author":88,"featured_media":0,"parent":0,"menu_order":0,"comment_status":"closed","ping_status":"closed","template":"","meta":{"_acf_changed":false,"inline_featured_image":false,"footnotes":""},"class_list":["post-19","page","type-page","status-publish","hentry"],"acf":[],"_links":{"self":[{"href":"https:\/\/sisu.ut.ee\/zrpildid\/wp-json\/wp\/v2\/pages\/19","targetHints":{"allow":["GET"]}}],"collection":[{"href":"https:\/\/sisu.ut.ee\/zrpildid\/wp-json\/wp\/v2\/pages"}],"about":[{"href":"https:\/\/sisu.ut.ee\/zrpildid\/wp-json\/wp\/v2\/types\/page"}],"author":[{"embeddable":true,"href":"https:\/\/sisu.ut.ee\/zrpildid\/wp-json\/wp\/v2\/users\/88"}],"replies":[{"embeddable":true,"href":"https:\/\/sisu.ut.ee\/zrpildid\/wp-json\/wp\/v2\/comments?post=19"}],"version-history":[{"count":3,"href":"https:\/\/sisu.ut.ee\/zrpildid\/wp-json\/wp\/v2\/pages\/19\/revisions"}],"predecessor-version":[{"id":4214,"href":"https:\/\/sisu.ut.ee\/zrpildid\/wp-json\/wp\/v2\/pages\/19\/revisions\/4214"}],"wp:attachment":[{"href":"https:\/\/sisu.ut.ee\/zrpildid\/wp-json\/wp\/v2\/media?parent=19"}],"curies":[{"name":"wp","href":"https:\/\/api.w.org\/{rel}","templated":true}]}}