{"id":17,"date":"2024-04-04T05:56:30","date_gmt":"2024-04-04T02:56:30","guid":{"rendered":"https:\/\/sisu.ut.ee\/zrpildid\/2012-2\/"},"modified":"2024-04-04T06:07:10","modified_gmt":"2024-04-04T03:07:10","slug":"2012-2","status":"publish","type":"page","link":"https:\/\/sisu.ut.ee\/zrpildid\/2012-2\/","title":{"rendered":"2012"},"content":{"rendered":"<p>\n\t<span style=\"font-size:16px\"><span style=\"font-family:Verdana,Geneva,sans-serif\"><a data-url=\"https:\/\/sisu.ut.ee\/zrpildid\/elistvere-11-2012\" href=\"https:\/\/sisu.ut.ee\/zrpildid\/elistvere-11-2012\" title=\"\">Elistvere Loomapark 17. ja 24. november\u00a02012<\/a><br><a data-url=\"https:\/\/sisu.ut.ee\/zrpildid\/silma-21-23-09-2012\" href=\"https:\/\/sisu.ut.ee\/zrpildid\/silma-21-23-09-2012\" title=\"\">Silma \u00f5pikoda 21.-23. september 2012<\/a><br><a data-url=\"https:\/\/sisu.ut.ee\/zrpildid\/aegna-7-9-09-2012\" href=\"https:\/\/sisu.ut.ee\/zrpildid\/aegna-7-9-09-2012\" title=\"\">Aegna 7.-9. september 2012<\/a><\/span><\/span><br><span style=\"font-size:16px\"><span style=\"font-family:Verdana,Geneva,sans-serif\"><a data-url=\"https:\/\/sisu.ut.ee\/zrpildid\/kirna-palupohja-21-25-08-2012\" href=\"https:\/\/sisu.ut.ee\/zrpildid\/kirna-palupohja-21-25-08-2012\" title=\"\">Kirna ja Palup\u00f5hja 21.-25. august 2012<\/a><br><a data-url=\"https:\/\/sisu.ut.ee\/zrpildid\/luua-24-28-07-2012\" href=\"https:\/\/sisu.ut.ee\/zrpildid\/luua-24-28-07-2012\" title=\"\">Luua ja Vooremaa 24.-28. juuli 2012<\/a><br><a data-url=\"https:\/\/sisu.ut.ee\/zrpildid\/silma-27-28-04-2012\" href=\"https:\/\/sisu.ut.ee\/zrpildid\/silma-27-28-04-2012\" title=\"\">Silma \u00f5pikoda 27.-28. aprill 2012<\/a><br><a data-url=\"https:\/\/sisu.ut.ee\/zrpildid\/taevaskoja-31-03-01-04-2012\" href=\"https:\/\/sisu.ut.ee\/zrpildid\/taevaskoja-31-03-01-04-2012\" title=\"\">Taevaskoja 31. m\u00e4rts \u2013 01. aprill 2012<\/a><br><a data-url=\"https:\/\/sisu.ut.ee\/zrpildid\/kirna-19-20-03-2012\" href=\"https:\/\/sisu.ut.ee\/zrpildid\/kirna-19-20-03-2012\" title=\"\">Kirna 19.-20. m\u00e4rts 2012<\/a><br><a data-url=\"https:\/\/sisu.ut.ee\/zrpildid\/palupohja-9-11-03-2012\" href=\"https:\/\/sisu.ut.ee\/zrpildid\/palupohja-9-11-03-2012\" title=\"\">Palup\u00f5hja 9.-11. m\u00e4rts 2012<\/a><br><a data-url=\"https:\/\/sisu.ut.ee\/zrpildid\/palupohja-24-26-02-2012\" href=\"https:\/\/sisu.ut.ee\/zrpildid\/palupohja-24-26-02-2012\" title=\"\">Palup\u00f5hja 24.-26. veebruar 2012<\/a><\/span><\/span>\n<\/p>\n<p>\n\t<span style=\"font-size:16px\"><span style=\"font-family:Verdana,Geneva,sans-serif\"><img decoding=\"async\" alt=\"\" src=\"https:\/\/sisu.ut.ee\/wp-content\/uploads\/sites\/427\/aegn_912_22.jpg\" style=\"width: 1000px;height: 667px\"><\/span><\/span><\/p>\n","protected":false},"excerpt":{"rendered":"<p>Elistvere Loomapark 17. ja 24. november\u00a02012Silma \u00f5pikoda 21.-23. september 2012Aegna 7.-9. september 2012Kirna ja Palup\u00f5hja 21.-25. august 2012Luua ja Vooremaa 24.-28. juuli 2012Silma \u00f5pikoda 27.-28. aprill 2012Taevaskoja 31. m\u00e4rts \u2013 01. aprill 2012Kirna 19.-20. m\u00e4rts 2012Palup\u00f5hja 9.-11. m\u00e4rts 2012Palup\u00f5hja 24.-26. &#8230;<\/p>\n","protected":false},"author":88,"featured_media":0,"parent":0,"menu_order":0,"comment_status":"closed","ping_status":"closed","template":"","meta":{"_acf_changed":false,"inline_featured_image":false,"footnotes":""},"class_list":["post-17","page","type-page","status-publish","hentry"],"acf":[],"_links":{"self":[{"href":"https:\/\/sisu.ut.ee\/zrpildid\/wp-json\/wp\/v2\/pages\/17","targetHints":{"allow":["GET"]}}],"collection":[{"href":"https:\/\/sisu.ut.ee\/zrpildid\/wp-json\/wp\/v2\/pages"}],"about":[{"href":"https:\/\/sisu.ut.ee\/zrpildid\/wp-json\/wp\/v2\/types\/page"}],"author":[{"embeddable":true,"href":"https:\/\/sisu.ut.ee\/zrpildid\/wp-json\/wp\/v2\/users\/88"}],"replies":[{"embeddable":true,"href":"https:\/\/sisu.ut.ee\/zrpildid\/wp-json\/wp\/v2\/comments?post=17"}],"version-history":[{"count":1,"href":"https:\/\/sisu.ut.ee\/zrpildid\/wp-json\/wp\/v2\/pages\/17\/revisions"}],"predecessor-version":[{"id":3975,"href":"https:\/\/sisu.ut.ee\/zrpildid\/wp-json\/wp\/v2\/pages\/17\/revisions\/3975"}],"wp:attachment":[{"href":"https:\/\/sisu.ut.ee\/zrpildid\/wp-json\/wp\/v2\/media?parent=17"}],"curies":[{"name":"wp","href":"https:\/\/api.w.org\/{rel}","templated":true}]}}