{"id":16,"date":"2024-04-04T05:56:30","date_gmt":"2024-04-04T02:56:30","guid":{"rendered":"https:\/\/sisu.ut.ee\/zrpildid\/2013-2\/"},"modified":"2024-04-18T11:38:34","modified_gmt":"2024-04-18T08:38:34","slug":"2013-2","status":"publish","type":"page","link":"https:\/\/sisu.ut.ee\/zrpildid\/2013-2\/","title":{"rendered":"2013"},"content":{"rendered":"<p>\n\t<span style=\"font-size:16px\"><span style=\"font-family:Verdana,Geneva,sans-serif\"><a data-url=\"https:\/\/sisu.ut.ee\/zrpildid\/aegna-5-9-08-2013\" href=\"https:\/\/sisu.ut.ee\/zrpildid\/aegna-5-9-08-2013\" title=\"\">Aegna 5.-9. august 2013<\/a><br><a data-url=\"https:\/\/sisu.ut.ee\/zrpildid\/jarvselja-29-07-2-08-2013\" href=\"https:\/\/sisu.ut.ee\/zrpildid\/jarvselja-29-07-2-08-2013\" title=\"\">J\u00e4rvselja 29. juuli \u2013 2.august 2013<\/a><br><a data-url=\"https:\/\/sisu.ut.ee\/zrpildid\/jarvselja-2013\" href=\"https:\/\/sisu.ut.ee\/zrpildid\/jarvselja-2013\" title=\"\">J\u00e4rvselja 18. ja 25. mai ning 17. juuni 2013<\/a><br><a data-url=\"https:\/\/sisu.ut.ee\/zrpildid\/jarvselja-12-14-04-2013\" href=\"https:\/\/sisu.ut.ee\/zrpildid\/jarvselja-12-14-04-2013\" title=\"\">J\u00e4rvselja 12.-14. aprill 2013<\/a><br><a data-url=\"https:\/\/sisu.ut.ee\/zrpildid\/palupohja-22-24-03-2013\" href=\"https:\/\/sisu.ut.ee\/zrpildid\/palupohja-22-24-03-2013\" title=\"\">Palup\u00f5hja 22.-24. m\u00e4rts 2013<\/a><br><a data-url=\"https:\/\/sisu.ut.ee\/zrpildid\/palupohja-8-10-03-2013\" href=\"https:\/\/sisu.ut.ee\/zrpildid\/palupohja-8-10-03-2013\" title=\"\">Palup\u00f5hja 8.-10. m\u00e4rts 2013<\/a><\/span><\/span>\n<\/p>\n<p>\n\t<span style=\"font-size:16px\"><span style=\"font-family:Verdana,Geneva,sans-serif\"><img decoding=\"async\" alt=\"\" src=\"https:\/\/sisu.ut.ee\/wp-content\/uploads\/sites\/427\/papo_83_01.jpg\" style=\"width: 1000px;height: 667px\"><\/span><\/span><\/p>\n","protected":false},"excerpt":{"rendered":"<p>Aegna 5.-9. august 2013J\u00e4rvselja 29. juuli \u2013 2.august 2013J\u00e4rvselja 18. ja 25. mai ning 17. juuni 2013J\u00e4rvselja 12.-14. aprill 2013Palup\u00f5hja 22.-24. m\u00e4rts 2013Palup\u00f5hja 8.-10. m\u00e4rts 2013<\/p>\n","protected":false},"author":88,"featured_media":0,"parent":0,"menu_order":0,"comment_status":"closed","ping_status":"closed","template":"","meta":{"_acf_changed":false,"inline_featured_image":false,"footnotes":""},"class_list":["post-16","page","type-page","status-publish","hentry"],"acf":[],"_links":{"self":[{"href":"https:\/\/sisu.ut.ee\/zrpildid\/wp-json\/wp\/v2\/pages\/16","targetHints":{"allow":["GET"]}}],"collection":[{"href":"https:\/\/sisu.ut.ee\/zrpildid\/wp-json\/wp\/v2\/pages"}],"about":[{"href":"https:\/\/sisu.ut.ee\/zrpildid\/wp-json\/wp\/v2\/types\/page"}],"author":[{"embeddable":true,"href":"https:\/\/sisu.ut.ee\/zrpildid\/wp-json\/wp\/v2\/users\/88"}],"replies":[{"embeddable":true,"href":"https:\/\/sisu.ut.ee\/zrpildid\/wp-json\/wp\/v2\/comments?post=16"}],"version-history":[{"count":1,"href":"https:\/\/sisu.ut.ee\/zrpildid\/wp-json\/wp\/v2\/pages\/16\/revisions"}],"predecessor-version":[{"id":3976,"href":"https:\/\/sisu.ut.ee\/zrpildid\/wp-json\/wp\/v2\/pages\/16\/revisions\/3976"}],"wp:attachment":[{"href":"https:\/\/sisu.ut.ee\/zrpildid\/wp-json\/wp\/v2\/media?parent=16"}],"curies":[{"name":"wp","href":"https:\/\/api.w.org\/{rel}","templated":true}]}}