{"id":136,"date":"2024-04-04T05:56:41","date_gmt":"2024-04-04T02:56:41","guid":{"rendered":"https:\/\/sisu.ut.ee\/zrpildid\/palupohja-3-5-august-2021\/"},"modified":"2024-04-04T06:07:05","modified_gmt":"2024-04-04T03:07:05","slug":"palupohja-3-5-august-2021","status":"publish","type":"page","link":"https:\/\/sisu.ut.ee\/zrpildid\/palupohja-3-5-august-2021\/","title":{"rendered":"Palup\u00f5hja 3.-5. august 2021"},"content":{"rendered":"<p>\r\n\t<span style=\"font-size:14px\"><span style=\"font-family:Verdana,Geneva,sans-serif\">zooloogiaringi v\u00e4lipraktikumid<\/span><\/span>\r\n<\/p>\r\n\r\n<p>\r\n\t<span style=\"font-size:14px\"><span style=\"font-family:Verdana,Geneva,sans-serif\"><img loading=\"lazy\" decoding=\"async\" alt=\"\" height=\"668\" src=\"https:\/\/sisu.ut.ee\/wp-content\/uploads\/sites\/427\/palup_211_01.jpg\" width=\"1001\"><br><a data-url=\"https:\/\/sisu.ut.ee\/wp-content\/uploads\/sites\/427\/kanuudega_emajoel_zooloogiaring.mp4\" href=\"https:\/\/sisu.ut.ee\/wp-content\/uploads\/sites\/427\/kanuudega_emajoel_zooloogiaring.mp4\" target=\"_blank\" title=\"\" rel=\"noopener\">Kanuus\u00f5it Emaj\u00f5el video &gt;&gt;<\/a><\/span><\/span>\r\n<\/p>\r\n<br><figure class=\"wp-block-gallery has-nested-images columns-3 is-cropped wp-block-gallery-1 is-layout-flex wp-block-gallery-is-layout-flex\"><figure class=\"wp-block-image size-large\"><a href=\"https:\/\/sisu.ut.ee\/wp-content\/uploads\/sites\/427\/palup_211_01.jpg\"><img loading=\"lazy\" decoding=\"async\" width=\"1000\" height=\"667\" data-id=\"2734\" src=\"https:\/\/sisu.ut.ee\/wp-content\/uploads\/sites\/427\/palup_211_01.jpg\" alt=\"Palup\u00f5hja\" class=\"wp-image-2734\" srcset=\"https:\/\/sisu.ut.ee\/wp-content\/uploads\/sites\/427\/palup_211_01.jpg 1000w, https:\/\/sisu.ut.ee\/wp-content\/uploads\/sites\/427\/palup_211_01-300x200.jpg 300w, https:\/\/sisu.ut.ee\/wp-content\/uploads\/sites\/427\/palup_211_01-768x512.jpg 768w\" sizes=\"auto, (max-width: 1000px) 100vw, 1000px\"><\/a><figcaption class=\"wp-element-caption\">Palup\u00f5hja<\/figcaption><\/figure><figure class=\"wp-block-image size-large\"><a href=\"https:\/\/sisu.ut.ee\/wp-content\/uploads\/sites\/427\/palup_211_02.jpg\"><img loading=\"lazy\" decoding=\"async\" width=\"1000\" height=\"667\" data-id=\"2735\" src=\"https:\/\/sisu.ut.ee\/wp-content\/uploads\/sites\/427\/palup_211_02.jpg\" alt=\"Palup\u00f5hja\" class=\"wp-image-2735\" srcset=\"https:\/\/sisu.ut.ee\/wp-content\/uploads\/sites\/427\/palup_211_02.jpg 1000w, https:\/\/sisu.ut.ee\/wp-content\/uploads\/sites\/427\/palup_211_02-300x200.jpg 300w, https:\/\/sisu.ut.ee\/wp-content\/uploads\/sites\/427\/palup_211_02-768x512.jpg 768w\" sizes=\"auto, (max-width: 1000px) 100vw, 1000px\"><\/a><figcaption class=\"wp-element-caption\">Palup\u00f5hja<\/figcaption><\/figure><figure class=\"wp-block-image size-large\"><a href=\"https:\/\/sisu.ut.ee\/wp-content\/uploads\/sites\/427\/palup_211_03.jpg\"><img loading=\"lazy\" decoding=\"async\" width=\"1000\" height=\"667\" data-id=\"2736\" src=\"https:\/\/sisu.ut.ee\/wp-content\/uploads\/sites\/427\/palup_211_03.jpg\" alt=\"Palup\u00f5hja\" class=\"wp-image-2736\" srcset=\"https:\/\/sisu.ut.ee\/wp-content\/uploads\/sites\/427\/palup_211_03.jpg 1000w, https:\/\/sisu.ut.ee\/wp-content\/uploads\/sites\/427\/palup_211_03-300x200.jpg 300w, https:\/\/sisu.ut.ee\/wp-content\/uploads\/sites\/427\/palup_211_03-768x512.jpg 768w\" sizes=\"auto, (max-width: 1000px) 100vw, 1000px\"><\/a><figcaption class=\"wp-element-caption\">Palup\u00f5hja<\/figcaption><\/figure><figure class=\"wp-block-image size-large\"><a href=\"https:\/\/sisu.ut.ee\/wp-content\/uploads\/sites\/427\/palup_211_04.jpg\"><img loading=\"lazy\" decoding=\"async\" width=\"1000\" height=\"667\" data-id=\"2737\" src=\"https:\/\/sisu.ut.ee\/wp-content\/uploads\/sites\/427\/palup_211_04.jpg\" alt=\"Palup\u00f5hja\" class=\"wp-image-2737\" srcset=\"https:\/\/sisu.ut.ee\/wp-content\/uploads\/sites\/427\/palup_211_04.jpg 1000w, https:\/\/sisu.ut.ee\/wp-content\/uploads\/sites\/427\/palup_211_04-300x200.jpg 300w, https:\/\/sisu.ut.ee\/wp-content\/uploads\/sites\/427\/palup_211_04-768x512.jpg 768w\" sizes=\"auto, (max-width: 1000px) 100vw, 1000px\"><\/a><figcaption class=\"wp-element-caption\">Palup\u00f5hja<\/figcaption><\/figure><figure class=\"wp-block-image size-large\"><a href=\"https:\/\/sisu.ut.ee\/wp-content\/uploads\/sites\/427\/palup_211_05.jpg\"><img loading=\"lazy\" decoding=\"async\" width=\"1000\" height=\"667\" data-id=\"2738\" src=\"https:\/\/sisu.ut.ee\/wp-content\/uploads\/sites\/427\/palup_211_05.jpg\" alt=\"Heinaritsikas\" class=\"wp-image-2738\" srcset=\"https:\/\/sisu.ut.ee\/wp-content\/uploads\/sites\/427\/palup_211_05.jpg 1000w, https:\/\/sisu.ut.ee\/wp-content\/uploads\/sites\/427\/palup_211_05-300x200.jpg 300w, https:\/\/sisu.ut.ee\/wp-content\/uploads\/sites\/427\/palup_211_05-768x512.jpg 768w\" sizes=\"auto, (max-width: 1000px) 100vw, 1000px\"><\/a><figcaption class=\"wp-element-caption\">Heinaritsikas<\/figcaption><\/figure><figure class=\"wp-block-image size-large\"><a href=\"https:\/\/sisu.ut.ee\/wp-content\/uploads\/sites\/427\/palup_211_06.jpg\"><img loading=\"lazy\" decoding=\"async\" width=\"1000\" height=\"667\" data-id=\"2739\" src=\"https:\/\/sisu.ut.ee\/wp-content\/uploads\/sites\/427\/palup_211_06.jpg\" alt=\"Palup\u00f5hja\" class=\"wp-image-2739\" srcset=\"https:\/\/sisu.ut.ee\/wp-content\/uploads\/sites\/427\/palup_211_06.jpg 1000w, https:\/\/sisu.ut.ee\/wp-content\/uploads\/sites\/427\/palup_211_06-300x200.jpg 300w, https:\/\/sisu.ut.ee\/wp-content\/uploads\/sites\/427\/palup_211_06-768x512.jpg 768w\" sizes=\"auto, (max-width: 1000px) 100vw, 1000px\"><\/a><figcaption class=\"wp-element-caption\">Palup\u00f5hja<\/figcaption><\/figure><figure class=\"wp-block-image size-large\"><a href=\"https:\/\/sisu.ut.ee\/wp-content\/uploads\/sites\/427\/palup_211_07.jpg\"><img loading=\"lazy\" decoding=\"async\" width=\"1000\" height=\"667\" data-id=\"2740\" src=\"https:\/\/sisu.ut.ee\/wp-content\/uploads\/sites\/427\/palup_211_07.jpg\" alt=\"Palup\u00f5hja\" class=\"wp-image-2740\" srcset=\"https:\/\/sisu.ut.ee\/wp-content\/uploads\/sites\/427\/palup_211_07.jpg 1000w, https:\/\/sisu.ut.ee\/wp-content\/uploads\/sites\/427\/palup_211_07-300x200.jpg 300w, https:\/\/sisu.ut.ee\/wp-content\/uploads\/sites\/427\/palup_211_07-768x512.jpg 768w\" sizes=\"auto, (max-width: 1000px) 100vw, 1000px\"><\/a><figcaption class=\"wp-element-caption\">Palup\u00f5hja<\/figcaption><\/figure><figure class=\"wp-block-image size-large\"><a href=\"https:\/\/sisu.ut.ee\/wp-content\/uploads\/sites\/427\/palup_211_08.jpg\"><img loading=\"lazy\" decoding=\"async\" width=\"1000\" height=\"667\" data-id=\"2741\" src=\"https:\/\/sisu.ut.ee\/wp-content\/uploads\/sites\/427\/palup_211_08.jpg\" alt=\"Palup\u00f5hja\" class=\"wp-image-2741\" srcset=\"https:\/\/sisu.ut.ee\/wp-content\/uploads\/sites\/427\/palup_211_08.jpg 1000w, https:\/\/sisu.ut.ee\/wp-content\/uploads\/sites\/427\/palup_211_08-300x200.jpg 300w, https:\/\/sisu.ut.ee\/wp-content\/uploads\/sites\/427\/palup_211_08-768x512.jpg 768w\" sizes=\"auto, (max-width: 1000px) 100vw, 1000px\"><\/a><figcaption class=\"wp-element-caption\">Palup\u00f5hja<\/figcaption><\/figure><figure class=\"wp-block-image size-large\"><a href=\"https:\/\/sisu.ut.ee\/wp-content\/uploads\/sites\/427\/palup_211_09.jpg\"><img loading=\"lazy\" decoding=\"async\" width=\"1000\" height=\"667\" data-id=\"2742\" src=\"https:\/\/sisu.ut.ee\/wp-content\/uploads\/sites\/427\/palup_211_09.jpg\" alt=\"Palup\u00f5hja\" class=\"wp-image-2742\" srcset=\"https:\/\/sisu.ut.ee\/wp-content\/uploads\/sites\/427\/palup_211_09.jpg 1000w, https:\/\/sisu.ut.ee\/wp-content\/uploads\/sites\/427\/palup_211_09-300x200.jpg 300w, https:\/\/sisu.ut.ee\/wp-content\/uploads\/sites\/427\/palup_211_09-768x512.jpg 768w\" sizes=\"auto, (max-width: 1000px) 100vw, 1000px\"><\/a><figcaption class=\"wp-element-caption\">Palup\u00f5hja<\/figcaption><\/figure><figure class=\"wp-block-image size-large\"><a href=\"https:\/\/sisu.ut.ee\/wp-content\/uploads\/sites\/427\/palup_211_10.jpg\"><img loading=\"lazy\" decoding=\"async\" width=\"1000\" height=\"667\" data-id=\"2743\" src=\"https:\/\/sisu.ut.ee\/wp-content\/uploads\/sites\/427\/palup_211_10.jpg\" alt=\"Palup\u00f5hja\" class=\"wp-image-2743\" srcset=\"https:\/\/sisu.ut.ee\/wp-content\/uploads\/sites\/427\/palup_211_10.jpg 1000w, https:\/\/sisu.ut.ee\/wp-content\/uploads\/sites\/427\/palup_211_10-300x200.jpg 300w, https:\/\/sisu.ut.ee\/wp-content\/uploads\/sites\/427\/palup_211_10-768x512.jpg 768w\" sizes=\"auto, (max-width: 1000px) 100vw, 1000px\"><\/a><figcaption class=\"wp-element-caption\">Palup\u00f5hja<\/figcaption><\/figure><figure class=\"wp-block-image size-large\"><a href=\"https:\/\/sisu.ut.ee\/wp-content\/uploads\/sites\/427\/palup_211_11.jpg\"><img loading=\"lazy\" decoding=\"async\" width=\"1000\" height=\"450\" data-id=\"2744\" src=\"https:\/\/sisu.ut.ee\/wp-content\/uploads\/sites\/427\/palup_211_11.jpg\" alt=\"Palup\u00f5hja\" class=\"wp-image-2744\" srcset=\"https:\/\/sisu.ut.ee\/wp-content\/uploads\/sites\/427\/palup_211_11.jpg 1000w, https:\/\/sisu.ut.ee\/wp-content\/uploads\/sites\/427\/palup_211_11-300x135.jpg 300w, https:\/\/sisu.ut.ee\/wp-content\/uploads\/sites\/427\/palup_211_11-768x346.jpg 768w\" sizes=\"auto, (max-width: 1000px) 100vw, 1000px\"><\/a><figcaption class=\"wp-element-caption\">Palup\u00f5hja<\/figcaption><\/figure><figure class=\"wp-block-image size-large\"><a href=\"https:\/\/sisu.ut.ee\/wp-content\/uploads\/sites\/427\/palup_211_12.jpg\"><img loading=\"lazy\" decoding=\"async\" width=\"1000\" height=\"563\" data-id=\"2745\" src=\"https:\/\/sisu.ut.ee\/wp-content\/uploads\/sites\/427\/palup_211_12.jpg\" alt=\"Palup\u00f5hja\" class=\"wp-image-2745\" srcset=\"https:\/\/sisu.ut.ee\/wp-content\/uploads\/sites\/427\/palup_211_12.jpg 1000w, https:\/\/sisu.ut.ee\/wp-content\/uploads\/sites\/427\/palup_211_12-300x169.jpg 300w, https:\/\/sisu.ut.ee\/wp-content\/uploads\/sites\/427\/palup_211_12-768x432.jpg 768w\" sizes=\"auto, (max-width: 1000px) 100vw, 1000px\"><\/a><figcaption class=\"wp-element-caption\">Palup\u00f5hja<\/figcaption><\/figure><figure class=\"wp-block-image size-large\"><a href=\"https:\/\/sisu.ut.ee\/wp-content\/uploads\/sites\/427\/palup_211_13.jpg\"><img loading=\"lazy\" decoding=\"async\" width=\"1000\" height=\"667\" data-id=\"2746\" src=\"https:\/\/sisu.ut.ee\/wp-content\/uploads\/sites\/427\/palup_211_13.jpg\" alt=\"Palup\u00f5hja\" class=\"wp-image-2746\" srcset=\"https:\/\/sisu.ut.ee\/wp-content\/uploads\/sites\/427\/palup_211_13.jpg 1000w, https:\/\/sisu.ut.ee\/wp-content\/uploads\/sites\/427\/palup_211_13-300x200.jpg 300w, https:\/\/sisu.ut.ee\/wp-content\/uploads\/sites\/427\/palup_211_13-768x512.jpg 768w\" sizes=\"auto, (max-width: 1000px) 100vw, 1000px\"><\/a><figcaption class=\"wp-element-caption\">Palup\u00f5hja<\/figcaption><\/figure><figure class=\"wp-block-image size-large\"><a href=\"https:\/\/sisu.ut.ee\/wp-content\/uploads\/sites\/427\/palup_211_14.jpg\"><img loading=\"lazy\" decoding=\"async\" width=\"1000\" height=\"667\" data-id=\"2747\" src=\"https:\/\/sisu.ut.ee\/wp-content\/uploads\/sites\/427\/palup_211_14.jpg\" alt=\"Palup\u00f5hja\" class=\"wp-image-2747\" srcset=\"https:\/\/sisu.ut.ee\/wp-content\/uploads\/sites\/427\/palup_211_14.jpg 1000w, https:\/\/sisu.ut.ee\/wp-content\/uploads\/sites\/427\/palup_211_14-300x200.jpg 300w, https:\/\/sisu.ut.ee\/wp-content\/uploads\/sites\/427\/palup_211_14-768x512.jpg 768w\" sizes=\"auto, (max-width: 1000px) 100vw, 1000px\"><\/a><figcaption class=\"wp-element-caption\">Palup\u00f5hja<\/figcaption><\/figure><figure class=\"wp-block-image size-large\"><a href=\"https:\/\/sisu.ut.ee\/wp-content\/uploads\/sites\/427\/palup_211_15.jpg\"><img loading=\"lazy\" decoding=\"async\" width=\"1000\" height=\"667\" data-id=\"2748\" src=\"https:\/\/sisu.ut.ee\/wp-content\/uploads\/sites\/427\/palup_211_15.jpg\" alt=\"Palup\u00f5hja\" class=\"wp-image-2748\" srcset=\"https:\/\/sisu.ut.ee\/wp-content\/uploads\/sites\/427\/palup_211_15.jpg 1000w, https:\/\/sisu.ut.ee\/wp-content\/uploads\/sites\/427\/palup_211_15-300x200.jpg 300w, https:\/\/sisu.ut.ee\/wp-content\/uploads\/sites\/427\/palup_211_15-768x512.jpg 768w\" sizes=\"auto, (max-width: 1000px) 100vw, 1000px\"><\/a><figcaption class=\"wp-element-caption\">Palup\u00f5hja<\/figcaption><\/figure><figure class=\"wp-block-image size-large\"><a href=\"https:\/\/sisu.ut.ee\/wp-content\/uploads\/sites\/427\/palup_211_16.jpg\"><img loading=\"lazy\" decoding=\"async\" width=\"1000\" height=\"667\" data-id=\"2749\" src=\"https:\/\/sisu.ut.ee\/wp-content\/uploads\/sites\/427\/palup_211_16.jpg\" alt=\"Palup\u00f5hja\" class=\"wp-image-2749\" srcset=\"https:\/\/sisu.ut.ee\/wp-content\/uploads\/sites\/427\/palup_211_16.jpg 1000w, https:\/\/sisu.ut.ee\/wp-content\/uploads\/sites\/427\/palup_211_16-300x200.jpg 300w, https:\/\/sisu.ut.ee\/wp-content\/uploads\/sites\/427\/palup_211_16-768x512.jpg 768w\" sizes=\"auto, (max-width: 1000px) 100vw, 1000px\"><\/a><figcaption class=\"wp-element-caption\">Palup\u00f5hja<\/figcaption><\/figure><figure class=\"wp-block-image size-large\"><a href=\"https:\/\/sisu.ut.ee\/wp-content\/uploads\/sites\/427\/palup_211_17.jpg\"><img loading=\"lazy\" decoding=\"async\" width=\"1000\" height=\"450\" data-id=\"2750\" src=\"https:\/\/sisu.ut.ee\/wp-content\/uploads\/sites\/427\/palup_211_17.jpg\" alt=\"Palup\u00f5hja\" class=\"wp-image-2750\" srcset=\"https:\/\/sisu.ut.ee\/wp-content\/uploads\/sites\/427\/palup_211_17.jpg 1000w, https:\/\/sisu.ut.ee\/wp-content\/uploads\/sites\/427\/palup_211_17-300x135.jpg 300w, https:\/\/sisu.ut.ee\/wp-content\/uploads\/sites\/427\/palup_211_17-768x346.jpg 768w\" sizes=\"auto, (max-width: 1000px) 100vw, 1000px\"><\/a><figcaption class=\"wp-element-caption\">Palup\u00f5hja<\/figcaption><\/figure><figure class=\"wp-block-image size-large\"><a href=\"https:\/\/sisu.ut.ee\/wp-content\/uploads\/sites\/427\/palup_211_18.jpg\"><img loading=\"lazy\" decoding=\"async\" width=\"1000\" height=\"529\" data-id=\"2751\" src=\"https:\/\/sisu.ut.ee\/wp-content\/uploads\/sites\/427\/palup_211_18.jpg\" alt=\"Palup\u00f5hja\" class=\"wp-image-2751\" srcset=\"https:\/\/sisu.ut.ee\/wp-content\/uploads\/sites\/427\/palup_211_18.jpg 1000w, https:\/\/sisu.ut.ee\/wp-content\/uploads\/sites\/427\/palup_211_18-300x159.jpg 300w, https:\/\/sisu.ut.ee\/wp-content\/uploads\/sites\/427\/palup_211_18-768x406.jpg 768w\" sizes=\"auto, (max-width: 1000px) 100vw, 1000px\"><\/a><figcaption class=\"wp-element-caption\">Palup\u00f5hja<\/figcaption><\/figure><figure class=\"wp-block-image size-large\"><a href=\"https:\/\/sisu.ut.ee\/wp-content\/uploads\/sites\/427\/palup_211_19.jpg\"><img loading=\"lazy\" decoding=\"async\" width=\"1000\" height=\"667\" data-id=\"2752\" src=\"https:\/\/sisu.ut.ee\/wp-content\/uploads\/sites\/427\/palup_211_19.jpg\" alt=\"Palup\u00f5hja\" class=\"wp-image-2752\" srcset=\"https:\/\/sisu.ut.ee\/wp-content\/uploads\/sites\/427\/palup_211_19.jpg 1000w, https:\/\/sisu.ut.ee\/wp-content\/uploads\/sites\/427\/palup_211_19-300x200.jpg 300w, https:\/\/sisu.ut.ee\/wp-content\/uploads\/sites\/427\/palup_211_19-768x512.jpg 768w\" sizes=\"auto, (max-width: 1000px) 100vw, 1000px\"><\/a><figcaption class=\"wp-element-caption\">Palup\u00f5hja<\/figcaption><\/figure><figure class=\"wp-block-image size-large\"><a href=\"https:\/\/sisu.ut.ee\/wp-content\/uploads\/sites\/427\/palup_211_20.jpg\"><img loading=\"lazy\" decoding=\"async\" width=\"1000\" height=\"667\" data-id=\"2753\" src=\"https:\/\/sisu.ut.ee\/wp-content\/uploads\/sites\/427\/palup_211_20.jpg\" alt=\"Palup\u00f5hja\" class=\"wp-image-2753\" srcset=\"https:\/\/sisu.ut.ee\/wp-content\/uploads\/sites\/427\/palup_211_20.jpg 1000w, https:\/\/sisu.ut.ee\/wp-content\/uploads\/sites\/427\/palup_211_20-300x200.jpg 300w, https:\/\/sisu.ut.ee\/wp-content\/uploads\/sites\/427\/palup_211_20-768x512.jpg 768w\" sizes=\"auto, (max-width: 1000px) 100vw, 1000px\"><\/a><figcaption class=\"wp-element-caption\">Palup\u00f5hja<\/figcaption><\/figure><figure class=\"wp-block-image size-large\"><a href=\"https:\/\/sisu.ut.ee\/wp-content\/uploads\/sites\/427\/palup_211_21.jpg\"><img loading=\"lazy\" decoding=\"async\" width=\"1000\" height=\"667\" data-id=\"2754\" src=\"https:\/\/sisu.ut.ee\/wp-content\/uploads\/sites\/427\/palup_211_21.jpg\" alt=\"Suitsup\u00e4\u00e4sukesed ja r\u00e4\u00e4stap\u00e4\u00e4sukesed\" class=\"wp-image-2754\" srcset=\"https:\/\/sisu.ut.ee\/wp-content\/uploads\/sites\/427\/palup_211_21.jpg 1000w, https:\/\/sisu.ut.ee\/wp-content\/uploads\/sites\/427\/palup_211_21-300x200.jpg 300w, https:\/\/sisu.ut.ee\/wp-content\/uploads\/sites\/427\/palup_211_21-768x512.jpg 768w\" sizes=\"auto, (max-width: 1000px) 100vw, 1000px\"><\/a><figcaption class=\"wp-element-caption\">Suitsup\u00e4\u00e4sukesed ja r\u00e4\u00e4stap\u00e4\u00e4sukesed<\/figcaption><\/figure><figure class=\"wp-block-image size-large\"><a href=\"https:\/\/sisu.ut.ee\/wp-content\/uploads\/sites\/427\/palup_211_22.jpg\"><img loading=\"lazy\" decoding=\"async\" width=\"1000\" height=\"667\" data-id=\"2755\" src=\"https:\/\/sisu.ut.ee\/wp-content\/uploads\/sites\/427\/palup_211_22.jpg\" alt=\"Palup\u00f5hja\" class=\"wp-image-2755\" srcset=\"https:\/\/sisu.ut.ee\/wp-content\/uploads\/sites\/427\/palup_211_22.jpg 1000w, https:\/\/sisu.ut.ee\/wp-content\/uploads\/sites\/427\/palup_211_22-300x200.jpg 300w, https:\/\/sisu.ut.ee\/wp-content\/uploads\/sites\/427\/palup_211_22-768x512.jpg 768w\" sizes=\"auto, (max-width: 1000px) 100vw, 1000px\"><\/a><figcaption class=\"wp-element-caption\">Palup\u00f5hja<\/figcaption><\/figure><figure class=\"wp-block-image size-large\"><a href=\"https:\/\/sisu.ut.ee\/wp-content\/uploads\/sites\/427\/palup_211_23.jpg\"><img loading=\"lazy\" decoding=\"async\" width=\"1000\" height=\"667\" data-id=\"2756\" src=\"https:\/\/sisu.ut.ee\/wp-content\/uploads\/sites\/427\/palup_211_23.jpg\" alt=\"Palup\u00f5hja\" class=\"wp-image-2756\" srcset=\"https:\/\/sisu.ut.ee\/wp-content\/uploads\/sites\/427\/palup_211_23.jpg 1000w, https:\/\/sisu.ut.ee\/wp-content\/uploads\/sites\/427\/palup_211_23-300x200.jpg 300w, https:\/\/sisu.ut.ee\/wp-content\/uploads\/sites\/427\/palup_211_23-768x512.jpg 768w\" sizes=\"auto, (max-width: 1000px) 100vw, 1000px\"><\/a><figcaption class=\"wp-element-caption\">Palup\u00f5hja<\/figcaption><\/figure><figure class=\"wp-block-image size-large\"><a href=\"https:\/\/sisu.ut.ee\/wp-content\/uploads\/sites\/427\/palup_211_24.jpg\"><img loading=\"lazy\" decoding=\"async\" width=\"1000\" height=\"667\" data-id=\"2757\" src=\"https:\/\/sisu.ut.ee\/wp-content\/uploads\/sites\/427\/palup_211_24.jpg\" alt=\"Palup\u00f5hja\" class=\"wp-image-2757\" srcset=\"https:\/\/sisu.ut.ee\/wp-content\/uploads\/sites\/427\/palup_211_24.jpg 1000w, https:\/\/sisu.ut.ee\/wp-content\/uploads\/sites\/427\/palup_211_24-300x200.jpg 300w, https:\/\/sisu.ut.ee\/wp-content\/uploads\/sites\/427\/palup_211_24-768x512.jpg 768w\" sizes=\"auto, (max-width: 1000px) 100vw, 1000px\"><\/a><figcaption class=\"wp-element-caption\">Palup\u00f5hja<\/figcaption><\/figure><figure class=\"wp-block-image size-large\"><a href=\"https:\/\/sisu.ut.ee\/wp-content\/uploads\/sites\/427\/palup_211_25.jpg\"><img loading=\"lazy\" decoding=\"async\" width=\"1000\" height=\"667\" data-id=\"2758\" src=\"https:\/\/sisu.ut.ee\/wp-content\/uploads\/sites\/427\/palup_211_25.jpg\" alt=\"Palup\u00f5hja\" class=\"wp-image-2758\" srcset=\"https:\/\/sisu.ut.ee\/wp-content\/uploads\/sites\/427\/palup_211_25.jpg 1000w, https:\/\/sisu.ut.ee\/wp-content\/uploads\/sites\/427\/palup_211_25-300x200.jpg 300w, https:\/\/sisu.ut.ee\/wp-content\/uploads\/sites\/427\/palup_211_25-768x512.jpg 768w\" sizes=\"auto, (max-width: 1000px) 100vw, 1000px\"><\/a><figcaption class=\"wp-element-caption\">Palup\u00f5hja<\/figcaption><\/figure><figure class=\"wp-block-image size-large\"><a href=\"https:\/\/sisu.ut.ee\/wp-content\/uploads\/sites\/427\/palup_211_26.jpg\"><img loading=\"lazy\" decoding=\"async\" width=\"1000\" height=\"667\" data-id=\"2759\" src=\"https:\/\/sisu.ut.ee\/wp-content\/uploads\/sites\/427\/palup_211_26.jpg\" alt=\"Palup\u00f5hja\" class=\"wp-image-2759\" srcset=\"https:\/\/sisu.ut.ee\/wp-content\/uploads\/sites\/427\/palup_211_26.jpg 1000w, https:\/\/sisu.ut.ee\/wp-content\/uploads\/sites\/427\/palup_211_26-300x200.jpg 300w, https:\/\/sisu.ut.ee\/wp-content\/uploads\/sites\/427\/palup_211_26-768x512.jpg 768w\" sizes=\"auto, (max-width: 1000px) 100vw, 1000px\"><\/a><figcaption class=\"wp-element-caption\">Palup\u00f5hja<\/figcaption><\/figure><figure class=\"wp-block-image size-large\"><a href=\"https:\/\/sisu.ut.ee\/wp-content\/uploads\/sites\/427\/palup_211_27.jpg\"><img loading=\"lazy\" decoding=\"async\" width=\"1000\" height=\"667\" data-id=\"2760\" src=\"https:\/\/sisu.ut.ee\/wp-content\/uploads\/sites\/427\/palup_211_27.jpg\" alt=\"Palup\u00f5hja\" class=\"wp-image-2760\" srcset=\"https:\/\/sisu.ut.ee\/wp-content\/uploads\/sites\/427\/palup_211_27.jpg 1000w, https:\/\/sisu.ut.ee\/wp-content\/uploads\/sites\/427\/palup_211_27-300x200.jpg 300w, https:\/\/sisu.ut.ee\/wp-content\/uploads\/sites\/427\/palup_211_27-768x512.jpg 768w\" sizes=\"auto, (max-width: 1000px) 100vw, 1000px\"><\/a><figcaption class=\"wp-element-caption\">Palup\u00f5hja<\/figcaption><\/figure><figure class=\"wp-block-image size-large\"><a href=\"https:\/\/sisu.ut.ee\/wp-content\/uploads\/sites\/427\/palup_211_28.jpg\"><img loading=\"lazy\" decoding=\"async\" width=\"1000\" height=\"667\" data-id=\"2761\" src=\"https:\/\/sisu.ut.ee\/wp-content\/uploads\/sites\/427\/palup_211_28.jpg\" alt=\"Palup\u00f5hja\" class=\"wp-image-2761\" srcset=\"https:\/\/sisu.ut.ee\/wp-content\/uploads\/sites\/427\/palup_211_28.jpg 1000w, https:\/\/sisu.ut.ee\/wp-content\/uploads\/sites\/427\/palup_211_28-300x200.jpg 300w, https:\/\/sisu.ut.ee\/wp-content\/uploads\/sites\/427\/palup_211_28-768x512.jpg 768w\" sizes=\"auto, (max-width: 1000px) 100vw, 1000px\"><\/a><figcaption class=\"wp-element-caption\">Palup\u00f5hja<\/figcaption><\/figure><figure class=\"wp-block-image size-large\"><a href=\"https:\/\/sisu.ut.ee\/wp-content\/uploads\/sites\/427\/palup_211_29.jpg\"><img loading=\"lazy\" decoding=\"async\" width=\"1000\" height=\"667\" data-id=\"2762\" src=\"https:\/\/sisu.ut.ee\/wp-content\/uploads\/sites\/427\/palup_211_29.jpg\" alt=\"Palup\u00f5hja\" class=\"wp-image-2762\" srcset=\"https:\/\/sisu.ut.ee\/wp-content\/uploads\/sites\/427\/palup_211_29.jpg 1000w, https:\/\/sisu.ut.ee\/wp-content\/uploads\/sites\/427\/palup_211_29-300x200.jpg 300w, https:\/\/sisu.ut.ee\/wp-content\/uploads\/sites\/427\/palup_211_29-768x512.jpg 768w\" sizes=\"auto, (max-width: 1000px) 100vw, 1000px\"><\/a><figcaption class=\"wp-element-caption\">Palup\u00f5hja<\/figcaption><\/figure><figure class=\"wp-block-image size-large\"><a href=\"https:\/\/sisu.ut.ee\/wp-content\/uploads\/sites\/427\/palup_211_30.jpg\"><img loading=\"lazy\" decoding=\"async\" width=\"1000\" height=\"667\" data-id=\"2763\" src=\"https:\/\/sisu.ut.ee\/wp-content\/uploads\/sites\/427\/palup_211_30.jpg\" alt=\"Palup\u00f5hja\" class=\"wp-image-2763\" srcset=\"https:\/\/sisu.ut.ee\/wp-content\/uploads\/sites\/427\/palup_211_30.jpg 1000w, https:\/\/sisu.ut.ee\/wp-content\/uploads\/sites\/427\/palup_211_30-300x200.jpg 300w, https:\/\/sisu.ut.ee\/wp-content\/uploads\/sites\/427\/palup_211_30-768x512.jpg 768w\" sizes=\"auto, (max-width: 1000px) 100vw, 1000px\"><\/a><figcaption class=\"wp-element-caption\">Palup\u00f5hja<\/figcaption><\/figure><figure class=\"wp-block-image size-large\"><a href=\"https:\/\/sisu.ut.ee\/wp-content\/uploads\/sites\/427\/palup_211_31.jpg\"><img loading=\"lazy\" decoding=\"async\" width=\"1000\" height=\"667\" data-id=\"2764\" src=\"https:\/\/sisu.ut.ee\/wp-content\/uploads\/sites\/427\/palup_211_31.jpg\" alt=\"paju-keeruk\u00e4rsaka leherull\" class=\"wp-image-2764\" srcset=\"https:\/\/sisu.ut.ee\/wp-content\/uploads\/sites\/427\/palup_211_31.jpg 1000w, https:\/\/sisu.ut.ee\/wp-content\/uploads\/sites\/427\/palup_211_31-300x200.jpg 300w, https:\/\/sisu.ut.ee\/wp-content\/uploads\/sites\/427\/palup_211_31-768x512.jpg 768w\" sizes=\"auto, (max-width: 1000px) 100vw, 1000px\"><\/a><figcaption class=\"wp-element-caption\">paju-keeruk\u00e4rsaka leherull<\/figcaption><\/figure><\/figure>","protected":false},"excerpt":{"rendered":"<p>zooloogiaringi v\u00e4lipraktikumid Kanuus\u00f5it Emaj\u00f5el video &gt;&gt;<\/p>\n","protected":false},"author":88,"featured_media":0,"parent":0,"menu_order":0,"comment_status":"closed","ping_status":"closed","template":"","meta":{"_acf_changed":false,"inline_featured_image":false,"footnotes":""},"class_list":["post-136","page","type-page","status-publish","hentry"],"acf":[],"_links":{"self":[{"href":"https:\/\/sisu.ut.ee\/zrpildid\/wp-json\/wp\/v2\/pages\/136","targetHints":{"allow":["GET"]}}],"collection":[{"href":"https:\/\/sisu.ut.ee\/zrpildid\/wp-json\/wp\/v2\/pages"}],"about":[{"href":"https:\/\/sisu.ut.ee\/zrpildid\/wp-json\/wp\/v2\/types\/page"}],"author":[{"embeddable":true,"href":"https:\/\/sisu.ut.ee\/zrpildid\/wp-json\/wp\/v2\/users\/88"}],"replies":[{"embeddable":true,"href":"https:\/\/sisu.ut.ee\/zrpildid\/wp-json\/wp\/v2\/comments?post=136"}],"version-history":[{"count":2,"href":"https:\/\/sisu.ut.ee\/zrpildid\/wp-json\/wp\/v2\/pages\/136\/revisions"}],"predecessor-version":[{"id":4020,"href":"https:\/\/sisu.ut.ee\/zrpildid\/wp-json\/wp\/v2\/pages\/136\/revisions\/4020"}],"wp:attachment":[{"href":"https:\/\/sisu.ut.ee\/zrpildid\/wp-json\/wp\/v2\/media?parent=136"}],"curies":[{"name":"wp","href":"https:\/\/api.w.org\/{rel}","templated":true}]}}