{"id":123,"date":"2024-04-04T05:56:40","date_gmt":"2024-04-04T02:56:40","guid":{"rendered":"https:\/\/sisu.ut.ee\/zrpildid\/2008-2\/"},"modified":"2024-04-04T06:07:06","modified_gmt":"2024-04-04T03:07:06","slug":"2008-2","status":"publish","type":"page","link":"https:\/\/sisu.ut.ee\/zrpildid\/2008-2\/","title":{"rendered":"2008"},"content":{"rendered":"<p>\n\t<span style=\"font-size:16px\"><span style=\"font-family:Verdana,Geneva,sans-serif\"><a data-url=\"https:\/\/sisu.ut.ee\/zrpildid\/dinosaurused-2008\" href=\"https:\/\/sisu.ut.ee\/zrpildid\/dinosaurused-2008\" title=\"\">Geoloogiamuuseumi n\u00e4itus \u201cRaul Lunia dinosaurused\u201d detsember 2008<\/a><br><a data-url=\"https:\/\/sisu.ut.ee\/zrpildid\/ilmatsalu-16-09-2008\" href=\"https:\/\/sisu.ut.ee\/zrpildid\/ilmatsalu-16-09-2008\" title=\"\">Ilmatsalu 16. september 2008<\/a><br><a data-url=\"https:\/\/sisu.ut.ee\/zrpildid\/pahni-28-31-07-2008\" href=\"https:\/\/sisu.ut.ee\/zrpildid\/pahni-28-31-07-2008\" title=\"\">P\u00e4hni, Varstu vald, V\u00f5rumaa 28.-31. juuli 2008<\/a><br><a data-url=\"https:\/\/sisu.ut.ee\/zrpildid\/pahni-14-20-07-2008\" href=\"https:\/\/sisu.ut.ee\/zrpildid\/pahni-14-20-07-2008\" title=\"\">P\u00e4hni, jalgrattamatk V\u00f5rumaal 14.-20. juuli 2008<\/a><br><a data-url=\"https:\/\/sisu.ut.ee\/zrpildid\/pariisi-kula-6-9-06-2008\" href=\"https:\/\/sisu.ut.ee\/zrpildid\/pariisi-kula-6-9-06-2008\" title=\"\">Pariisi k\u00fcla, L\u00e4\u00e4ne-Virumaa 6.-9. juuni 2008<\/a><br><a data-url=\"https:\/\/sisu.ut.ee\/zrpildid\/alatskivi-ilmatsalu-kevad-2008\" href=\"https:\/\/sisu.ut.ee\/zrpildid\/alatskivi-ilmatsalu-kevad-2008\" title=\"\">Alatskivi 24. aprill 2008 ja Ilmatsalu Linnutee 21. mai 2008<\/a><\/span><\/span><br><span style=\"font-size:16px\"><span style=\"font-family:Verdana,Geneva,sans-serif\"><a data-url=\"https:\/\/sisu.ut.ee\/zrpildid\/marguse-1-3-02-2008\" href=\"https:\/\/sisu.ut.ee\/zrpildid\/marguse-1-3-02-2008\" title=\"\">Marguse puhkek\u00fcla 1.-3. veebruar 2008<\/a><\/span><\/span>\n<\/p>\n<p>\n\t<span style=\"font-size:16px\"><span style=\"font-family:Verdana,Geneva,sans-serif\"><img decoding=\"async\" alt=\"\" src=\"https:\/\/sisu.ut.ee\/wp-content\/uploads\/sites\/427\/pa106.jpg\" style=\"width: 750px;height: 500px\"><\/span><\/span><\/p>\n","protected":false},"excerpt":{"rendered":"<p>Geoloogiamuuseumi n\u00e4itus \u201cRaul Lunia dinosaurused\u201d detsember 2008Ilmatsalu 16. september 2008P\u00e4hni, Varstu vald, V\u00f5rumaa 28.-31. juuli 2008P\u00e4hni, jalgrattamatk V\u00f5rumaal 14.-20. juuli 2008Pariisi k\u00fcla, L\u00e4\u00e4ne-Virumaa 6.-9. juuni 2008Alatskivi 24. aprill 2008 ja Ilmatsalu Linnutee 21. mai 2008Marguse puhkek\u00fcla 1.-3. veebruar 2008<\/p>\n","protected":false},"author":88,"featured_media":0,"parent":0,"menu_order":0,"comment_status":"closed","ping_status":"closed","template":"","meta":{"_acf_changed":false,"inline_featured_image":false,"footnotes":""},"class_list":["post-123","page","type-page","status-publish","hentry"],"acf":[],"_links":{"self":[{"href":"https:\/\/sisu.ut.ee\/zrpildid\/wp-json\/wp\/v2\/pages\/123","targetHints":{"allow":["GET"]}}],"collection":[{"href":"https:\/\/sisu.ut.ee\/zrpildid\/wp-json\/wp\/v2\/pages"}],"about":[{"href":"https:\/\/sisu.ut.ee\/zrpildid\/wp-json\/wp\/v2\/types\/page"}],"author":[{"embeddable":true,"href":"https:\/\/sisu.ut.ee\/zrpildid\/wp-json\/wp\/v2\/users\/88"}],"replies":[{"embeddable":true,"href":"https:\/\/sisu.ut.ee\/zrpildid\/wp-json\/wp\/v2\/comments?post=123"}],"version-history":[{"count":1,"href":"https:\/\/sisu.ut.ee\/zrpildid\/wp-json\/wp\/v2\/pages\/123\/revisions"}],"predecessor-version":[{"id":3869,"href":"https:\/\/sisu.ut.ee\/zrpildid\/wp-json\/wp\/v2\/pages\/123\/revisions\/3869"}],"wp:attachment":[{"href":"https:\/\/sisu.ut.ee\/zrpildid\/wp-json\/wp\/v2\/media?parent=123"}],"curies":[{"name":"wp","href":"https:\/\/api.w.org\/{rel}","templated":true}]}}

<p>
	<span style="font-size:16px"><span style="font-family:Verdana,Geneva,sans-serif"><a data-url="https://sisu.ut.ee/zrpildid/dinosaurused-2008" href="https://sisu.ut.ee/zrpildid/dinosaurused-2008" title="">Geoloogiamuuseumi näitus “Raul Lunia dinosaurused” detsember 2008</a><br><a data-url="https://sisu.ut.ee/zrpildid/ilmatsalu-16-09-2008" href="https://sisu.ut.ee/zrpildid/ilmatsalu-16-09-2008" title="">Ilmatsalu 16. september 2008</a><br><a data-url="https://sisu.ut.ee/zrpildid/pahni-28-31-07-2008" href="https://sisu.ut.ee/zrpildid/pahni-28-31-07-2008" title="">Pähni, Varstu vald, Võrumaa 28.-31. juuli 2008</a><br><a data-url="https://sisu.ut.ee/zrpildid/pahni-14-20-07-2008" href="https://sisu.ut.ee/zrpildid/pahni-14-20-07-2008" title="">Pähni, jalgrattamatk Võrumaal 14.-20. juuli 2008</a><br><a data-url="https://sisu.ut.ee/zrpildid/pariisi-kula-6-9-06-2008" href="https://sisu.ut.ee/zrpildid/pariisi-kula-6-9-06-2008" title="">Pariisi küla, Lääne-Virumaa 6.-9. juuni 2008</a><br><a data-url="https://sisu.ut.ee/zrpildid/alatskivi-ilmatsalu-kevad-2008" href="https://sisu.ut.ee/zrpildid/alatskivi-ilmatsalu-kevad-2008" title="">Alatskivi 24. aprill 2008 ja Ilmatsalu Linnutee 21. mai 2008</a></span></span><br><span style="font-size:16px"><span style="font-family:Verdana,Geneva,sans-serif"><a data-url="https://sisu.ut.ee/zrpildid/marguse-1-3-02-2008" href="https://sisu.ut.ee/zrpildid/marguse-1-3-02-2008" title="">Marguse puhkeküla 1.-3. veebruar 2008</a></span></span>
</p>
<p>
	<span style="font-size:16px"><span style="font-family:Verdana,Geneva,sans-serif"><img decoding="async" alt="" src="https://sisu.ut.ee/wp-content/uploads/sites/427/pa106.jpg" style="width: 750px;height: 500px"></span></span></p>

<p>Geoloogiamuuseumi näitus “Raul Lunia dinosaurused” detsember 2008Ilmatsalu 16. september 2008Pähni, Varstu vald, Võrumaa 28.-31. juuli 2008Pähni, jalgrattamatk Võrumaal 14.-20. juuli 2008Pariisi küla, Lääne-Virumaa 6.-9. juuni 2008Alatskivi 24. aprill 2008 ja Ilmatsalu Linnutee 21. mai 2008Marguse puhkeküla 1.-3. veebruar 2008</p>
