{"id":8,"date":"2024-04-03T23:08:45","date_gmt":"2024-04-03T20:08:45","guid":{"rendered":"https:\/\/sisu.ut.ee\/zoterojuhend\/avaleht\/"},"modified":"2024-09-03T10:20:10","modified_gmt":"2024-09-03T07:20:10","slug":"avaleht","status":"publish","type":"page","link":"https:\/\/sisu.ut.ee\/zoterojuhend\/","title":{"rendered":"Zotero installeerimine"},"content":{"rendered":"<p><strong>Zotero installeerimine<\/strong><\/p>\n\n\n\n<p>Minge Zotero kodulehele\u00a0<a style=\"font-weight: normal;\" href=\"http:\/\/www.zotero.org\/\" target=\"_blank\" rel=\"noopener\">www.zotero.org<\/a>\u00a0ja kl\u00f5psake nuppu <strong>Download <\/strong>ning valige <strong>Zotero 7.0. for Windows<\/strong>.\u00a0 Zotero tunneb automaatselt \u00e4ra, millist operatsioonis\u00fcsteemi v\u00f5i brauserit kasutate. Allpool on juhised ka teiste operatsioonis\u00fcsteemide jaoks. J\u00e4rgige juhiseid. Installeerimise j\u00e4rel ilmub arvuti t\u00f6\u00f6lauale Zotero ikoon<strong> Z<\/strong>, mis avab Zotero programmi arvuti t\u00f6\u00f6laual eraldi aknas.<\/p>\n\n\n\n<p>Zotero allalaadimise lehelt paremalt installeerige ka selle veebilehitseja <strong>Zotero Connector<\/strong>, mida kasutate. See on Zotero laiendus, mis v\u00f5imaldab veebist Zoterosse kirjeid kanda. Kui see on tehtud, ilmub aadressiribale paremale v\u00e4ike ikoon ja sellel kl\u00f5psates saategi Zoterosse veebilehtedelt ja andmebaasidest kirjeid lisada. Kui ikooni p\u00e4rast laienduse installeerimist ei ilmu, kl\u00f5psake aadressiriba juures olevale puslet\u00fcki ikoonile ja kinnitage Zotero Connector sealt \u201cn\u00f6\u00f6pn\u00f5elaga\u201d aadressiribale.<\/p>\n\n\n\n<p><strong>Registreerige end Zotero kasutajaks <\/strong><a href=\"https:\/\/www.zotero.org\/user\/register\/\" target=\"_blank\" rel=\"noopener\">https:\/\/www.zotero.org\/user\/register\/<\/a>. \u00a0Siis<strong>\u00a0<\/strong>saate Zoterot erinevatest arvutitest\u00a0<span style=\"line-height: 1.6em;\">kasutada ning kirjeid <\/span><span style=\"line-height: 1.6em;\">ka veebis n\u00e4ha.\u00a0Kui olete erinevate arvutitega t\u00f6\u00f6tades Zoterosse kirjeid lisanud, s\u00fcnkroonitakse need automaatselt ning lisatakse teie isiklikku andmebaasi. Zotero kasutajaga saate Zotero pilves tasuta s\u00e4ilitada 300MB jagu kirjeid ja PDF-e.\u00a0<\/span><\/p>\n\n\n\n<p><span style=\"line-height: 1.6em;\"><strong>Sisselogimiseks<\/strong> valige Zotero t\u00f6\u00f6riistaribal <\/span><em>Edit\/Redigeerimine\u00a0 &gt; Settings\/S\u00e4tted &gt; Sync\/S\u00fcnkroonimine<\/em><span style=\"line-height: 1.6em;\">\u00a0ning sisestage oma Zotero kasutajanimi ja parool.<\/span><\/p>\n\n\n\n<p><strong><span data-mce-mark=\"1\" style=\"line-height: 1.6em;\">\u00a0<\/span><a href=\"https:\/\/ut.cloud.panopto.eu\/Panopto\/Pages\/Viewer.aspx?id=53c9d065-878e-4d63-87f7-b1ce0063569f\" target=\"_blank\" rel=\"noreferrer noopener\">Zotero p\u00f5hifunktsioone tutvustav video<\/a><\/strong><\/p>\n\n\n<p><\/p><div class=\"ratio ratio-16x9 mb-3\"><div class=\"video-placeholder-wrapper video-placeholder-wrapper--16x9\">\n\t\t\t    <div class=\"video-placeholder d-flex justify-content-center align-items-center\">\n\t\t\t        <div class=\"overlay text-white p-2 w-100 text-center d-block justify-content-center align-items-center\">\n\t\t\t            <div>Kolmandate osapoolte sisu n\u00e4gemiseks palun n\u00f5ustu k\u00fcpsistega.<\/div>\n\t\t\t            <button class=\"btn btn-secondary btn-sm mt-1 consent-change\">Muuda n\u00f5usolekut<\/button>\n\t\t\t        <\/div>\n\t\t\t    <\/div>\n\t\t\t<\/div>\n<\/div>\n\n\n\n<p><\/p>\n\n\n\n<p>Zotero juhendid inglise keeles\u00a0<a title=\"\" href=\"https:\/\/www.zotero.org\/support\/quick_start_guide\" target=\"_blank\" rel=\"noopener\" data-url=\"https:\/\/www.zotero.org\/support\/quick_start_guide\">https:\/\/www.zotero.org\/support\/quick_start_guide<\/a><\/p>\n","protected":false},"excerpt":{"rendered":"<p>Zotero installeerimine Minge Zotero kodulehele\u00a0www.zotero.org\u00a0ja kl\u00f5psake nuppu Download ning valige Zotero 7.0. for Windows.\u00a0 Zotero tunneb automaatselt \u00e4ra, millist operatsioonis\u00fcsteemi v\u00f5i brauserit kasutate. Allpool on juhised ka teiste operatsioonis\u00fcsteemide jaoks. J\u00e4rgige juhiseid. Installeerimise j\u00e4rel ilmub arvuti t\u00f6\u00f6lauale Zotero ikoon Z, &#8230;<\/p>\n","protected":false},"author":5,"featured_media":0,"parent":0,"menu_order":0,"comment_status":"closed","ping_status":"closed","template":"","meta":{"_acf_changed":false,"inline_featured_image":false,"footnotes":""},"class_list":["post-8","page","type-page","status-publish","hentry"],"acf":[],"_links":{"self":[{"href":"https:\/\/sisu.ut.ee\/zoterojuhend\/wp-json\/wp\/v2\/pages\/8","targetHints":{"allow":["GET"]}}],"collection":[{"href":"https:\/\/sisu.ut.ee\/zoterojuhend\/wp-json\/wp\/v2\/pages"}],"about":[{"href":"https:\/\/sisu.ut.ee\/zoterojuhend\/wp-json\/wp\/v2\/types\/page"}],"author":[{"embeddable":true,"href":"https:\/\/sisu.ut.ee\/zoterojuhend\/wp-json\/wp\/v2\/users\/5"}],"replies":[{"embeddable":true,"href":"https:\/\/sisu.ut.ee\/zoterojuhend\/wp-json\/wp\/v2\/comments?post=8"}],"version-history":[{"count":4,"href":"https:\/\/sisu.ut.ee\/zoterojuhend\/wp-json\/wp\/v2\/pages\/8\/revisions"}],"predecessor-version":[{"id":246,"href":"https:\/\/sisu.ut.ee\/zoterojuhend\/wp-json\/wp\/v2\/pages\/8\/revisions\/246"}],"wp:attachment":[{"href":"https:\/\/sisu.ut.ee\/zoterojuhend\/wp-json\/wp\/v2\/media?parent=8"}],"curies":[{"name":"wp","href":"https:\/\/api.w.org\/{rel}","templated":true}]}}