{"id":6,"date":"2024-04-03T23:08:45","date_gmt":"2024-04-03T20:08:45","guid":{"rendered":"https:\/\/sisu.ut.ee\/zoterojuhend\/ms-wordi-lisad-viitamine-ja-bibliograafia-loomine\/"},"modified":"2026-02-17T18:39:49","modified_gmt":"2026-02-17T16:39:49","slug":"ms-wordi-lisad-viitamine-ja-bibliograafia-loomine","status":"publish","type":"page","link":"https:\/\/sisu.ut.ee\/zoterojuhend\/ms-wordi-lisad-viitamine-ja-bibliograafia-loomine\/","title":{"rendered":"Tekstisisene viitamine ja automaatne bibliograafia loomine. MS Wordi ja LibreOffice&#8217;i lisad."},"content":{"rendered":"<p>Zotero allalaadimisel peaks <strong>Microsoft Word\u2019i<\/strong> ja <strong>LibreOffice\u2019isse<\/strong> automaatselt tekkima Zotero t\u00f6\u00f6riistariba,\u00a0mis teeb viidete lisamise ja bibliograafia moodustamise mugavaks.<br>\nZotero allalaadimisel tekib Zotero lisa ka Google Docs\u2019i.<\/p>\n<p><img loading=\"lazy\" decoding=\"async\" width=\"661\" height=\"118\" class=\"alignnone wp-image-47\" style=\"width: 661px; height: 118px;\" title=\"Zotero t\u00f6\u00f6riistariba Wordis\" src=\"https:\/\/sisu.ut.ee\/wp-content\/uploads\/sites\/15\/zotero_word.png\" alt=\"s\" srcset=\"https:\/\/sisu.ut.ee\/wp-content\/uploads\/sites\/15\/zotero_word.png 661w, https:\/\/sisu.ut.ee\/wp-content\/uploads\/sites\/15\/zotero_word-300x54.png 300w\" sizes=\"auto, (max-width: 661px) 100vw, 661px\"><\/p>\n<p>Kui Zotero t\u00f6\u00f6riistariba ei ole tekkinud, saab seda ka ise paigaldada.\u00a0Kl\u00f5psake Zotero aknas <em>Redigeerimine<\/em> ning valige <em>S\u00e4tted -&gt; Viitamine -&gt; Tekstiredaktorid<\/em>. Valige, millele te tahate Zotero lisa paigaldada.<\/p>\n<p><img loading=\"lazy\" decoding=\"async\" class=\"alignnone wp-image-234 \" style=\"width: 510px; height: 370px;\" title=\"Zotero lisade paigaldamine\" src=\"https:\/\/sisu.ut.ee\/wp-content\/uploads\/sites\/15\/tekstiredaktorid.png\" alt=\"\" width=\"770\" height=\"558\" srcset=\"https:\/\/sisu.ut.ee\/wp-content\/uploads\/sites\/15\/tekstiredaktorid.png 770w, https:\/\/sisu.ut.ee\/wp-content\/uploads\/sites\/15\/tekstiredaktorid-300x217.png 300w, https:\/\/sisu.ut.ee\/wp-content\/uploads\/sites\/15\/tekstiredaktorid-768x557.png 768w\" sizes=\"auto, (max-width: 770px) 100vw, 770px\"><\/p>\n<h2><strong style=\"line-height: 1.6em;\">Viitamine<\/strong><\/h2>\n<p>Zotero kodulehel http:\/\/<a href=\"http:\/\/www.zotero.org\" target=\"_blank\" rel=\"noopener\">www.zotero.org<\/a> sisse logides n\u00e4ete <em>Web Library<\/em> all k\u00f5iki oma kogutud kirjeid, kuid seal t\u00f6\u00f6tavad vaid \u00fcksikud Zotero funktsioonid. Kirjetel kl\u00f5psates saab neist \u00fckshaaval valitud stiilis bibliokirje moodustada, neid kopeerida ja kleepida. Tekstisisest viidet moodustada ei saa.<\/p>\n<p><strong>Tekstisisese viite lisamine<\/strong><\/p>\n<p>Zotero programm peab olema avatud. Viitamise alustamiseks viige kursor tekstis sinna, kuhu soovite viidet lisada.\u00a0Avage Wordis t\u00f6\u00f6riistariba Zotero. Kl\u00f5psake\u00a0avanenud t\u00f6\u00f6riistaribal k\u00f5ige vasakpoolsemale ikoonile\u00a0<em>Add\/Edit citation.<\/em><\/p>\n<p><img loading=\"lazy\" decoding=\"async\" width=\"54\" height=\"71\" class=\"alignnone wp-image-43\" title=\"2017-12-03_21_56_24-document1_-_word.png\" src=\"https:\/\/sisu.ut.ee\/wp-content\/uploads\/sites\/15\/2017-12-03_21_56_24-document1_-_word.png\" alt=\"2017-12-03_21_56_24-document1_-_word.png\"><\/p>\n<p>Avaneb aken<em style=\"line-height: 1.6em;\"> Dokumendi s\u00e4tted<\/em>, kus saate valida\u00a0soovitud <strong>viitamisstiili<\/strong> ning viite keele.<br>\nSeej\u00e4rel avaneb punane <strong>Zotero otsingukast<\/strong>. Seal pakutakse esmalt Zotero raamatukogus aktiivseks tehtud artikleid.<\/p>\n<p><img loading=\"lazy\" decoding=\"async\" class=\"alignnone wp-image-237 size-full\" title=\"Viitamiseks kirje otsimine Zoterost\" src=\"https:\/\/sisu.ut.ee\/wp-content\/uploads\/sites\/15\/viidete-valik.png\" alt=\"\" width=\"545\" height=\"304\" srcset=\"https:\/\/sisu.ut.ee\/wp-content\/uploads\/sites\/15\/viidete-valik.png 545w, https:\/\/sisu.ut.ee\/wp-content\/uploads\/sites\/15\/viidete-valik-300x167.png 300w\" sizes=\"auto, (max-width: 545px) 100vw, 545px\"><\/p>\n<p>Kui soovite viidata m\u00f5nele teisele kirjele, siis selleks on mitu v\u00f5imalust.<\/p>\n<p><strong>1)<\/strong> Sisestage s\u00f5na v\u00f5i selle osa otsitavast kirjest \u2013 see v\u00f5ib olla pealkiri, autor, ajakirja nimi. Avaneb otsingule vastavate kirjete nimekiri. Valige sobiv v\u00e4lja ning kl\u00f5psake. Seej\u00e4rel n\u00e4ete, kuidas viide v\u00e4lja n\u00e4eb. Vajutage <em>Enter <\/em>ja viide lisatakse\u00a0t\u00f6\u00f6sse.<\/p>\n<p>Kui soovite sama v\u00e4ite v\u00f5i l\u00f5igu kohta <strong>lisada veel viiteid<\/strong>, \u00e4rge enterit vajutage, vaid j\u00e4tkake uue viite otsis\u00f5na tr\u00fckkimisega.<\/p>\n<p>Viite t\u00e4iendamiseks kl\u00f5psake enne <em>Enter<\/em>i\u00a0vajutamist kasti tekkinud viitel. Avaneb lisaaken, kus saab lisada lehek\u00fcljenumbreid, peita viitekirjes autori nime jne. Kui viide on korras, kl\u00f5psake <em>Enter<\/em> ning viide sisestatakse t\u00f6\u00f6sse.\u00a0Kuni kirjet\u00a0pole\u00a0v\u00e4lja valitud ja sisestatud, on tekstis kirje koha peal loogelistes sulgudes kiri <em>{Citation}<\/em>. See j\u00e4\u00e4b sinna \u201ckohahoidjana\u201d ka siis, kui te kirje sisestamisest loobute.<\/p>\n<p><img loading=\"lazy\" decoding=\"async\" class=\"alignnone wp-image-236 size-full\" title=\"Viite t\u00e4iendamine\" src=\"https:\/\/sisu.ut.ee\/wp-content\/uploads\/sites\/15\/lk-lisamine.png\" alt=\"\" width=\"606\" height=\"303\" srcset=\"https:\/\/sisu.ut.ee\/wp-content\/uploads\/sites\/15\/lk-lisamine.png 606w, https:\/\/sisu.ut.ee\/wp-content\/uploads\/sites\/15\/lk-lisamine-300x150.png 300w\" sizes=\"auto, (max-width: 606px) 100vw, 606px\"><\/p>\n<p><strong>2)<\/strong>Kui soovite valida kirjeid otse Zotero kaustadest, kl\u00f5psake punases otsingukastis Zotero ikoonil ja valige<em style=\"line-height: 1.6em;\"> Tavaline vaade. <\/em><\/p>\n<p><img loading=\"lazy\" decoding=\"async\" class=\"alignnone wp-image-235 size-full\" title=\"Tavaline vaade\" src=\"https:\/\/sisu.ut.ee\/wp-content\/uploads\/sites\/15\/tavaline-vaade.png\" alt=\"\" width=\"274\" height=\"133\"><\/p>\n<p><em style=\"line-height: 1.6em;\">V<\/em>aikimisi tavalise vaate valimiseks kl\u00f5psake Zotero t\u00f6\u00f6riistaribal <em>Redigeerimine<\/em>, valige <em>S\u00e4tted -&gt; Viitamine<\/em> -&gt; <em>Tekstiredaktorid<\/em>\u00a0ning tehke linnuke kasti<em style=\"line-height: 1.6em;\"> Tavaline tsitaadi lisamise vorm<\/em>.<\/p>\n<p>Kui olete valinud tavalise vaate viite sisestamiseks, siis saate samas aknas all enne sisestamist viiteid t\u00e4iendada, n\u00e4iteks lisada lehek\u00fcljenumbri v\u00f5i peita autori nime (<em>Omit Author<\/em>). Kui tekib vajadus kirjet rohkem toimetada, kl\u00f5psake <em style=\"line-height: 1.6em;\">Toimetaja n\u00e4idata \u2026 <\/em>Selliselt toimetatud kirjeid ei saa aga p\u00e4rast automaatselt muuta, seega tasuks kirjet enne viite sisestamist\u00a0parandada ikkagi Zotero programmi toimetaja aknas.<\/p>\n<p><strong>Mitme viite lisamiseks<\/strong> kl\u00f5psake <em style=\"line-height: 1.6em;\">Mitmed allikad<\/em>. Toimetaja aknasse ilmub lisakast, kuhu allkaid lisada.<\/p>\n<p><img loading=\"lazy\" decoding=\"async\" class=\"alignnone wp-image-238 size-full\" title=\"Tavalises vaates kirjete sisestamine koos redigeerimisega.\" src=\"https:\/\/sisu.ut.ee\/wp-content\/uploads\/sites\/15\/mitu-allikat.png\" alt=\"\" width=\"739\" height=\"623\" srcset=\"https:\/\/sisu.ut.ee\/wp-content\/uploads\/sites\/15\/mitu-allikat.png 739w, https:\/\/sisu.ut.ee\/wp-content\/uploads\/sites\/15\/mitu-allikat-300x253.png 300w\" sizes=\"auto, (max-width: 739px) 100vw, 739px\"><\/p>\n<p>Bibliograafia luuakse sisestatud viidetest. Viige kursor kohta, kuhu bibliograafia sisestada ning kl\u00f5psake ikooni <em>Add\/Edit Bibliography<\/em><\/p>\n<p><img loading=\"lazy\" decoding=\"async\" class=\"alignnone size-medium wp-image-239\" src=\"https:\/\/sisu.ut.ee\/wp-content\/uploads\/sites\/15\/add-bib-300x160.png\" alt=\"\" width=\"300\" height=\"160\" srcset=\"https:\/\/sisu.ut.ee\/wp-content\/uploads\/sites\/15\/add-bib-300x160.png 300w, https:\/\/sisu.ut.ee\/wp-content\/uploads\/sites\/15\/add-bib.png 350w\" sizes=\"auto, (max-width: 300px) 100vw, 300px\"><\/p>\n<p>Kui teksti viiteid\u00a0lisate, toimuvad muutused ka bibliograafias. Kui tekstist viiteid eemaldada, muutub ka bibliograafia, kui kl\u00f5psate Zotero t\u00f6\u00f6riistaribal <em>Refresh<\/em>.<\/p>\n<p><img loading=\"lazy\" decoding=\"async\" class=\"alignnone wp-image-241 size-full\" src=\"https:\/\/sisu.ut.ee\/wp-content\/uploads\/sites\/15\/biblii.png\" alt=\"\" width=\"631\" height=\"416\" srcset=\"https:\/\/sisu.ut.ee\/wp-content\/uploads\/sites\/15\/biblii.png 631w, https:\/\/sisu.ut.ee\/wp-content\/uploads\/sites\/15\/biblii-300x198.png 300w\" sizes=\"auto, (max-width: 631px) 100vw, 631px\"><\/p>\n<p>Kl\u00f5psates Zotero t\u00f6\u00f6riistaribal <em>Document<\/em>\u00a0<em>Preferences<\/em>, saate k\u00f5igi\u00a0viidete stiili muuta \u00fche kl\u00f5psuga.<\/p>\n<p><span style=\"font-weight: 400;\">\u00a0<strong>J\u00e4lgige, et bibliograafias oleksid artiklite ja ajakirjade pealkirjad l\u00e4bivalt kirjutatud \u00fchtemoodi. <\/strong><\/span>\u00a0Nt APA 7 stiilis peab olema ainult artikli v\u00f5i raamatu pealkirja esimene s\u00f5na suure algust\u00e4hega.\u00a0 Kui viide on Zoterosse salvestunud nii, et k\u00f5ik pealkirja s\u00f5nad on suure algust\u00e4hega, siis saab selle Zotero paremas aknas parema hiirekl\u00f5psuga pealkirjal \u00e4ra muuta. APA 7 stiili j\u00e4rgi peaks v\u00e4ljaande (ajakiri, artiklikogumik vm) pealkirjad olema l\u00e4bivalt suurte algust\u00e4htedega. Kui originaalis on need l\u00e4bivalt suurt\u00e4htedega ja tulevad nii ka Zoterosse, siis tuleb see Zoteros paremal toimetamise aknas parema hiirekl\u00f5psuga v\u00e4ljaande pealkirjal \u00e4ra muuta.<\/p>\n<p>Seega, kui peate viite aluseks olnud kirjet parandama, tehke seda <strong>Zotero programmi toimetaja aknas<\/strong>. P\u00e4rast kirje parandamist kl\u00f5psake <em>Refresh<\/em> ja parandus kajastub ka sisestatud viites. Viiteid saab muuta ka dokumendis\u00a0k\u00e4sitsi, kl\u00f5psates t\u00f6\u00f6riistaribal\u00a0<em>Unlink Citations<\/em>, kuid sellisel juhul ei ole dokument enam Zoteroga seotud \u2013\u00a0<em>Refresh<\/em> ei toimi enam ning samuti ei ole v\u00f5imalik \u00fche kl\u00f5psuga muuta k\u00f5igi viidete stiili.<\/p>\n","protected":false},"excerpt":{"rendered":"<p>Zotero allalaadimisel peaks Microsoft Word\u2019i ja LibreOffice\u2019isse automaatselt tekkima Zotero t\u00f6\u00f6riistariba,\u00a0mis teeb viidete lisamise ja bibliograafia moodustamise mugavaks. Zotero allalaadimisel tekib Zotero lisa ka Google Docs\u2019i. Kui Zotero t\u00f6\u00f6riistariba ei ole tekkinud, saab seda ka ise paigaldada.\u00a0Kl\u00f5psake Zotero aknas Redigeerimine &#8230;<\/p>\n","protected":false},"author":5,"featured_media":0,"parent":0,"menu_order":0,"comment_status":"closed","ping_status":"closed","template":"","meta":{"_acf_changed":false,"inline_featured_image":false,"footnotes":""},"class_list":["post-6","page","type-page","status-publish","hentry"],"acf":[],"_links":{"self":[{"href":"https:\/\/sisu.ut.ee\/zoterojuhend\/wp-json\/wp\/v2\/pages\/6","targetHints":{"allow":["GET"]}}],"collection":[{"href":"https:\/\/sisu.ut.ee\/zoterojuhend\/wp-json\/wp\/v2\/pages"}],"about":[{"href":"https:\/\/sisu.ut.ee\/zoterojuhend\/wp-json\/wp\/v2\/types\/page"}],"author":[{"embeddable":true,"href":"https:\/\/sisu.ut.ee\/zoterojuhend\/wp-json\/wp\/v2\/users\/5"}],"replies":[{"embeddable":true,"href":"https:\/\/sisu.ut.ee\/zoterojuhend\/wp-json\/wp\/v2\/comments?post=6"}],"version-history":[{"count":6,"href":"https:\/\/sisu.ut.ee\/zoterojuhend\/wp-json\/wp\/v2\/pages\/6\/revisions"}],"predecessor-version":[{"id":304,"href":"https:\/\/sisu.ut.ee\/zoterojuhend\/wp-json\/wp\/v2\/pages\/6\/revisions\/304"}],"wp:attachment":[{"href":"https:\/\/sisu.ut.ee\/zoterojuhend\/wp-json\/wp\/v2\/media?parent=6"}],"curies":[{"name":"wp","href":"https:\/\/api.w.org\/{rel}","templated":true}]}}