{"id":22,"date":"2024-04-03T23:08:46","date_gmt":"2024-04-03T20:08:46","guid":{"rendered":"https:\/\/sisu.ut.ee\/zoterojuhend\/zbib-viidete-loomine-veebis\/"},"modified":"2025-10-06T10:47:14","modified_gmt":"2025-10-06T07:47:14","slug":"zbib-viidete-loomine-veebis","status":"publish","type":"page","link":"https:\/\/sisu.ut.ee\/zoterojuhend\/zbib-viidete-loomine-veebis\/","title":{"rendered":"Zbib. Viidete loomine veebis"},"content":{"rendered":"<p><b>ZoteroBib v\u00f5i Zbib<\/b><\/p>\n<p>ZoteroBib ehk Zbib on Zotero arendajate poolt v\u00e4lja t\u00f6\u00f6tatud suhteliselt uus ning mugav veebit\u00f6\u00f6riist. Zbib v\u00f5imaldab ilma konto loomiseta v\u00f5i tarkvara installeerimata koostada igast seadmest viiteid ja bibliograafiat. Kuna t\u00f6\u00f6riista kasutamine ei eelda kasutajaks registreerimist, puuduvad sel m\u00f5ned funktsioonid, mis on k\u00e4ttesaadavad Zotero veebi- ja t\u00f6\u00f6lauaversioonis, n\u00e4iteks m\u00e4rkmete ja manuste lisamine v\u00f5i Zotero Connectori kaudu kirjete t\u00f5mbamine. Seet\u00f5ttu soovitame Zbibi pigem l\u00fchiajaliseks kasutamiseks, kui muud v\u00f5imalused puuduvad.<\/p>\n<p><b>Kuidas Zbib-i kasutada?<\/b><\/p>\n<p>Minge veebilehele <a href=\"https:\/\/zbib.org\/\" target=\"_blank\" rel=\"noopener\">https:\/\/zbib.org\/<\/a>. Otsige raamatut ISBN-i, artiklit DOI, PMID, arXiv Id v\u00f5i muu identifitseeriva info j\u00e4rgi. Soovi korral v\u00f5i kui Zbib kirjet ei leia, saate selle ise lisada, vajutades ikoonile Manual Entry.<\/p>\n<p><img decoding=\"async\" title=\"\" src=\"https:\/\/sisu.ut.ee\/wp-content\/uploads\/sites\/15\/1.png\" alt=\"\" data-file_info=\"%7B%22fid%22:%2278489%22,%22view_mode%22:%22default%22,%22type%22:%22media%22%7D\"><\/p>\n<p>Peale kirje leidmist saate valida endale sobiva viitamisstiili. Vaikimisi on selleks MLA ning stiili saab rippmen\u00fc\u00fcst muuta.<\/p>\n<p><img decoding=\"async\" title=\"\" src=\"https:\/\/sisu.ut.ee\/wp-content\/uploads\/sites\/15\/2.png\" alt=\"\" data-file_info=\"%7B%22fid%22:%2278490%22,%22view_mode%22:%22default%22,%22type%22:%22media%22%7D\"><\/p>\n<p>Kindlasti kontrollige, et teie viide oleks korrektne. Selle muutmiseks kl\u00f5psake viitel.<img decoding=\"async\" title=\"\" src=\"https:\/\/sisu.ut.ee\/wp-content\/uploads\/sites\/15\/3.png\" alt=\"\" data-file_info=\"%7B%22fid%22:%2278494%22,%22view_mode%22:%22default%22,%22type%22:%22media%22%7D\"><\/p>\n<p>Peale viite kontrollimist saate luua tekstisisese viite v\u00f5i bibliograafia. Tekstisisese viite lisamiseks kl\u00f5psake viite k\u00f5rval olevale jutum\u00e4rgi ikoonile.<\/p>\n<p><img decoding=\"async\" title=\"\" src=\"https:\/\/sisu.ut.ee\/wp-content\/uploads\/sites\/15\/4.png\" alt=\"\" data-file_info=\"%7B%22fid%22:%2278491%22,%22view_mode%22:%22default%22,%22type%22:%22media%22%7D\"><\/p>\n<p>Avanenud h\u00fcpikaknas on teil v\u00f5imalik vastavalt enda vajadustele t\u00e4psustada n\u00e4iteks lehek\u00fcljenumbreid. Tehes linnukese Omit author\u00a0ette, esineb viites ainult ilmumise aasta (ja lehek\u00fcljenumber kui olete selle lisanud). Tekstisisese viite kopeerimiseks kl\u00f5psake nupul Copy Citation\u00a0ning kleepige see enda dokumenti.<\/p>\n<p><img decoding=\"async\" title=\"\" src=\"https:\/\/sisu.ut.ee\/wp-content\/uploads\/sites\/15\/5.png\" alt=\"\" data-file_info=\"%7B%22fid%22:%2278492%22,%22view_mode%22:%22default%22,%22type%22:%22media%22%7D\"><\/p>\n<p>\u00dcksikute viidete kopeerimiseks kl\u00f5psake paberilehe ikoonile ning kleepige see enda dokumenti.<\/p>\n<p><img decoding=\"async\" title=\"\" src=\"https:\/\/sisu.ut.ee\/wp-content\/uploads\/sites\/15\/6.png\" alt=\"\" data-file_info=\"%7B%22fid%22:%2278493%22,%22view_mode%22:%22default%22,%22type%22:%22media%22%7D\"><\/p>\n<p>Kui olete oma dokumendis kasutanud rohkem kui \u00fcht viidet, saate kopeerida v\u00f5i eksportida loodud bibliograafia. Selleks kl\u00f5psake nupul Copy to Clipboard\u00a0ja kleepige viited enda dokumenti. Kui soovite viiteid eksportida n\u00e4iteks Zoterosse v\u00f5i Mendeleysse, kl\u00f5psake paremal asuvale noolele ning valige rippmen\u00fc\u00fcst endale sobiv failiformaat. Soovi korral v\u00f5ite k\u00f5ik viited korraga kustutada kl\u00f5psates nupule Delete Bibliography.<\/p>\n<p><img decoding=\"async\" title=\"\" src=\"https:\/\/sisu.ut.ee\/wp-content\/uploads\/sites\/15\/7.png\" alt=\"\" data-file_info=\"%7B%22fid%22:%2278495%22,%22view_mode%22:%22default%22,%22type%22:%22media%22%7D\"><\/p>\n<p>Zbib v\u00f5imaldab teil luua t\u00f6\u00f6versioonist veebilink. Selleks kl\u00f5psake nupule Create\u00a0ning seej\u00e4rel\u00a0Copy URL.<\/p>\n<p><img decoding=\"async\" title=\"\" src=\"https:\/\/sisu.ut.ee\/wp-content\/uploads\/sites\/15\/8.png\" alt=\"\" data-file_info=\"%7B%22fid%22:%2278496%22,%22view_mode%22:%22default%22,%22type%22:%22media%22%7D\"><\/p>\n<p>See v\u00f5imaldab teil lisatud allikad kustutada ja hiljem nende juurde naasta. Lingitud versioon ei s\u00e4ili Zotero serverites kaua, seega ei soovita me seda regulaarselt kasutada. Pigem sobib variant nendele, kes soovivad allikate loetelu teistega jagada v\u00f5i kui t\u00f6\u00f6tate dokumendi kallal erinevates seadmetes.<\/p>\n<p>NB!\u00a0Zbib salvestab k\u00f5ik teie poolt lisatud allikad teie veebibrauseri puhverm\u00e4lusse. Kui te t\u00fchjendate oma puhverm\u00e4lu, kaotate k\u00f5ik Zbibi lisatud andmed, kui te ei loo nendest lingitud versiooni. Veenduge, et loote t\u00f6\u00f6versioonist veebilingi v\u00f5i salvestate loodud bibliograafia oma dokumenti, sest peale puhverm\u00e4lu t\u00fchjendamist ei ole v\u00f5imalik allikate loetelu taastada.<\/p>\n<p>Rohkem infot leiate <a title=\"\" href=\"https:\/\/zbib.org\/faq\" target=\"_blank\" rel=\"noopener\" data-url=\"https:\/\/zbib.org\/faq\">Zbibi kodulehelt<\/a>.<\/p>\n","protected":false},"excerpt":{"rendered":"<p>ZoteroBib v\u00f5i Zbib ZoteroBib ehk Zbib on Zotero arendajate poolt v\u00e4lja t\u00f6\u00f6tatud suhteliselt uus ning mugav veebit\u00f6\u00f6riist. Zbib v\u00f5imaldab ilma konto loomiseta v\u00f5i tarkvara installeerimata koostada igast seadmest viiteid ja bibliograafiat. Kuna t\u00f6\u00f6riista kasutamine ei eelda kasutajaks registreerimist, puuduvad sel &#8230;<\/p>\n","protected":false},"author":5,"featured_media":0,"parent":0,"menu_order":0,"comment_status":"closed","ping_status":"closed","template":"","meta":{"_acf_changed":false,"inline_featured_image":false,"footnotes":""},"class_list":["post-22","page","type-page","status-publish","hentry"],"acf":[],"_links":{"self":[{"href":"https:\/\/sisu.ut.ee\/zoterojuhend\/wp-json\/wp\/v2\/pages\/22","targetHints":{"allow":["GET"]}}],"collection":[{"href":"https:\/\/sisu.ut.ee\/zoterojuhend\/wp-json\/wp\/v2\/pages"}],"about":[{"href":"https:\/\/sisu.ut.ee\/zoterojuhend\/wp-json\/wp\/v2\/types\/page"}],"author":[{"embeddable":true,"href":"https:\/\/sisu.ut.ee\/zoterojuhend\/wp-json\/wp\/v2\/users\/5"}],"replies":[{"embeddable":true,"href":"https:\/\/sisu.ut.ee\/zoterojuhend\/wp-json\/wp\/v2\/comments?post=22"}],"version-history":[{"count":2,"href":"https:\/\/sisu.ut.ee\/zoterojuhend\/wp-json\/wp\/v2\/pages\/22\/revisions"}],"predecessor-version":[{"id":273,"href":"https:\/\/sisu.ut.ee\/zoterojuhend\/wp-json\/wp\/v2\/pages\/22\/revisions\/273"}],"wp:attachment":[{"href":"https:\/\/sisu.ut.ee\/zoterojuhend\/wp-json\/wp\/v2\/media?parent=22"}],"curies":[{"name":"wp","href":"https:\/\/api.w.org\/{rel}","templated":true}]}}