{"id":21,"date":"2024-04-03T23:08:45","date_gmt":"2024-04-03T20:08:45","guid":{"rendered":"https:\/\/sisu.ut.ee\/zoterojuhend\/jurism-zotero-juristidele\/"},"modified":"2024-04-03T23:08:56","modified_gmt":"2024-04-03T20:08:56","slug":"jurism-zotero-juristidele","status":"publish","type":"page","link":"https:\/\/sisu.ut.ee\/zoterojuhend\/jurism-zotero-juristidele\/","title":{"rendered":"JurisM . Zotero  juristidele"},"content":{"rendered":"<p>\n\t<img loading=\"lazy\" decoding=\"async\" width=\"116\" height=\"42\" class=\"alignnone wp-image-98\" src=\"https:\/\/sisu.ut.ee\/wp-content\/uploads\/sites\/15\/jurism_logo.png\" title=\"jurism_logo.png\" alt=\"jurism_logo.png\">\u00a0on Zotero variant, kus on lisafunktsioonid \u00f5igusalaste materjalide haldamiseks.<strong> P\u00f5hiosas t\u00f6\u00f6tab JurisM samamoodi kui Zotero ning selle kohta kehtivad k\u00f5ik Zotero juhendid. \u00a0<\/strong>Juures on m\u00f5ned viitamisstiilid ning v\u00f5imalus teha mitmekeelseid viiteid.\u00a0\n<\/p>\n<p>\n\tJurisM allalaadimine:<a href=\"\/\/juris-m.github.io\/downloads\/\" target=\"_blank\" rel=\"noopener\">\u00a0https:\/\/juris-m.github.io\/downloads\/<\/a>\n<\/p>\n<p>\n\tK\u00f5ikide funktsioonide ja lisade kohta on lihtsad ja h\u00e4sti leitavad juhendid.\u00a0\n<\/p>\n<p>\n\t<a data-url=\"http:\/\/www.slideshare.net\/jlutz\/generating-an-excel-spreadsheet-from-jurism-citation-manager?from_action=save\" href=\"http:\/\/www.slideshare.net\/jlutz\/generating-an-excel-spreadsheet-from-jurism-citation-manager?from_action=save\" target=\"_blank\" title=\"\" rel=\"noopener\">JurisM kasutamine ja viidete eksportimine Ecxelisse.<\/a>\n<\/p>\n<p>\n\t\u00a0\n<\/p>\n<p>\n\t<a href=\"http:\/\/www.slideshare.net\/jlutz\/generating-an-excel-spreadsheet-from-jurism-citation-manager?from_action=save\" target=\"_blank\" rel=\"noopener\"><img loading=\"lazy\" decoding=\"async\" width=\"615\" height=\"167\" class=\"alignnone wp-image-97\" src=\"https:\/\/sisu.ut.ee\/wp-content\/uploads\/sites\/15\/jurism1.png\" title=\"jurism1.png\" alt=\"jurism1.png\" srcset=\"https:\/\/sisu.ut.ee\/wp-content\/uploads\/sites\/15\/jurism1.png 615w, https:\/\/sisu.ut.ee\/wp-content\/uploads\/sites\/15\/jurism1-300x81.png 300w\" sizes=\"auto, (max-width: 615px) 100vw, 615px\"><\/a>\n<\/p>\n<p>\n\t\u00a0<\/p>\n","protected":false},"excerpt":{"rendered":"<p>\u00a0on Zotero variant, kus on lisafunktsioonid \u00f5igusalaste materjalide haldamiseks. P\u00f5hiosas t\u00f6\u00f6tab JurisM samamoodi kui Zotero ning selle kohta kehtivad k\u00f5ik Zotero juhendid. \u00a0Juures on m\u00f5ned viitamisstiilid ning v\u00f5imalus teha mitmekeelseid viiteid.\u00a0 JurisM allalaadimine:\u00a0https:\/\/juris-m.github.io\/downloads\/ K\u00f5ikide funktsioonide ja lisade kohta on lihtsad &#8230;<\/p>\n","protected":false},"author":5,"featured_media":0,"parent":0,"menu_order":0,"comment_status":"closed","ping_status":"closed","template":"","meta":{"_acf_changed":false,"inline_featured_image":false,"footnotes":""},"class_list":["post-21","page","type-page","status-publish","hentry"],"acf":[],"_links":{"self":[{"href":"https:\/\/sisu.ut.ee\/zoterojuhend\/wp-json\/wp\/v2\/pages\/21","targetHints":{"allow":["GET"]}}],"collection":[{"href":"https:\/\/sisu.ut.ee\/zoterojuhend\/wp-json\/wp\/v2\/pages"}],"about":[{"href":"https:\/\/sisu.ut.ee\/zoterojuhend\/wp-json\/wp\/v2\/types\/page"}],"author":[{"embeddable":true,"href":"https:\/\/sisu.ut.ee\/zoterojuhend\/wp-json\/wp\/v2\/users\/5"}],"replies":[{"embeddable":true,"href":"https:\/\/sisu.ut.ee\/zoterojuhend\/wp-json\/wp\/v2\/comments?post=21"}],"version-history":[{"count":1,"href":"https:\/\/sisu.ut.ee\/zoterojuhend\/wp-json\/wp\/v2\/pages\/21\/revisions"}],"predecessor-version":[{"id":156,"href":"https:\/\/sisu.ut.ee\/zoterojuhend\/wp-json\/wp\/v2\/pages\/21\/revisions\/156"}],"wp:attachment":[{"href":"https:\/\/sisu.ut.ee\/zoterojuhend\/wp-json\/wp\/v2\/media?parent=21"}],"curies":[{"name":"wp","href":"https:\/\/api.w.org\/{rel}","templated":true}]}}