{"id":15,"date":"2024-04-03T23:08:45","date_gmt":"2024-04-03T20:08:45","guid":{"rendered":"https:\/\/sisu.ut.ee\/zoterojuhend\/mendeley-installeerimine\/"},"modified":"2026-02-19T12:55:07","modified_gmt":"2026-02-19T10:55:07","slug":"mendeley-installeerimine","status":"publish","type":"page","link":"https:\/\/sisu.ut.ee\/zoterojuhend\/mendeley-installeerimine\/","title":{"rendered":"Mendeley installeerimine"},"content":{"rendered":"<p><strong>Mendeley\u00a0<\/strong><a title=\"\" href=\"https:\/\/www.mendeley.com\/\" target=\"_blank\" rel=\"noopener\" data-url=\"https:\/\/www.mendeley.com\/\">https:\/\/www.mendeley.com\/\u00a0<\/a> on Elsevieri kirjastuse viidete haldur, mis t\u00f6\u00f6tab Windowsi, Linuxi ja Maciga ning k\u00f5igi veebilehitsejatega.<\/p>\n<p>Alates 2020. a septembrist on k\u00e4ttesaadav\u00a0Mendeley uus versioon <strong>Mendeley Reference Manager.\u00a0<\/strong><\/p>\n<p>J\u00e4tkuvalt t\u00f6\u00f6tab\u00a0ka <strong>Mendeley Desktop <\/strong>ning seda saab taas ka alla laadida, vt <a href=\"https:\/\/blog.mendeley.com\/2025\/07\/09\/mendeley-is-not-going-anywhere\/\" target=\"_blank\" rel=\"noopener\">https:\/\/blog.mendeley.com\/2025\/07\/09\/mendeley-is-not-going-anywhere\/<\/a><\/p>\n<p>Kuidas Mendeley Desktop\u2019ilt uuele Mendeley Reference Manager\u2019ile \u00fcle minna, vt <a title=\"\" href=\"https:\/\/service.elsevier.com\/app\/answers\/detail\/a_id\/36173\/supporthub\/mendeley\/p\/16075\/\" target=\"_blank\" rel=\"noopener\" data-url=\"https:\/\/service.elsevier.com\/app\/answers\/detail\/a_id\/36173\/supporthub\/mendeley\/p\/16075\/\">https:\/\/service.elsevier.com\/app\/answers\/detail\/a_id\/36173\/supporthub\/mendeley\/p\/16075\/<\/a><\/p>\n<h5><b><br>\nMendeley\u2019ga alustamine<\/b><\/h5>\n<p><span style=\"font-weight: 400;\">Mendeley kodulehel <\/span><a href=\"https:\/\/www.mendeley.com\/\"><span style=\"font-weight: 400;\">https:\/\/www.mendeley.com\/<\/span><\/a><span style=\"font-weight: 400;\"> kl\u00f5psake \u00fcleval nuppu Sign in <\/span><span style=\"font-weight: 400;\">ning looge Mendeley konto. Sama konto kehtib siis ka Elsevieri andmebaasides ScienceDirect ja Scopus.<\/span><span style=\"font-weight: 400;\"><br>\n<\/span><span style=\"font-weight: 400;\">Peale konto loomist saate installeerida oma arvutisse <strong>Men<\/strong><\/span><b>deley Reference Manager\u2019i <\/b>t\u00f6\u00f6lauarakenduse: <a href=\"https:\/\/www.mendeley.com\/download-reference-manager\/windows\" target=\"_blank\" rel=\"noopener\"><span style=\"font-weight: 400;\">https:\/\/www.mendeley.com\/download-reference-manager\/windows<\/span><\/a><\/p>\n<p>Nii vana <strong>Mendeley Desktop<\/strong> kui ka uur <strong>Medeley Reference Manager<\/strong> saavad olla korraga kasutuses ning veebist ja andmebaasidest kirjeid lisades lisanduvad need peale s\u00fcnkroonimist ka Mendeley Desktopi.<\/p>\n<h5><strong><br>\nVahend andmebaasidest ja veebist kirjete lisamiseks\u00a0<\/strong><\/h5>\n<p>Andmebaasidest\u00a0ja veebist materjalide lisamiseks\u00a0Mendeley\u2019sse\u00a0tuleb lisada veebilehitseja j\u00e4rjehoidjaribale <strong>Mendeley Web Importer<\/strong>.<br>\nMinge\u00a0<a title=\"\" href=\"http:\/\/www.mendeley.com\/import\/\" target=\"_blank\" rel=\"noopener\" data-url=\"http:\/\/www.mendeley.com\/import\/\">http:\/\/www.mendeley.com\/import\/<\/a> ning kl\u00f5psake nupul, mis pakub v\u00f5imalust paigaldada kasutatavale veebilehitsejale Mendeley Web Importer.\u00a0<img loading=\"lazy\" decoding=\"async\" width=\"255\" height=\"32\" class=\"alignnone wp-image-71\" title=\"2020-02-21_10_09_06-web_importer_mendeley.png\" src=\"https:\/\/sisu.ut.ee\/wp-content\/uploads\/sites\/15\/2020-02-21_10_09_06-web_importer_mendeley.png\" alt=\"f\"> Lisage see oma veebilehitsejale, j\u00e4rgides juhiseid. Esimest korda kasutades tuleb oma Mendeley kasutajatunnustega sisse logida.<\/p>\n<h5><strong><br>\nVahend Wordi viidete ja bibliograafia lisamiseks (Mendeley Desktopil)<\/strong><\/h5>\n<p>Mendeley viidete haldamise funktsiooni kasutamiseks tuleb laadida tekstit\u00f6\u00f6tlusprogrammi <strong>Mendeley plugin<\/strong>.\u00a0Avage\u00a0oma arvutis\u00a0Mendeley t\u00f6\u00f6laual (Mendeley Desktop)\u00a0<strong>Tools -&gt; Install MS Word plugin<\/strong>. Kui kasutate m\u00f5nda teist tekstit\u00f6\u00f6tlusprogrammi, siis valige see.<\/p>\n<p>Kui n\u00fc\u00fcd Wordi avate, n\u00e4ete saki <strong>References<\/strong> \/ Viited\u00a0all\u00a0 Mendeley t\u00f6\u00f6riistaribal (<em>Mendeley Cite-O-Matic<\/em>) ikoone viidete lisamiseks ja bibliograafia loomiseks. See plugin t\u00f6\u00f6tab ainult Mendeley Desktop\u2019iga.<\/p>\n<h5><img loading=\"lazy\" decoding=\"async\" width=\"294\" height=\"85\" class=\"alignnone wp-image-69\" title=\"2020-02-14_10_12_52-window.png\" src=\"https:\/\/sisu.ut.ee\/wp-content\/uploads\/sites\/15\/2020-02-14_10_12_52-window.png\" alt=\"d\"><\/h5>\n<h5><\/h5>\n<h5><\/h5>\n<h5><strong>Vahend Wordi viidete ja bibliograafia lisamiseks (Mendeley Reference Manageril)<\/strong><\/h5>\n<article id=\"node-5794\" role=\"article\">Selleks on loodud eraldi lisandmoodul <strong>Mendeley Cite<\/strong>. Mendeley Reference Manager avalehel \u00fcleval avage <strong>Tools -&gt;\u00a0Install Mendeley Cite for Microsoft Word\u00a0<\/strong><img loading=\"lazy\" decoding=\"async\" width=\"240\" height=\"102\" class=\"alignnone wp-image-77\" title=\"2023-02-16_10_49_01-.png\" src=\"https:\/\/sisu.ut.ee\/wp-content\/uploads\/sites\/15\/2023-02-16_10_49_01-.png\" alt=\"s\">v\u00f5i laadige alla siit\u00a0<a title=\"\" href=\"https:\/\/www.mendeley.com\/reference-management\/mendeley-cite\" target=\"_blank\" rel=\"noopener\" data-url=\"https:\/\/www.mendeley.com\/reference-management\/mendeley-cite\">https:\/\/www.mendeley.com\/reference-management\/mendeley-cite. <\/a>Kui see ei \u00f5nnestu, vaadake lisainfot siit\u00a0<a title=\"\" href=\"https:\/\/service.elsevier.com\/app\/answers\/detail\/a_id\/29851\/supporthub\/mendeley\/p\/16075\/\" target=\"_blank\" rel=\"noopener\" data-url=\"https:\/\/service.elsevier.com\/app\/answers\/detail\/a_id\/29851\/supporthub\/mendeley\/p\/16075\/\">https:\/\/service.elsevier.com\/app\/answers\/detail\/a_id\/29851\/supporthub\/mendeley\/p\/16075\/. <\/a>Mendeley Cite t\u00f6\u00f6tab Microsoft Word 2016 ja uuemate versioonidega, Microsoft Online ja Microsoft Office 365-ga, seda ei saa aga kasutada Google\u2019i dokumentidega.\u00a0<\/article>\n<article role=\"article\">\u00d5ppematerjal tutvustab esialgse Mendeley Desktopi v\u00f5imalusi ning t\u00e4ieneb ka uue Mendeley Reference Manageri osas.\n<p>Uue <strong>Mendeley Reference Manageri\u00a0<\/strong>juhendid on siin:<\/p>\n<p><a title=\"\" href=\"https:\/\/www.mendeley.com\/guides\/mendeley-reference-manager\/\" target=\"_blank\" rel=\"noopener\" data-url=\"https:\/\/www.mendeley.com\/guides\/mendeley-reference-manager\/\">https:\/\/www.mendeley.com\/guides\/mendeley-reference-manager\/<\/a><br>\n<a title=\"\" href=\"https:\/\/p.widencdn.net\/cwxrju\/Mendeley-Reference-Manager---Quick-User-Guide---April-2019\" target=\"_blank\" rel=\"noopener\" data-url=\"https:\/\/p.widencdn.net\/cwxrju\/Mendeley-Reference-Manager---Quick-User-Guide---April-2019\">https:\/\/p.widencdn.net\/cwxrju\/Mendeley-Reference-Manager\u2014Quick-User-Guide\u2014April-2019<\/a><br>\n<a title=\"\" href=\"https:\/\/www.youtube.com\/watch?v=5Mz02_xmLRs\" target=\"_blank\" rel=\"noopener\" data-url=\"https:\/\/www.youtube.com\/watch?v=5Mz02_xmLRs\">Mendeley Reference Manageri videotutvustus<\/a><\/p>\n<p><a title=\"\" href=\"https:\/\/elsevier.libguides.com\/Mendeley\" target=\"_blank\" rel=\"noopener\" data-url=\"https:\/\/elsevier.libguides.com\/Mendeley\">https:\/\/elsevier.libguides.com\/Mendeley<\/a><\/p>\n<\/article>\n","protected":false},"excerpt":{"rendered":"<p>Mendeley\u00a0https:\/\/www.mendeley.com\/\u00a0 on Elsevieri kirjastuse viidete haldur, mis t\u00f6\u00f6tab Windowsi, Linuxi ja Maciga ning k\u00f5igi veebilehitsejatega. Alates 2020. a septembrist on k\u00e4ttesaadav\u00a0Mendeley uus versioon Mendeley Reference Manager.\u00a0 J\u00e4tkuvalt t\u00f6\u00f6tab\u00a0ka Mendeley Desktop ning seda saab taas ka alla laadida, vt https:\/\/blog.mendeley.com\/2025\/07\/09\/mendeley-is-not-going-anywhere\/ Kuidas &#8230;<\/p>\n","protected":false},"author":5,"featured_media":0,"parent":0,"menu_order":0,"comment_status":"closed","ping_status":"closed","template":"","meta":{"_acf_changed":false,"inline_featured_image":false,"footnotes":""},"class_list":["post-15","page","type-page","status-publish","hentry"],"acf":[],"_links":{"self":[{"href":"https:\/\/sisu.ut.ee\/zoterojuhend\/wp-json\/wp\/v2\/pages\/15","targetHints":{"allow":["GET"]}}],"collection":[{"href":"https:\/\/sisu.ut.ee\/zoterojuhend\/wp-json\/wp\/v2\/pages"}],"about":[{"href":"https:\/\/sisu.ut.ee\/zoterojuhend\/wp-json\/wp\/v2\/types\/page"}],"author":[{"embeddable":true,"href":"https:\/\/sisu.ut.ee\/zoterojuhend\/wp-json\/wp\/v2\/users\/5"}],"replies":[{"embeddable":true,"href":"https:\/\/sisu.ut.ee\/zoterojuhend\/wp-json\/wp\/v2\/comments?post=15"}],"version-history":[{"count":15,"href":"https:\/\/sisu.ut.ee\/zoterojuhend\/wp-json\/wp\/v2\/pages\/15\/revisions"}],"predecessor-version":[{"id":339,"href":"https:\/\/sisu.ut.ee\/zoterojuhend\/wp-json\/wp\/v2\/pages\/15\/revisions\/339"}],"wp:attachment":[{"href":"https:\/\/sisu.ut.ee\/zoterojuhend\/wp-json\/wp\/v2\/media?parent=15"}],"curies":[{"name":"wp","href":"https:\/\/api.w.org\/{rel}","templated":true}]}}