{"id":12,"date":"2024-04-03T23:08:45","date_gmt":"2024-04-03T20:08:45","guid":{"rendered":"https:\/\/sisu.ut.ee\/zoterojuhend\/zotero-kohandamine-eelistused\/"},"modified":"2026-02-16T13:27:55","modified_gmt":"2026-02-16T11:27:55","slug":"zotero-kohandamine-eelistused","status":"publish","type":"page","link":"https:\/\/sisu.ut.ee\/zoterojuhend\/zotero-kohandamine-eelistused\/","title":{"rendered":"Zotero kohandamine (eelistused)"},"content":{"rendered":"<p>Leiate <strong>Eelistused\/Preferences<\/strong>\u00a0Windowsis ja Linuxis Zotero men\u00fc\u00fcst Edit\/Redigeerimine, Macist men\u00fc\u00fcst Zotero. Zotero on vaikimisi selles keeles, mis keeles on teie operatsioonis\u00fcsteem.\u00a0Kui soovite keelt muuta,\u00a0valige <em>Edit \u00a0&gt;\u00a0Preferences &gt; Advanced<\/em> <em>&gt;<\/em>\u00a0<em>Language<\/em> <em>&gt;<\/em>\u00a0<em>eesti keel<\/em>.<\/p>\n<p>Eelistuste alt\u00a0saate ise Zoterot kohandada, nt m\u00e4\u00e4rata, kas kirjetega t\u00f5mmatakse kaasa ka pdf-id, kas lisatakse m\u00e4rks\u00f5nad jne.<\/p>\n<p><img loading=\"lazy\" decoding=\"async\" class=\"alignnone size-full wp-image-290\" src=\"https:\/\/sisu.ut.ee\/wp-content\/uploads\/sites\/15\/Kuvatommis-2026-02-16-132419.png\" alt=\"\" width=\"753\" height=\"595\" srcset=\"https:\/\/sisu.ut.ee\/wp-content\/uploads\/sites\/15\/Kuvatommis-2026-02-16-132419.png 753w, https:\/\/sisu.ut.ee\/wp-content\/uploads\/sites\/15\/Kuvatommis-2026-02-16-132419-300x237.png 300w\" sizes=\"auto, (max-width: 753px) 100vw, 753px\"><\/p>\n<p><strong>S\u00fcnkroonimine.<\/strong>\u00a0Siia sisestage oma Zotero salas\u00f5na ja parool, mis v\u00f5imaldab oma Zotero raamatukogu pidevalt v\u00e4rskendada ja nt erinevatest arvutitest kasutada.<\/p>\n<p><img loading=\"lazy\" decoding=\"async\" width=\"485\" height=\"246\" class=\"alignnone wp-image-60\" style=\"width: 485px; height: 246px;\" title=\"Zotero eelistused - s\u00fcnkroonimine\" src=\"https:\/\/sisu.ut.ee\/wp-content\/uploads\/sites\/15\/capture.png\" alt=\"Zotero eelistused - s\u00fcnkroonimine\" srcset=\"https:\/\/sisu.ut.ee\/wp-content\/uploads\/sites\/15\/capture.png 485w, https:\/\/sisu.ut.ee\/wp-content\/uploads\/sites\/15\/capture-300x152.png 300w\" sizes=\"auto, (max-width: 485px) 100vw, 485px\"><\/p>\n<p>Saate valida automaatse s\u00fcnkroonimise, siis s\u00fcnkroonitakse muudatused kohe. Teine v\u00f5imalus on s\u00fcnkroonida Zotero k\u00e4sitsi, kl\u00f5psates s\u00fcnkroonimise nupul (roheline ringjas nool) Zotero t\u00f6\u00f6riistariba paremas \u00e4\u00e4res.<\/p>\n<p><strong>Viitamine. <\/strong><em>Viitamine\u00a0&gt;Tekstiredaktorid <\/em>all saab\u00a0MS Wordile v\u00f5i Libre Office\u2019ile\u00a0Zotero lisa installeerida. See tekitab tekstiredaktoris eraldi vahekaardi Zotero funktsioonidega, mis v\u00f5imaldab\u00a0kirjutamise k\u00e4igus tekstisiseseid viiteid lisada ning nende p\u00f5hjal valitud stiilis bibliograafia moodustada (vt peat\u00fckki MS Wordi ja LibreOffice\u2019i lisad \u2013 viitamine ja automaatne bibliograafia loomine).<\/p>\n<p><em>Viitamine\u00a0&gt;\u00a0Stiilid <\/em>all n\u00e4ete\u00a0aknas enamkasutatavaid stiile, mis installeeritakse koos Zoteroga automaatselt. Kl\u00f5psates <em>Veel stiile\u2026<\/em> avaneb kogu Zotero stiilide loetelu, kus on ligi 10 000 erinevat stiili.<\/p>\n<p>Siit saab otsida paljude ajakirjade viitamisstiile, \u00fclikoolide stiile, nende kohandusi erinevatele keeltele jne.\u00a0Otsingu kitsendamiseks saab eraldi otsida tekstisisesid\u00a0 viitamisstiile (nt\u00a0<em>author-<\/em>, <em>author-date<\/em>) v\u00f5i joonealuste m\u00e4rkustega stiile (<em style=\"line-height: 1.6em;\">note<\/em>). Saab valida ka valdkonda.<\/p>\n<p><img loading=\"lazy\" decoding=\"async\" width=\"641\" height=\"180\" class=\"alignnone wp-image-58\" title=\"Stiilid ja valdkonnad\" src=\"https:\/\/sisu.ut.ee\/wp-content\/uploads\/sites\/15\/stiilid.png\" alt=\"Stiilid ja valdkonnad\" srcset=\"https:\/\/sisu.ut.ee\/wp-content\/uploads\/sites\/15\/stiilid.png 641w, https:\/\/sisu.ut.ee\/wp-content\/uploads\/sites\/15\/stiilid-300x84.png 300w\" sizes=\"auto, (max-width: 641px) 100vw, 641px\"><\/p>\n<p>Stiilide loetelus hiirega \u00fcle stiilide libistades n\u00e4ete, millised iga stiili kirjed v\u00e4lja n\u00e4evad. Kl\u00f5psake stiili nimel ning salvestage need oma valikusse.\u00a0 Need ilmuvad ka Zotero stiilide aknasse.<\/p>\n","protected":false},"excerpt":{"rendered":"<p>Leiate Eelistused\/Preferences\u00a0Windowsis ja Linuxis Zotero men\u00fc\u00fcst Edit\/Redigeerimine, Macist men\u00fc\u00fcst Zotero. Zotero on vaikimisi selles keeles, mis keeles on teie operatsioonis\u00fcsteem.\u00a0Kui soovite keelt muuta,\u00a0valige Edit \u00a0&gt;\u00a0Preferences &gt; Advanced &gt;\u00a0Language &gt;\u00a0eesti keel. Eelistuste alt\u00a0saate ise Zoterot kohandada, nt m\u00e4\u00e4rata, kas kirjetega t\u00f5mmatakse &#8230;<\/p>\n","protected":false},"author":5,"featured_media":0,"parent":0,"menu_order":0,"comment_status":"closed","ping_status":"closed","template":"","meta":{"_acf_changed":false,"inline_featured_image":false,"footnotes":""},"class_list":["post-12","page","type-page","status-publish","hentry"],"acf":[],"_links":{"self":[{"href":"https:\/\/sisu.ut.ee\/zoterojuhend\/wp-json\/wp\/v2\/pages\/12","targetHints":{"allow":["GET"]}}],"collection":[{"href":"https:\/\/sisu.ut.ee\/zoterojuhend\/wp-json\/wp\/v2\/pages"}],"about":[{"href":"https:\/\/sisu.ut.ee\/zoterojuhend\/wp-json\/wp\/v2\/types\/page"}],"author":[{"embeddable":true,"href":"https:\/\/sisu.ut.ee\/zoterojuhend\/wp-json\/wp\/v2\/users\/5"}],"replies":[{"embeddable":true,"href":"https:\/\/sisu.ut.ee\/zoterojuhend\/wp-json\/wp\/v2\/comments?post=12"}],"version-history":[{"count":5,"href":"https:\/\/sisu.ut.ee\/zoterojuhend\/wp-json\/wp\/v2\/pages\/12\/revisions"}],"predecessor-version":[{"id":292,"href":"https:\/\/sisu.ut.ee\/zoterojuhend\/wp-json\/wp\/v2\/pages\/12\/revisions\/292"}],"wp:attachment":[{"href":"https:\/\/sisu.ut.ee\/zoterojuhend\/wp-json\/wp\/v2\/media?parent=12"}],"curies":[{"name":"wp","href":"https:\/\/api.w.org\/{rel}","templated":true}]}}