{"id":83,"date":"2024-04-04T02:55:55","date_gmt":"2024-04-03T23:55:55","guid":{"rendered":"https:\/\/sisu.ut.ee\/zooloogiaring\/2017-2018\/"},"modified":"2024-04-04T02:58:07","modified_gmt":"2024-04-03T23:58:07","slug":"2017-2018","status":"publish","type":"page","link":"https:\/\/sisu.ut.ee\/zooloogiaring\/2017-2018\/","title":{"rendered":"2017-2018"},"content":{"rendered":"<p><span data-mce-mark=\"1\">2017-2018 \u00f5ppeaasta teemad<\/span><\/p>\n<ol>\n<li>okaapi<\/li>\n<li>koolibrid<\/li>\n<li>hallhaid<\/li>\n<li>laanesiga<\/li>\n<li>k\u00e4rsaklased<\/li>\n<li>k\u00e4rssmaod<\/li>\n<li>lehekonnad ja lendkonnad<\/li>\n<li><span data-mce-mark=\"1\">tamariinid<\/span><\/li>\n<li><span data-mce-mark=\"1\">rihukanad<\/span><\/li>\n<li><span data-mce-mark=\"1\">Kaduvate liikide kannul \u2013 looduskaitse<\/span><\/li>\n<li><span data-mce-mark=\"1\">must mamba<\/span><\/li>\n<li><span data-mce-mark=\"1\">tirtsud<\/span><\/li>\n<li><span data-mce-mark=\"1\">polaarrebane<\/span><\/li>\n<li><span data-mce-mark=\"1\">j\u00f5ehobud<\/span><\/li>\n<li><span data-mce-mark=\"1\">hiid\u00e4mblikud<\/span><\/li>\n<li><span data-mce-mark=\"1\">kaanid<\/span><\/li>\n<li><span data-mce-mark=\"1\">tiiger<\/span><\/li>\n<li><span><span>kaljukotkas<\/span><\/span><\/li>\n<li><span><span><\/span><\/span>latimeeria<\/li>\n<li>r\u00f6\u00f6vritsikalised (palvetajaritsikas)<\/li>\n<li>suhkru-liugurpossum (suhkruorav)<\/li>\n<li>vaalhai, hiidhai, koobassuuhai<\/li>\n<li><span>keskaasia kilpkonn ehk stepikilpkonn<\/span><\/li>\n<li><span>pelikanid<\/span><\/li>\n<li><span>koonulised<\/span><\/li>\n<li><span>kuldnokk<\/span><\/li>\n<li><span>habeagaam<\/span><\/li>\n<li><span>linnalinnud \u2013 \u00f5uetunnid<\/span><\/li>\n<\/ol>\n","protected":false},"excerpt":{"rendered":"<p>2017-2018 \u00f5ppeaasta teemad okaapi koolibrid hallhaid laanesiga k\u00e4rsaklased k\u00e4rssmaod lehekonnad ja lendkonnad tamariinid rihukanad Kaduvate liikide kannul \u2013 looduskaitse must mamba tirtsud polaarrebane j\u00f5ehobud hiid\u00e4mblikud kaanid tiiger kaljukotkas latimeeria r\u00f6\u00f6vritsikalised (palvetajaritsikas) suhkru-liugurpossum (suhkruorav) vaalhai, hiidhai, koobassuuhai keskaasia kilpkonn ehk stepikilpkonn &#8230;<\/p>\n","protected":false},"author":88,"featured_media":0,"parent":0,"menu_order":0,"comment_status":"closed","ping_status":"closed","template":"","meta":{"_acf_changed":false,"inline_featured_image":false,"footnotes":""},"class_list":["post-83","page","type-page","status-publish","hentry"],"acf":[],"_links":{"self":[{"href":"https:\/\/sisu.ut.ee\/zooloogiaring\/wp-json\/wp\/v2\/pages\/83","targetHints":{"allow":["GET"]}}],"collection":[{"href":"https:\/\/sisu.ut.ee\/zooloogiaring\/wp-json\/wp\/v2\/pages"}],"about":[{"href":"https:\/\/sisu.ut.ee\/zooloogiaring\/wp-json\/wp\/v2\/types\/page"}],"author":[{"embeddable":true,"href":"https:\/\/sisu.ut.ee\/zooloogiaring\/wp-json\/wp\/v2\/users\/88"}],"replies":[{"embeddable":true,"href":"https:\/\/sisu.ut.ee\/zooloogiaring\/wp-json\/wp\/v2\/comments?post=83"}],"version-history":[{"count":1,"href":"https:\/\/sisu.ut.ee\/zooloogiaring\/wp-json\/wp\/v2\/pages\/83\/revisions"}],"predecessor-version":[{"id":738,"href":"https:\/\/sisu.ut.ee\/zooloogiaring\/wp-json\/wp\/v2\/pages\/83\/revisions\/738"}],"wp:attachment":[{"href":"https:\/\/sisu.ut.ee\/zooloogiaring\/wp-json\/wp\/v2\/media?parent=83"}],"curies":[{"name":"wp","href":"https:\/\/api.w.org\/{rel}","templated":true}]}}