{"id":71,"date":"2024-04-04T02:55:54","date_gmt":"2024-04-03T23:55:54","guid":{"rendered":"https:\/\/sisu.ut.ee\/zooloogiaring\/palupohja-17-18022018-0\/"},"modified":"2024-04-04T02:58:08","modified_gmt":"2024-04-03T23:58:08","slug":"palupohja-17-18022018-0","status":"publish","type":"page","link":"https:\/\/sisu.ut.ee\/zooloogiaring\/palupohja-17-18022018-0\/","title":{"rendered":"Palup\u00f5hja 17.-18.02.2018"},"content":{"rendered":"<p>\n\t<strong><span style=\"font-size:16px\"><span style=\"font-family:Verdana,Geneva,sans-serif\"><a data-url=\"https:\/\/sisu.ut.ee\/zrpildid\/palupohja-17-18-02-2018\" href=\"https:\/\/sisu.ut.ee\/zrpildid\/palupohja-17-18-02-2018\" target=\"_blank\" title=\"\" rel=\"noopener\">pildid &gt;&gt;<\/a><\/span><\/span><\/strong>\n<\/p>\n<p>\n\t<span style=\"font-size:16px\"><span style=\"font-family:Verdana,Geneva,sans-serif\">Palju aega olime \u00f5ues. K\u00e4isime \u00f5pperetedel ja m\u00e4ngisime.<br>Juhendajana oli abiks Merlin.<\/span><\/span>\n<\/p>\n<p>\n\t<span style=\"font-size:16px\"><span style=\"font-family:Verdana,Geneva,sans-serif\"><img loading=\"lazy\" decoding=\"async\" height=\"667\" src=\"\/wp-content\/uploads\/sites\/178\/papo-18-2-01.jpg\" width=\"1000\"><\/span><\/span>\n<\/p>\n<p>\n\t<span style=\"font-size:16px\"><span style=\"font-family:Verdana,Geneva,sans-serif\">Uurisime loomade talviseid tegevusj\u00e4lgi. R\u00fchmat\u00f6\u00f6na tegime n\u00e4ituse erinevate loomade tegevusj\u00e4lgedest.<\/span><\/span>\n<\/p>\n<p>\n\t<span style=\"font-size:16px\"><span style=\"font-family:Verdana,Geneva,sans-serif\"><img loading=\"lazy\" decoding=\"async\" height=\"667\" src=\"\/wp-content\/uploads\/sites\/178\/papo-18-2-15.jpg\" width=\"1000\"><\/span><\/span>\n<\/p>\n<p>\n\t<span style=\"font-size:16px\"><span style=\"font-family:Verdana,Geneva,sans-serif\"><img decoding=\"async\" alt=\"\" src=\"https:\/\/sisu.ut.ee\/wp-content\/uploads\/sites\/427\/papo-18-2-24.jpg\" style=\"width: 1000px;height: 666px\"><\/span><\/span>\n<\/p>\n<p>\n\t<span style=\"font-size:16px\"><span style=\"font-family:Verdana,Geneva,sans-serif\"><img decoding=\"async\" alt=\"\" src=\"https:\/\/sisu.ut.ee\/wp-content\/uploads\/sites\/427\/papo-18-2-20.jpg\" style=\"width: 500px;height: 500px\"><\/span><\/span>\n<\/p>\n<p>\n\t<span style=\"font-size:16px\"><span style=\"font-family:Verdana,Geneva,sans-serif\"><img decoding=\"async\" alt=\"\" src=\"https:\/\/sisu.ut.ee\/wp-content\/uploads\/sites\/427\/papo-18-2-21.jpg\" style=\"width: 500px;height: 500px\"><\/span><\/span>\n<\/p>\n<p>\n\t<span style=\"font-size:16px\"><span style=\"font-family:Verdana,Geneva,sans-serif\"><img decoding=\"async\" alt=\"\" src=\"https:\/\/sisu.ut.ee\/wp-content\/uploads\/sites\/427\/papo-18-2-22.jpg\" style=\"width: 500px;height: 500px\"><\/span><\/span>\n<\/p>\n<p>\n\t<span style=\"font-size:16px\"><span style=\"font-family:Verdana,Geneva,sans-serif\"><img decoding=\"async\" alt=\"\" src=\"https:\/\/sisu.ut.ee\/wp-content\/uploads\/sites\/427\/papo-18-2-23.jpg\" style=\"width: 500px;height: 500px\"><\/span><\/span>\n<\/p>\n<p>\n\t<span style=\"font-size:16px\"><span style=\"font-family:Verdana,Geneva,sans-serif\">L\u00f5puks koostasime n\u00e4htud, kuuldud ja tegevusj\u00e4lgede j\u00e4rgi kindlaks tehtud loomade nimestiku:<\/span><\/span>\n<\/p>\n<p style=\"padding-left: 30px\">\n\t<span style=\"font-size:14px\"><span style=\"font-family:Verdana,Geneva,sans-serif\"><strong>LINNUD<\/strong><br>harakas<br>rasvatihane<br>rasvatihane \u2013 j\u00e4ljed<br><strong>IMETAJAD<\/strong><br>hallj\u00e4nes \u2013 j\u00e4ljed<br>hiir \u2013 j\u00e4ljed<br>j\u00e4nes \u2013 n\u00e4ritud oksad<br>karihiir \u2013 j\u00e4ljed<br>kobras \u2013 augud j\u00f5ekaldas<br>kobras \u2013 n\u00e4ritud puud<br>kodukass<br>kodukasskass \u2013 j\u00e4ljed<br>k\u00e4hrik \u2013 j\u00e4ljed<br>metskits \u2013 j\u00e4ljed<br>metskits \u2013 lamamisase<br>metskits \u2013 n\u00e4ritud mustikav\u00f5rsed<br>metskits \u2013 n\u00e4ritud puuv\u00f5rsed<br>metskits \u2013 pabulad<br>orav \u2013 j\u00e4ljed<br>p\u00f5der \u2013 j\u00e4ljed<br>p\u00f5der \u2013 n\u00e4ritud koor<br>p\u00f5der \u2013 n\u00e4ritud v\u00f5rsed<br>rebane \u2013 j\u00e4ljed<br>rebane \u2013 karvad<br>rebane \u2013 v\u00e4ljaheide<br>uruhiir \u2013 k\u00e4igud lumes<br>valgej\u00e4nes \u2013 j\u00e4ljed<br><strong>PUTUKAD<\/strong><br>kiilassilm<br>s\u00e4\u00e4sk<br><strong>\u00c4MBLIKULAADSED<\/strong><br>hunt\u00e4mblik<br>pahkt\u00e4i pahad kuusel<\/span><\/span>\n<\/p>\n<p>\n\t<strong><span style=\"font-size:16px\"><span style=\"font-family:Verdana,Geneva,sans-serif\"><a data-url=\"https:\/\/sisu.ut.ee\/zrpildid\/palupohja-17-18-02-2018\" href=\"https:\/\/sisu.ut.ee\/zrpildid\/palupohja-17-18-02-2018\" target=\"_blank\" title=\"\" rel=\"noopener\">pildid &gt;&gt;<\/a><\/span><\/span><\/strong>\n<\/p>\n<p>\n\t<span style=\"font-size:16px\"><span style=\"font-family:Verdana,Geneva,sans-serif\">V\u00e4lipraktikumide\u00a0l\u00e4biviimist toetas\u00a0<a href=\"http:\/\/www.kik.ee\/\" target=\"_blank\" rel=\"noopener\">KIK<\/a><\/span><\/span>\n<\/p>\n<p>\n\t<span style=\"font-size:16px\"><span style=\"font-family:Verdana,Geneva,sans-serif\"><a href=\"http:\/\/www.kik.ee\/\" target=\"_blank\" rel=\"noopener\"><img loading=\"lazy\" decoding=\"async\" height=\"539\" src=\"\/wp-content\/uploads\/sites\/178\/kik_logo_rgb.jpg\" width=\"496\"><\/a><\/span><\/span>\n<\/p>\n<p>\n\t\u00a0<\/p>\n","protected":false},"excerpt":{"rendered":"<p>pildid &gt;&gt; Palju aega olime \u00f5ues. K\u00e4isime \u00f5pperetedel ja m\u00e4ngisime.Juhendajana oli abiks Merlin. Uurisime loomade talviseid tegevusj\u00e4lgi. R\u00fchmat\u00f6\u00f6na tegime n\u00e4ituse erinevate loomade tegevusj\u00e4lgedest. L\u00f5puks koostasime n\u00e4htud, kuuldud ja tegevusj\u00e4lgede j\u00e4rgi kindlaks tehtud loomade nimestiku: LINNUDharakasrasvatihanerasvatihane \u2013 j\u00e4ljedIMETAJADhallj\u00e4nes \u2013 j\u00e4ljedhiir \u2013 &#8230;<\/p>\n","protected":false},"author":88,"featured_media":0,"parent":0,"menu_order":0,"comment_status":"closed","ping_status":"closed","template":"","meta":{"_acf_changed":false,"inline_featured_image":false,"footnotes":""},"class_list":["post-71","page","type-page","status-publish","hentry"],"acf":[],"_links":{"self":[{"href":"https:\/\/sisu.ut.ee\/zooloogiaring\/wp-json\/wp\/v2\/pages\/71","targetHints":{"allow":["GET"]}}],"collection":[{"href":"https:\/\/sisu.ut.ee\/zooloogiaring\/wp-json\/wp\/v2\/pages"}],"about":[{"href":"https:\/\/sisu.ut.ee\/zooloogiaring\/wp-json\/wp\/v2\/types\/page"}],"author":[{"embeddable":true,"href":"https:\/\/sisu.ut.ee\/zooloogiaring\/wp-json\/wp\/v2\/users\/88"}],"replies":[{"embeddable":true,"href":"https:\/\/sisu.ut.ee\/zooloogiaring\/wp-json\/wp\/v2\/comments?post=71"}],"version-history":[{"count":1,"href":"https:\/\/sisu.ut.ee\/zooloogiaring\/wp-json\/wp\/v2\/pages\/71\/revisions"}],"predecessor-version":[{"id":750,"href":"https:\/\/sisu.ut.ee\/zooloogiaring\/wp-json\/wp\/v2\/pages\/71\/revisions\/750"}],"wp:attachment":[{"href":"https:\/\/sisu.ut.ee\/zooloogiaring\/wp-json\/wp\/v2\/media?parent=71"}],"curies":[{"name":"wp","href":"https:\/\/api.w.org\/{rel}","templated":true}]}}