{"id":61,"date":"2024-04-04T02:55:53","date_gmt":"2024-04-03T23:55:53","guid":{"rendered":"https:\/\/sisu.ut.ee\/zooloogiaring\/meie-kyylik\/"},"modified":"2024-04-04T02:58:08","modified_gmt":"2024-04-03T23:58:08","slug":"meie-kyylik","status":"publish","type":"page","link":"https:\/\/sisu.ut.ee\/zooloogiaring\/meie-kyylik\/","title":{"rendered":"Meie k\u00fc\u00fclik K\u00e4bi"},"content":{"rendered":"<p>\n\t<span style=\"font-size:16px\"><span style=\"font-family:Verdana,Geneva,sans-serif\"><span style=\"color:#000000\">Ega sa ei ole meie k\u00e4bi unustanud? Muidugi mitte!<\/span><\/span><\/span>\n<\/p>\n<p>\n\t<span style=\"font-size:16px\"><span style=\"font-family:Verdana,Geneva,sans-serif\"><img decoding=\"async\" alt=\"\" src=\"https:\/\/sisu.ut.ee\/wp-content\/uploads\/sites\/178\/kuulik1b.jpg\" style=\"width: 500px;height: 507px\"><br>K\u00e4bi on siin 2-3 kuu vanune.\u00a0<\/span><\/span><br><span style=\"font-size:13px\"><span style=\"font-family:Verdana,Geneva,sans-serif\">17.01.2016<\/span><\/span>\n<\/p>\n<p>\n\t<span style=\"font-size:16px\"><span style=\"font-family:Verdana,Geneva,sans-serif\"><span style=\"color:#000000\">K\u00e4bi on meie k\u00fc\u00fclik! Vahelduseks v\u00f5iks temast pilte joonistada.<br>Muidugi v\u00f5id joonistada pilte ka m\u00f5nest teisest k\u00fc\u00fclikust.<\/span><\/span><\/span>\n<\/p>\n<p>\n\t<span style=\"font-size:16px\"><span style=\"font-family:Verdana,Geneva,sans-serif\"><span style=\"color:#000000\">Siin on juhend, kuidas k\u00fc\u00fclikut joonistada.<br>P\u00f6\u00f6ra t\u00e4helepanu, kuidas tumedaid karvu joonistada. Ja \u00e4ra K\u00e4bi \u00fcleni mustaks tee \ud83d\ude42<\/span>\u00a0 \u00a0<a data-fid=\"46266\" href=\"https:\/\/sisu.ut.ee\/wp-content\/uploads\/sites\/178\/k2.jpg\">\u200b<\/a><\/span><\/span>\n<\/p>\n<table class=\"table table-hover\" border=\"1\" cellpadding=\"1\" cellspacing=\"1\" style=\"width: 500px\">\n<tbody>\n<tr>\n<td>\n\t\t\t\t<span style=\"font-size:16px\"><span style=\"font-family:Verdana,Geneva,sans-serif\"><a data-fid=\"46265\" href=\"https:\/\/sisu.ut.ee\/wp-content\/uploads\/sites\/178\/k1.jpg\"><img decoding=\"async\" alt=\"\" src=\"https:\/\/sisu.ut.ee\/wp-content\/uploads\/sites\/178\/k1.jpg\" style=\"width: 300px;height: 388px\"><\/a><\/span><\/span><br>\u00a0\n\t\t\t<\/td>\n<td>\n\t\t\t\t<span style=\"font-size:16px\"><span style=\"font-family:Verdana,Geneva,sans-serif\"><a data-fid=\"46266\" href=\"https:\/\/sisu.ut.ee\/wp-content\/uploads\/sites\/178\/k2.jpg\"><img decoding=\"async\" alt=\"\" src=\"https:\/\/sisu.ut.ee\/wp-content\/uploads\/sites\/178\/k2.jpg\" style=\"width: 300px;height: 388px\"><\/a><\/span><\/span><br>\u00a0\n\t\t\t<\/td>\n<\/tr>\n<\/tbody>\n<\/table>\n<p>\n\t<span style=\"font-size:13px\"><span style=\"font-family:Verdana,Geneva,sans-serif\">Suurema pildi vaatamiseks kliki pildil<\/span><\/span>\n<\/p>\n<p>\n\t<span style=\"font-size:16px\"><span style=\"font-family:Verdana,Geneva,sans-serif\"><span style=\"color:#000000\">Joonista k\u00fc\u00fclikupilt ja tee sellest foto ning saada mulle aivo.tamm@ut.ee<br>Paneme pildid siia lehele ja teeme n\u00e4ituse!<br>Kirjuta kindlasti, kas oled n\u00f5us, et paneme pildi juure sinu nime. Eesnimest piisab.<\/span><\/span><\/span>\n<\/p>\n<p>\n\t<span style=\"font-size:16px\"><span style=\"font-family:Verdana,Geneva,sans-serif\"><span style=\"color:#000000\">Siin on K\u00e4bist veel m\u00f5ned fotod:<\/span><\/span><\/span>\n<\/p>\n<p>\n\t<span style=\"font-size:16px\"><span style=\"font-family:Verdana,Geneva,sans-serif\"><img decoding=\"async\" alt=\"\" src=\"https:\/\/sisu.ut.ee\/wp-content\/uploads\/sites\/178\/kyylik_8-02-16.jpg\" style=\"width: 500px;height: 448px\"><\/span><\/span><br><span style=\"font-size:13px\"><span style=\"font-family:Verdana,Geneva,sans-serif\">8.02.2016<\/span><\/span>\n<\/p>\n<p>\n\t<span style=\"font-size:16px\"><span style=\"font-family:Verdana,Geneva,sans-serif\"><img decoding=\"async\" alt=\"\" src=\"https:\/\/sisu.ut.ee\/wp-content\/uploads\/sites\/178\/kuulik4_1.09.2016.jpg\" style=\"width: 800px;height: 553px\"><\/span><\/span><br><span style=\"font-size:13px\"><span style=\"font-family:Verdana,Geneva,sans-serif\">1.09.2016<\/span><\/span>\n<\/p>\n<p>\n\t\u00a0<\/p>\n","protected":false},"excerpt":{"rendered":"<p>Ega sa ei ole meie k\u00e4bi unustanud? Muidugi mitte! K\u00e4bi on siin 2-3 kuu vanune.\u00a017.01.2016 K\u00e4bi on meie k\u00fc\u00fclik! Vahelduseks v\u00f5iks temast pilte joonistada.Muidugi v\u00f5id joonistada pilte ka m\u00f5nest teisest k\u00fc\u00fclikust. Siin on juhend, kuidas k\u00fc\u00fclikut joonistada.P\u00f6\u00f6ra t\u00e4helepanu, kuidas tumedaid &#8230;<\/p>\n","protected":false},"author":88,"featured_media":0,"parent":0,"menu_order":0,"comment_status":"closed","ping_status":"closed","template":"","meta":{"_acf_changed":false,"inline_featured_image":false,"footnotes":""},"class_list":["post-61","page","type-page","status-publish","hentry"],"acf":[],"_links":{"self":[{"href":"https:\/\/sisu.ut.ee\/zooloogiaring\/wp-json\/wp\/v2\/pages\/61","targetHints":{"allow":["GET"]}}],"collection":[{"href":"https:\/\/sisu.ut.ee\/zooloogiaring\/wp-json\/wp\/v2\/pages"}],"about":[{"href":"https:\/\/sisu.ut.ee\/zooloogiaring\/wp-json\/wp\/v2\/types\/page"}],"author":[{"embeddable":true,"href":"https:\/\/sisu.ut.ee\/zooloogiaring\/wp-json\/wp\/v2\/users\/88"}],"replies":[{"embeddable":true,"href":"https:\/\/sisu.ut.ee\/zooloogiaring\/wp-json\/wp\/v2\/comments?post=61"}],"version-history":[{"count":1,"href":"https:\/\/sisu.ut.ee\/zooloogiaring\/wp-json\/wp\/v2\/pages\/61\/revisions"}],"predecessor-version":[{"id":760,"href":"https:\/\/sisu.ut.ee\/zooloogiaring\/wp-json\/wp\/v2\/pages\/61\/revisions\/760"}],"wp:attachment":[{"href":"https:\/\/sisu.ut.ee\/zooloogiaring\/wp-json\/wp\/v2\/media?parent=61"}],"curies":[{"name":"wp","href":"https:\/\/api.w.org\/{rel}","templated":true}]}}