{"id":43,"date":"2024-04-04T02:55:52","date_gmt":"2024-04-03T23:55:52","guid":{"rendered":"https:\/\/sisu.ut.ee\/zooloogiaring\/2004-2005\/"},"modified":"2024-04-04T02:58:08","modified_gmt":"2024-04-03T23:58:08","slug":"2004-2005","status":"publish","type":"page","link":"https:\/\/sisu.ut.ee\/zooloogiaring\/2004-2005\/","title":{"rendered":"2005-2006"},"content":{"rendered":"<p>2005-2006 \u00f5ppeaasta teemad<\/p>\n<p>\u00a0<\/p>\n<ol>\n<li>n\u00e4lkjad<\/li>\n<li>kiililised<\/li>\n<li>v\u00f6\u00f6lased<\/li>\n<li>lennuv\u00f5imetud linnud (II r\u00fchm)<\/li>\n<li>maod<\/li>\n<li>magevee loomad akvaariumis<\/li>\n<li>vihmaussid<\/li>\n<li>jooksiklased<\/li>\n<li>kakulised<\/li>\n<li>sisalikulised, kivisisalik ja arusisalik<\/li>\n<li>tuhatjalgsed ja sadajalgsed<\/li>\n<li>lumelammas<\/li>\n<li>Galapagose saar<\/li>\n<li>kobras<\/li>\n<li>sookilpkonn<\/li>\n<li>p\u00f5rniklased<\/li>\n<li>j\u00e4neselised: hallj\u00e4nes ja valgej\u00e4nes<\/li>\n<li>mink ja naarits<\/li>\n<li>talveuni ja teised kohastumused talvel (II r\u00fchm)<\/li>\n<li>j\u00f5ehobud<\/li>\n<li>parasiidid<\/li>\n<li>nirk ja k\u00e4rp<\/li>\n<li>krokodillilised<\/li>\n<li>tiigrid<\/li>\n<li>r\u00e4hnilised<\/li>\n<li>nahkhiired<\/li>\n<li>kodurott ja r\u00e4ndrott<\/li>\n<li>papagoilised<\/li>\n<li>karihiirlased<\/li>\n<li>l\u00f5vi<\/li>\n<li>loomade talvised tegutsemisj\u00e4ljed<\/li>\n<li>karud<\/li>\n<li>lumeleopard<\/li>\n<li>nokkloom, sipelgasiil ja nokissiil<\/li>\n<li>r\u00e4stik ja nastik<\/li>\n<li>kiskjad ja saakloomad<\/li>\n<li>kuidas ja miks kasutavad loomad v\u00f5rku?<\/li>\n<li>p\u00f5der<\/li>\n<li>orangutan<\/li>\n<li>vaalad ja delfiinid<\/li>\n<li>hobune<\/li>\n<li>teder, metsis, nurmkana, laanep\u00fc\u00fc ja p\u00f5ldvutt<\/li>\n<li>hunt<\/li>\n<li>eesti kahepaiksed<\/li>\n<li>siklased<\/li>\n<li>Madagaskari saare loodus<\/li>\n<li>miks loomad magavad? (2.r\u00fchm)<\/li>\n<li>Eesti loomastik l\u00e4bi aja<\/li>\n<li>hallh\u00fcljes ja viigerh\u00fcljes<\/li>\n<li>pingviinid<\/li>\n<li>atlandi tuur ja teised tuuralised<\/li>\n<li>palvetajaritsikas<\/li>\n<li>inimesesolge ja naaskelsaba<\/li>\n<li>t\u00e4hnikvesilik ja harivesilik<\/li>\n<li>gepard<\/li>\n<li>gorilla<\/li>\n<li>\u201crotikuningas\u201d<\/li>\n<li>komodo varaan<\/li>\n<li>kaelkirjak<\/li>\n<li>elevandid<\/li>\n<li>magevee loomad<\/li>\n<li>aksolotl<\/li>\n<li>koaala<\/li>\n<li>j\u00f5hvuss<\/li>\n<\/ol>\n","protected":false},"excerpt":{"rendered":"<p>2005-2006 \u00f5ppeaasta teemad \u00a0 n\u00e4lkjad kiililised v\u00f6\u00f6lased lennuv\u00f5imetud linnud (II r\u00fchm) maod magevee loomad akvaariumis vihmaussid jooksiklased kakulised sisalikulised, kivisisalik ja arusisalik tuhatjalgsed ja sadajalgsed lumelammas Galapagose saar kobras sookilpkonn p\u00f5rniklased j\u00e4neselised: hallj\u00e4nes ja valgej\u00e4nes mink ja naarits talveuni ja &#8230;<\/p>\n","protected":false},"author":88,"featured_media":0,"parent":0,"menu_order":0,"comment_status":"closed","ping_status":"closed","template":"","meta":{"_acf_changed":false,"inline_featured_image":false,"footnotes":""},"class_list":["post-43","page","type-page","status-publish","hentry"],"acf":[],"_links":{"self":[{"href":"https:\/\/sisu.ut.ee\/zooloogiaring\/wp-json\/wp\/v2\/pages\/43","targetHints":{"allow":["GET"]}}],"collection":[{"href":"https:\/\/sisu.ut.ee\/zooloogiaring\/wp-json\/wp\/v2\/pages"}],"about":[{"href":"https:\/\/sisu.ut.ee\/zooloogiaring\/wp-json\/wp\/v2\/types\/page"}],"author":[{"embeddable":true,"href":"https:\/\/sisu.ut.ee\/zooloogiaring\/wp-json\/wp\/v2\/users\/88"}],"replies":[{"embeddable":true,"href":"https:\/\/sisu.ut.ee\/zooloogiaring\/wp-json\/wp\/v2\/comments?post=43"}],"version-history":[{"count":1,"href":"https:\/\/sisu.ut.ee\/zooloogiaring\/wp-json\/wp\/v2\/pages\/43\/revisions"}],"predecessor-version":[{"id":778,"href":"https:\/\/sisu.ut.ee\/zooloogiaring\/wp-json\/wp\/v2\/pages\/43\/revisions\/778"}],"wp:attachment":[{"href":"https:\/\/sisu.ut.ee\/zooloogiaring\/wp-json\/wp\/v2\/media?parent=43"}],"curies":[{"name":"wp","href":"https:\/\/api.w.org\/{rel}","templated":true}]}}