{"id":40,"date":"2024-04-04T02:55:52","date_gmt":"2024-04-03T23:55:52","guid":{"rendered":"https:\/\/sisu.ut.ee\/zooloogiaring\/2007-2008\/"},"modified":"2024-04-04T02:58:08","modified_gmt":"2024-04-03T23:58:08","slug":"2007-2008","status":"publish","type":"page","link":"https:\/\/sisu.ut.ee\/zooloogiaring\/2007-2008\/","title":{"rendered":"2007-2008"},"content":{"rendered":"<p><span style=\"font-family: verdana, geneva\">2007-2008 \u00f5ppeaasta teemad<\/span><\/p>\n<p><span style=\"font-family: verdana, geneva\">\u00a0<\/span><\/p>\n<ol>\n<li><span style=\"font-family: verdana, geneva\">hiidraagritsikad<\/span><\/li>\n<li><span style=\"font-family: verdana, geneva\">pildistamine mikroskoobi abil<\/span><\/li>\n<li><span style=\"font-family: verdana, geneva\">kammloomad<\/span><\/li>\n<li><span style=\"font-family: verdana, geneva\">valgevaal<\/span><\/li>\n<li><span style=\"font-family: verdana, geneva\">kuidas loomad ennast kaitsevad?<\/span><\/li>\n<li><span style=\"font-family: verdana, geneva\">k\u00e4hrik<\/span><\/li>\n<li><span style=\"font-family: verdana, geneva\">paljastuhnur<\/span><\/li>\n<li><span style=\"font-family: verdana, geneva\">CITES<\/span><\/li>\n<li><span style=\"font-family: verdana, geneva\">kuidas roomajad saaki p\u00fc\u00fcavad?<\/span><\/li>\n<li><span style=\"font-family: verdana, geneva\">\u00e4ngelheina \u00f6\u00f6lane \u2013 vereimeja liblikas<\/span><\/li>\n<li><span style=\"font-family: verdana, geneva\">pisihiir<\/span><\/li>\n<li><span style=\"font-family: verdana, geneva\">maja\u00e4mblikud Eestis<\/span><\/li>\n<li><span style=\"font-family: verdana, geneva\">inimesesolge ja naaskelsaba<\/span><\/li>\n<li><span style=\"font-family: verdana, geneva\">ettekanded loomadest<\/span><\/li>\n<li><span style=\"font-family: verdana, geneva\">\u017eilatjee \u2013 m\u00fcrgine sisalik<\/span><\/li>\n<li><span style=\"font-family: verdana, geneva\">milliseid abivahendeid loomad kasutavad?<\/span><\/li>\n<li><span style=\"font-family: verdana, geneva\">p\u00f5ldvarblane ja koduvarblane<\/span><\/li>\n<li><span style=\"font-family: verdana, geneva\">mida teha abivajava metsloomaga?<\/span><\/li>\n<li><span style=\"font-family: verdana, geneva\">sarvikrai<\/span><\/li>\n<li><span style=\"font-family: verdana, geneva\">l\u00f5gismadu<\/span><\/li>\n<li><span style=\"font-family: verdana, geneva\">vareslased<\/span><\/li>\n<li><span style=\"font-family: verdana, geneva\">kaber ehk metskits<\/span><\/li>\n<li><span style=\"font-family: verdana, geneva\">hulkharjasussid<\/span><\/li>\n<li><span style=\"font-family: verdana, geneva\">loodusfotograafia<\/span><\/li>\n<li><span style=\"font-family: verdana, geneva\">skorpionid<\/span><\/li>\n<li><span style=\"font-family: verdana, geneva\">Eesti limused \u2013 teod<\/span><\/li>\n<li><span style=\"font-family: verdana, geneva\">kaelushiir<\/span><\/li>\n<li><span style=\"font-family: verdana, geneva\">m\u00f5\u00f5kkala<\/span><\/li>\n<li><span style=\"font-family: verdana, geneva\">pingviinide marss \u2013 videofilm<\/span><\/li>\n<li><span style=\"font-family: verdana, geneva\">vaenuk\u00e4gu<\/span><\/li>\n<li><span style=\"font-family: verdana, geneva\">lendorav<\/span><\/li>\n<li><span style=\"font-family: verdana, geneva\">krabi Cardiosoma<\/span><\/li>\n<li><span style=\"font-family: verdana, geneva\">helid looduses<\/span><\/li>\n<li><span style=\"font-family: verdana, geneva\">salangaanid<\/span><\/li>\n<li><span style=\"font-family: verdana, geneva\">saurused 1<\/span><\/li>\n<li><span style=\"font-family: verdana, geneva\">rihukana<\/span><\/li>\n<li><span style=\"font-family: verdana, geneva\">saurused 2<\/span><\/li>\n<li><span style=\"font-family: verdana, geneva\">talvine veelinnuloendus<\/span><\/li>\n<li><span style=\"font-family: verdana, geneva\">N\u00e4itus \u2013 Vereta jaht<\/span><\/li>\n<li><span style=\"font-family: verdana, geneva\">kakkpapagoi \u2013 kakapo<\/span><\/li>\n<li><span style=\"font-family: verdana, geneva\">saurused 3<\/span><\/li>\n<li><span style=\"font-family: verdana, geneva\">kevadlinnud 1: rasvatihane, sinitihane, rohevint<\/span><\/li>\n<li><span style=\"font-family: verdana, geneva\">kodurott ja r\u00e4ndrott<\/span><\/li>\n<li><span style=\"font-family: verdana, geneva\">m\u00e4ger<\/span><\/li>\n<li><span style=\"font-family: verdana, geneva\">zooloogiaringi n\u00e4itus<\/span><\/li>\n<li><span style=\"font-family: verdana, geneva\">saurused 4<\/span><\/li>\n<li><span style=\"font-family: verdana, geneva\">unilased: p\u00e4hklin\u00e4pp ja lagrits<\/span><\/li>\n<li><span style=\"font-family: verdana, geneva\">kobrad<\/span><\/li>\n<li><span style=\"font-family: verdana, geneva\">salamandrid<\/span><\/li>\n<li><span style=\"font-family: verdana, geneva\">saurused 5<\/span><\/li>\n<li><span style=\"font-family: verdana, geneva\">gupid<\/span><\/li>\n<li><span style=\"font-family: verdana, geneva\">kevadlinnud 2: p\u00f5ldl\u00f5oke, linav\u00e4strik, kuldnokk, metsvint<\/span><\/li>\n<li><span style=\"font-family: verdana, geneva\">anakonda<\/span><\/li>\n<li><span style=\"font-family: verdana, geneva\">piisonid<\/span><\/li>\n<li><span style=\"font-family: verdana, geneva\">saurused 6<\/span><\/li>\n<li><span style=\"font-family: verdana, geneva\">merikilk<\/span><\/li>\n<li><span style=\"font-family: verdana, geneva\">dodo<\/span><\/li>\n<li><span style=\"font-family: verdana, geneva\">dinosaurustest \u2013 geoloog Oive Tinn (1. ja 2. r\u00fchm)<\/span><\/li>\n<li><span style=\"font-family: verdana, geneva\">eksootilised lemmikloomad \u2013 Sergei P\u00f5lme (1. r\u00fchm)<\/span><\/li>\n<li><span style=\"font-family: verdana, geneva\">kevadlinnud 3: lehelinnud, talvike, punarind<\/span><\/li>\n<li><span style=\"font-family: verdana, geneva\">veeloomade uurimine mikroskoobi abil<\/span><\/li>\n<\/ol>\n","protected":false},"excerpt":{"rendered":"<p>2007-2008 \u00f5ppeaasta teemad \u00a0 hiidraagritsikad pildistamine mikroskoobi abil kammloomad valgevaal kuidas loomad ennast kaitsevad? k\u00e4hrik paljastuhnur CITES kuidas roomajad saaki p\u00fc\u00fcavad? \u00e4ngelheina \u00f6\u00f6lane \u2013 vereimeja liblikas pisihiir maja\u00e4mblikud Eestis inimesesolge ja naaskelsaba ettekanded loomadest \u017eilatjee \u2013 m\u00fcrgine sisalik milliseid abivahendeid &#8230;<\/p>\n","protected":false},"author":88,"featured_media":0,"parent":0,"menu_order":0,"comment_status":"closed","ping_status":"closed","template":"","meta":{"_acf_changed":false,"inline_featured_image":false,"footnotes":""},"class_list":["post-40","page","type-page","status-publish","hentry"],"acf":[],"_links":{"self":[{"href":"https:\/\/sisu.ut.ee\/zooloogiaring\/wp-json\/wp\/v2\/pages\/40","targetHints":{"allow":["GET"]}}],"collection":[{"href":"https:\/\/sisu.ut.ee\/zooloogiaring\/wp-json\/wp\/v2\/pages"}],"about":[{"href":"https:\/\/sisu.ut.ee\/zooloogiaring\/wp-json\/wp\/v2\/types\/page"}],"author":[{"embeddable":true,"href":"https:\/\/sisu.ut.ee\/zooloogiaring\/wp-json\/wp\/v2\/users\/88"}],"replies":[{"embeddable":true,"href":"https:\/\/sisu.ut.ee\/zooloogiaring\/wp-json\/wp\/v2\/comments?post=40"}],"version-history":[{"count":1,"href":"https:\/\/sisu.ut.ee\/zooloogiaring\/wp-json\/wp\/v2\/pages\/40\/revisions"}],"predecessor-version":[{"id":781,"href":"https:\/\/sisu.ut.ee\/zooloogiaring\/wp-json\/wp\/v2\/pages\/40\/revisions\/781"}],"wp:attachment":[{"href":"https:\/\/sisu.ut.ee\/zooloogiaring\/wp-json\/wp\/v2\/media?parent=40"}],"curies":[{"name":"wp","href":"https:\/\/api.w.org\/{rel}","templated":true}]}}