{"id":37,"date":"2024-04-04T02:55:51","date_gmt":"2024-04-03T23:55:51","guid":{"rendered":"https:\/\/sisu.ut.ee\/zooloogiaring\/2012-2011\/"},"modified":"2024-04-04T02:58:08","modified_gmt":"2024-04-03T23:58:08","slug":"2012-2011","status":"publish","type":"page","link":"https:\/\/sisu.ut.ee\/zooloogiaring\/2012-2011\/","title":{"rendered":"2010-2011"},"content":{"rendered":"<p class=\"style1\"><span style=\"font-family: verdana, geneva\">2010-2011 \u00f5ppeaasta teemad<\/span><\/p>\n<ol>\n<li><span style=\"font-family: verdana, geneva\">kaguan, karustiivalised<\/span><\/li>\n<li><span style=\"font-family: verdana, geneva\">kaamelid<\/span><\/li>\n<li><span style=\"font-family: verdana, geneva\">tirtslased, r\u00e4ndtirts<\/span><\/li>\n<li><span style=\"font-family: verdana, geneva\">okassead<\/span><\/li>\n<li><span style=\"font-family: verdana, geneva\">kroonkured<\/span><\/li>\n<li><span style=\"font-family: verdana, geneva\">hiidsalamander<\/span><\/li>\n<li><span style=\"font-family: verdana, geneva\">skorpion<\/span><\/li>\n<li><span style=\"font-family: verdana, geneva\">suurkudu<\/span><\/li>\n<li><span style=\"font-family: verdana, geneva\">r\u00e4ndtuvi<\/span><\/li>\n<li><span style=\"font-family: verdana, geneva\">suurimad mardikad maailmas<\/span><\/li>\n<li><span style=\"font-family: verdana, geneva\">saagrai<\/span><\/li>\n<li><span style=\"font-family: verdana, geneva\">m\u00fcgri ehk vesirott<\/span><\/li>\n<li><span style=\"font-family: verdana, geneva\">portselantigulased<\/span><\/li>\n<li><span style=\"font-family: verdana, geneva\">leopardgeko<\/span><\/li>\n<li><span style=\"font-family: verdana, geneva\">Red Devil kirevahvenlane<\/span><\/li>\n<li><span style=\"font-family: verdana, geneva\">madude kaitsekohastumused<\/span><\/li>\n<li><span style=\"font-family: verdana, geneva\">kalkunid<\/span><\/li>\n<li><span style=\"font-family: verdana, geneva\">paelussid<\/span><\/li>\n<li><span style=\"font-family: verdana, geneva\">j\u00e4\u00e4lind<\/span><\/li>\n<li><span style=\"font-family: verdana, geneva\">h\u00fcpikud<\/span><\/li>\n<li><span style=\"font-family: verdana, geneva\">koopaolm, ameerikaprooteus, sireenid<\/span><\/li>\n<li><span style=\"font-family: verdana, geneva\">muskusveis<\/span><\/li>\n<li><span style=\"font-family: verdana, geneva\">sinivaal, vaguvaalad<\/span><\/li>\n<li><span style=\"font-family: verdana, geneva\">puukoristaja<\/span><\/li>\n<li><span style=\"font-family: verdana, geneva\">v\u00f6\u00f6toravad, burunduk<\/span><\/li>\n<li><span style=\"font-family: verdana, geneva\">suured krabid ja ebakrabid<\/span><\/li>\n<li><span style=\"font-family: verdana, geneva\">taandurilised<\/span><\/li>\n<li><span style=\"font-family: verdana, geneva\">varesed<\/span><\/li>\n<li><span style=\"font-family: verdana, geneva\">hobuantiloobid, or\u00fcksid<\/span><\/li>\n<li><span style=\"font-family: verdana, geneva\">\u00fcmisejad<\/span><\/li>\n<li><span style=\"font-family: verdana, geneva\">r\u00e4hnid<\/span><\/li>\n<li><span style=\"font-family: verdana, geneva\">meririst<\/span><\/li>\n<li><span style=\"font-family: verdana, geneva\">vombat<\/span><\/li>\n<li><span style=\"font-family: verdana, geneva\">albatross<\/span><\/li>\n<li><span style=\"font-family: verdana, geneva\">liiviklased<\/span><\/li>\n<li><span style=\"font-family: verdana, geneva\">hulkuimelised<\/span><\/li>\n<li><span style=\"font-family: verdana, geneva\">eesel<\/span><\/li>\n<li><span style=\"font-family: verdana, geneva\">kuukala<\/span><\/li>\n<li><span style=\"font-family: verdana, geneva\">monarhliblikas<\/span><\/li>\n<li><span style=\"font-family: verdana, geneva\">karud<\/span><\/li>\n<li><span style=\"font-family: verdana, geneva\">merikurat<\/span><\/li>\n<li><span style=\"font-family: verdana, geneva\">h\u00fc\u00e4\u00e4nid<\/span><\/li>\n<li><span style=\"font-family: verdana, geneva\">kammkarplased<\/span><\/li>\n<li><span style=\"font-family: verdana, geneva\">pelikanid<\/span><\/li>\n<li><span style=\"font-family: verdana, geneva\">moolok<\/span><\/li>\n<li><span style=\"font-family: verdana, geneva\">okaapi<\/span><\/li>\n<li><span style=\"font-family: verdana, geneva\">kondorid<\/span><\/li>\n<li><span style=\"font-family: verdana, geneva\">mehhiko punap\u00f5lv-tarantel<\/span><\/li>\n<li><span style=\"font-family: verdana, geneva\">tsikaadid<\/span><\/li>\n<li><span style=\"font-family: verdana, geneva\">kiivitaja<\/span><\/li>\n<li><span style=\"font-family: verdana, geneva\">p\u00f5derp\u00f5rniklased<\/span><\/li>\n<li><span style=\"font-family: verdana, geneva\">rohukonn, rabakonn, harilik k\u00e4rnkonn<\/span><\/li>\n<li><span style=\"font-family: verdana, geneva\">hallpapagoi<\/span><\/li>\n<li><span style=\"font-family: verdana, geneva\">lakkahvid ehk l\u00f5vitamariinid<\/span><\/li>\n<li><span style=\"font-family: verdana, geneva\">panga-kalad<\/span><\/li>\n<li><span style=\"font-family: verdana, geneva\">pesukarud<\/span><\/li>\n<li><span style=\"font-family: verdana, geneva\">kuukabarra<\/span><\/li>\n<li><span style=\"font-family: verdana, geneva\">grindad<\/span><\/li>\n<\/ol>\n","protected":false},"excerpt":{"rendered":"<p>2010-2011 \u00f5ppeaasta teemad kaguan, karustiivalised kaamelid tirtslased, r\u00e4ndtirts okassead kroonkured hiidsalamander skorpion suurkudu r\u00e4ndtuvi suurimad mardikad maailmas saagrai m\u00fcgri ehk vesirott portselantigulased leopardgeko Red Devil kirevahvenlane madude kaitsekohastumused kalkunid paelussid j\u00e4\u00e4lind h\u00fcpikud koopaolm, ameerikaprooteus, sireenid muskusveis sinivaal, vaguvaalad puukoristaja v\u00f6\u00f6toravad, &#8230;<\/p>\n","protected":false},"author":88,"featured_media":0,"parent":0,"menu_order":0,"comment_status":"closed","ping_status":"closed","template":"","meta":{"_acf_changed":false,"inline_featured_image":false,"footnotes":""},"class_list":["post-37","page","type-page","status-publish","hentry"],"acf":[],"_links":{"self":[{"href":"https:\/\/sisu.ut.ee\/zooloogiaring\/wp-json\/wp\/v2\/pages\/37","targetHints":{"allow":["GET"]}}],"collection":[{"href":"https:\/\/sisu.ut.ee\/zooloogiaring\/wp-json\/wp\/v2\/pages"}],"about":[{"href":"https:\/\/sisu.ut.ee\/zooloogiaring\/wp-json\/wp\/v2\/types\/page"}],"author":[{"embeddable":true,"href":"https:\/\/sisu.ut.ee\/zooloogiaring\/wp-json\/wp\/v2\/users\/88"}],"replies":[{"embeddable":true,"href":"https:\/\/sisu.ut.ee\/zooloogiaring\/wp-json\/wp\/v2\/comments?post=37"}],"version-history":[{"count":1,"href":"https:\/\/sisu.ut.ee\/zooloogiaring\/wp-json\/wp\/v2\/pages\/37\/revisions"}],"predecessor-version":[{"id":784,"href":"https:\/\/sisu.ut.ee\/zooloogiaring\/wp-json\/wp\/v2\/pages\/37\/revisions\/784"}],"wp:attachment":[{"href":"https:\/\/sisu.ut.ee\/zooloogiaring\/wp-json\/wp\/v2\/media?parent=37"}],"curies":[{"name":"wp","href":"https:\/\/api.w.org\/{rel}","templated":true}]}}