{"id":30,"date":"2024-04-04T02:55:51","date_gmt":"2024-04-03T23:55:51","guid":{"rendered":"https:\/\/sisu.ut.ee\/zooloogiaring\/e-zooloogiaring\/"},"modified":"2024-04-19T11:01:13","modified_gmt":"2024-04-19T08:01:13","slug":"e-zooloogiaring","status":"publish","type":"page","link":"https:\/\/sisu.ut.ee\/zooloogiaring\/e-zooloogiaring\/","title":{"rendered":"e-zooloogiaring"},"content":{"rendered":"<p><\/p>\n\n\n\n<figure class=\"wp-block-image\"><img decoding=\"async\" src=\"https:\/\/sisu.ut.ee\/wp-content\/uploads\/sites\/178\/luik.jpg\" alt=\"\"><\/figure>\n\n\n\n<p><\/p>\n\n\n\n<p>1. <a href=\"https:\/\/sisu.ut.ee\/zooloogiaring\/meie-kodused-lemmikloomad\/\">\u00fclesanne: meie kodused lemmikloomad<\/a><\/p>\n\n\n\n<p>2. <a href=\"https:\/\/sisu.ut.ee\/zooloogiaring\/vee-elustiku-uurimine\/\">\u00fclesanne: veeloomade uurimine<\/a><\/p>\n\n\n\n<p>3. <a href=\"https:\/\/sisu.ut.ee\/zooloogiaring\/loomade-jaljed-lumel\/\">\u00fclesanne: loomade j\u00e4ljed lumel<\/a><span style=\"font-size: 16px;\"><span style=\"font-family: Verdana,Geneva,sans-serif;\"><\/span><\/span><\/p>\n\n\n\n<ol class=\"wp-block-list\"><\/ol>\n\n\n\n<p><\/p>\n\n\n\n<p><a href=\"https:\/\/sisu.ut.ee\/zooloogiaring\/kevad-2020\/\"><strong>KEVAD 2020 &gt;&gt;<\/strong><\/a><\/p>\n\n\n\n<p><\/p>\n\n\n\n<p><\/p>\n\n\n\n<p>.<\/p>\n\n\n\n<p><span style=\"color: #2f4f4f;\"><span style=\"font-size: 16px;\"><span style=\"font-family: Verdana,Geneva,sans-serif;\"><strong>T\u00c4HELEPANU!<\/strong> \u00dclesannete lahendamisel vasta mitu korda, nii \u00f5pid rohkem ja saad ka enam punkte!<\/span><\/span><\/span><\/p>\n\n\n\n<p><span style=\"font-size: 16px;\"><span style=\"font-family: Verdana,Geneva,sans-serif;\"><strong><span style=\"color: #a52a2a;\">Juhend p\u00e4rast vastuse saatmist:<\/span><\/strong><\/span><\/span><\/p>\n\n\n\n<p><span style=\"font-size: 16px;\"><span style=\"font-family: Verdana,Geneva,sans-serif;\"><img decoding=\"async\" style=\"width: 662px; height: 240px;\" src=\"https:\/\/sisu.ut.ee\/wp-content\/uploads\/sites\/178\/tulemus_vaata1_2.jpg\" alt=\"\"><br>Vaata palju punkte said (n\u00e4idisel 360 punkti \/ maksimaalselt v\u00f5is saada 400 punkti)<\/span><\/span><\/p>\n\n\n\n<figure class=\"wp-block-image\"><img decoding=\"async\" src=\"https:\/\/sisu.ut.ee\/wp-content\/uploads\/sites\/178\/tulemus1_2.jpg\" alt=\"\"><\/figure>\n\n\n\n<p><span style=\"font-size: 16px;\"><span style=\"font-family: Verdana,Geneva,sans-serif;\"><\/span><\/span><\/p>\n\n\n\n<p><span style=\"font-size: 16px;\"><span style=\"font-family: Verdana,Geneva,sans-serif;\"><span style=\"color: #008000;\">Vaata, millised olid \u00f5iged vastused:<\/span><\/span><\/span><\/p>\n\n\n\n<figure class=\"wp-block-image\"><img decoding=\"async\" src=\"https:\/\/sisu.ut.ee\/wp-content\/uploads\/sites\/178\/oige1_2.jpg\" alt=\"\"><\/figure>\n\n\n\n<p><span style=\"font-size: 16px;\"><span style=\"font-family: Verdana,Geneva,sans-serif;\"><\/span><\/span><\/p>\n\n\n\n<p><span style=\"font-size: 16px;\"><span style=\"font-family: Verdana,Geneva,sans-serif;\"><span style=\"color: #ff0000;\">Vaata, millised olid valed vastused:<\/span><\/span><\/span><\/p>\n\n\n\n<p><span style=\"font-size: 14px;\"><span style=\"font-family: Verdana,Geneva,sans-serif;\">Vaadake\u00a0kevadisi \u00fclesandeid:<\/span><\/span><\/p>\n\n\n\n<p><a href=\"https:\/\/sisu.ut.ee\/zooloogiaring\/kevad-2020\/\"><span style=\"font-size: 16px;\"><span style=\"font-family: Verdana,Geneva,sans-serif;\">ZOOLOOGIARINGI E-\u00d5PPE \u00dcLESANDED KEVADEL 2020 &gt;&gt;<\/span><\/span><\/a><\/p>\n","protected":false},"excerpt":{"rendered":"<p>1. \u00fclesanne: meie kodused lemmikloomad 2. \u00fclesanne: veeloomade uurimine 3. \u00fclesanne: loomade j\u00e4ljed lumel KEVAD 2020 &gt;&gt; . T\u00c4HELEPANU! \u00dclesannete lahendamisel vasta mitu korda, nii \u00f5pid rohkem ja saad ka enam punkte! Juhend p\u00e4rast vastuse saatmist: Vaata palju punkte said &#8230;<\/p>\n","protected":false},"author":88,"featured_media":0,"parent":0,"menu_order":0,"comment_status":"closed","ping_status":"closed","template":"","meta":{"_acf_changed":false,"inline_featured_image":false,"footnotes":""},"class_list":["post-30","page","type-page","status-publish","hentry"],"acf":[],"_links":{"self":[{"href":"https:\/\/sisu.ut.ee\/zooloogiaring\/wp-json\/wp\/v2\/pages\/30","targetHints":{"allow":["GET"]}}],"collection":[{"href":"https:\/\/sisu.ut.ee\/zooloogiaring\/wp-json\/wp\/v2\/pages"}],"about":[{"href":"https:\/\/sisu.ut.ee\/zooloogiaring\/wp-json\/wp\/v2\/types\/page"}],"author":[{"embeddable":true,"href":"https:\/\/sisu.ut.ee\/zooloogiaring\/wp-json\/wp\/v2\/users\/88"}],"replies":[{"embeddable":true,"href":"https:\/\/sisu.ut.ee\/zooloogiaring\/wp-json\/wp\/v2\/comments?post=30"}],"version-history":[{"count":9,"href":"https:\/\/sisu.ut.ee\/zooloogiaring\/wp-json\/wp\/v2\/pages\/30\/revisions"}],"predecessor-version":[{"id":1028,"href":"https:\/\/sisu.ut.ee\/zooloogiaring\/wp-json\/wp\/v2\/pages\/30\/revisions\/1028"}],"wp:attachment":[{"href":"https:\/\/sisu.ut.ee\/zooloogiaring\/wp-json\/wp\/v2\/media?parent=30"}],"curies":[{"name":"wp","href":"https:\/\/api.w.org\/{rel}","templated":true}]}}