{"id":14,"date":"2024-04-04T02:55:50","date_gmt":"2024-04-03T23:55:50","guid":{"rendered":"https:\/\/sisu.ut.ee\/zooloogiaring\/kuulik-kabi\/"},"modified":"2025-10-08T12:32:35","modified_gmt":"2025-10-08T09:32:35","slug":"kuulik-kabi","status":"publish","type":"page","link":"https:\/\/sisu.ut.ee\/zooloogiaring\/kuulik-kabi\/","title":{"rendered":"K\u00fc\u00fclik K\u00e4bi"},"content":{"rendered":"<p><span style=\"font-size: 15px;\"><span style=\"font-family: Verdana,Geneva,sans-serif;\">K\u00fc\u00fcliku saime muuseumi avamise puhul kingituseks.<\/span><\/span><\/p>\n<p><span style=\"font-size: 15px;\"><span style=\"font-family: Verdana,Geneva,sans-serif;\">Korraldasime nimekonkursi, milles osalesid zooloogiaringi liikmed.<br>Lisaks sai oma h\u00e4\u00e4le anda facebooki kaudu<\/span><\/span><\/p>\n<p><span style=\"font-size: 15px;\"><span style=\"font-family: Verdana,Geneva,sans-serif;\"><strong>\u00dclekaalukalt sai h\u00e4\u00e4li K\u00c4BI<\/strong><\/span><\/span><\/p>\n<p><br><span style=\"font-size: 15px;\"><span style=\"font-family: Verdana,Geneva,sans-serif;\"><img loading=\"lazy\" decoding=\"async\" src=\"\/wp-content\/uploads\/sites\/178\/kuulik1a.jpg\" width=\"500\" height=\"507\"><\/span><\/span><\/p>\n<p><span style=\"font-size: 15px;\"><span style=\"font-family: Verdana,Geneva,sans-serif;\">17.01.2016<\/span><\/span><\/p>\n<p><span style=\"font-size: 15px;\"><span style=\"font-family: Verdana,Geneva,sans-serif;\"><img loading=\"lazy\" decoding=\"async\" src=\"\/wp-content\/uploads\/sites\/178\/kuulik2a.jpg\" width=\"548\" height=\"507\"><br>17.01.2016<\/span><\/span><\/p>\n<p><span style=\"font-size: 15px;\"><span style=\"font-family: Verdana,Geneva,sans-serif;\"><img loading=\"lazy\" decoding=\"async\" src=\"\/wp-content\/uploads\/sites\/178\/kuulik3a.jpg\" width=\"800\" height=\"415\"><br>17.01.2016<\/span><\/span><\/p>\n<p><span style=\"font-size: 15px;\"><span style=\"font-family: Verdana,Geneva,sans-serif;\"><img loading=\"lazy\" decoding=\"async\" src=\"\/wp-content\/uploads\/sites\/178\/kyylik_8-02-16.jpg\" width=\"500\" height=\"448\"><br>8.02.2016<\/span><\/span><\/p>\n<p><span style=\"font-size: 15px;\"><span style=\"font-family: Verdana,Geneva,sans-serif;\"><img loading=\"lazy\" decoding=\"async\" src=\"\/wp-content\/uploads\/sites\/178\/kuulik4_1.09.2016.jpg\" width=\"800\" height=\"553\"><br>1.09.2016<\/span><\/span><\/p>\n<p><strong>\u2020 K\u00e4bi suri 4.10.2025<\/strong><\/p>\n\n\n<p><\/p>\n","protected":false},"excerpt":{"rendered":"<p>K\u00fc\u00fcliku saime muuseumi avamise puhul kingituseks. Korraldasime nimekonkursi, milles osalesid zooloogiaringi liikmed.Lisaks sai oma h\u00e4\u00e4le anda facebooki kaudu \u00dclekaalukalt sai h\u00e4\u00e4li K\u00c4BI 17.01.2016 17.01.2016 17.01.2016 8.02.2016 1.09.2016 \u2020 K\u00e4bi suri 4.10.2025<\/p>\n","protected":false},"author":88,"featured_media":0,"parent":0,"menu_order":0,"comment_status":"closed","ping_status":"closed","template":"","meta":{"_acf_changed":false,"inline_featured_image":false,"footnotes":""},"class_list":["post-14","page","type-page","status-publish","hentry"],"acf":[],"_links":{"self":[{"href":"https:\/\/sisu.ut.ee\/zooloogiaring\/wp-json\/wp\/v2\/pages\/14","targetHints":{"allow":["GET"]}}],"collection":[{"href":"https:\/\/sisu.ut.ee\/zooloogiaring\/wp-json\/wp\/v2\/pages"}],"about":[{"href":"https:\/\/sisu.ut.ee\/zooloogiaring\/wp-json\/wp\/v2\/types\/page"}],"author":[{"embeddable":true,"href":"https:\/\/sisu.ut.ee\/zooloogiaring\/wp-json\/wp\/v2\/users\/88"}],"replies":[{"embeddable":true,"href":"https:\/\/sisu.ut.ee\/zooloogiaring\/wp-json\/wp\/v2\/comments?post=14"}],"version-history":[{"count":2,"href":"https:\/\/sisu.ut.ee\/zooloogiaring\/wp-json\/wp\/v2\/pages\/14\/revisions"}],"predecessor-version":[{"id":1600,"href":"https:\/\/sisu.ut.ee\/zooloogiaring\/wp-json\/wp\/v2\/pages\/14\/revisions\/1600"}],"wp:attachment":[{"href":"https:\/\/sisu.ut.ee\/zooloogiaring\/wp-json\/wp\/v2\/media?parent=14"}],"curies":[{"name":"wp","href":"https:\/\/api.w.org\/{rel}","templated":true}]}}