{"id":106,"date":"2024-04-04T02:55:56","date_gmt":"2024-04-03T23:55:56","guid":{"rendered":"https:\/\/sisu.ut.ee\/zooloogiaring\/lapsevanemate-tagasiside-2021-2022\/"},"modified":"2024-04-18T01:10:24","modified_gmt":"2024-04-17T22:10:24","slug":"lapsevanemate-tagasiside-2021-2022","status":"publish","type":"page","link":"https:\/\/sisu.ut.ee\/zooloogiaring\/lapsevanemate-tagasiside-2021-2022\/","title":{"rendered":"Lapsevanemate tagasiside, 2021-2022 \u00f5ppeaasta"},"content":{"rendered":"<p><\/p>\n\n\n<ul>\n<li>\n\t\t<span style=\"font-size:16px\"><span style=\"font-family:Verdana,Geneva,sans-serif\"><span style=\"color:#800000\"><span style=\"line-height:107%\">Lapsel on olnud v\u00e4ga huvitav ja ta alati ootab zooloogiaringi tundi v\u00e4ga.<\/span><\/span><\/span><\/span><br>\u00a0\n\t<\/li>\n<li>\n\t\t<span style=\"font-size:16px\"><span style=\"font-family:Verdana,Geneva,sans-serif\"><span style=\"color:#800000\"><span style=\"line-height:107%\">K\u00f5ik oli v\u00e4ga tore ja h\u00e4sti korraldatud. Hea et olid h\u00fcbriidtunnid kogu aeg sama lingiga, kui juhtus mingi ootamatus st tuli kodus distantsil olla haigestumise p\u00e4rast sai ikka osaleda. Teie laagrid on v\u00e4ga toredad<\/span><\/span><\/span><\/span><br>\u00a0\n\t<\/li>\n<li>\n\t\t<span style=\"font-size:16px\"><span style=\"font-family:Verdana,Geneva,sans-serif\"><span style=\"color:#800000\"><span style=\"line-height:107%\">Laager oli tore ettev\u00f5tmine.<\/span><\/span><\/span><\/span><br>\u00a0\n\t<\/li>\n<li>\n\t\t<span style=\"font-size:16px\"><span style=\"font-family:Verdana,Geneva,sans-serif\"><span style=\"color:#800000\"><span style=\"line-height:107%\">Loen kordal\u00e4inuks.<\/span><\/span><\/span><\/span>\n\t<\/li>\n<\/ul>\n<ul>\n<li>\n\t\t<span style=\"font-size:16px\"><span style=\"font-family:Verdana,Geneva,sans-serif\"><span style=\"color:#800000\"><span style=\"line-height:107%\">V\u00e4ga hea oli h\u00fcbriidtunni variant!<\/span><\/span><\/span><\/span><br>\u00a0\n\t<\/li>\n<li>\n\t\t<span style=\"font-size:16px\"><span style=\"font-family:Verdana,Geneva,sans-serif\"><span style=\"color:#800000\"><span style=\"line-height:107%\">Kahjuks ei oska midagi v\u00e4ga arvata \u2013 Laps on rahul, aeg-ajalt r\u00e4\u00e4gib, mida tegite tunnis. V\u00f5i siis k\u00fcsime ise, et mis loomast seekord oli juttu.<\/span><\/span><\/span><\/span><br>\u00a0\n\t<\/li>\n<li>\n\t\t<span style=\"font-size:16px\"><span style=\"font-family:Verdana,Geneva,sans-serif\"><span style=\"color:#800000\"><span style=\"line-height:107%\">L\u00e4htuvalt t\u00fctre s\u00f5nadest, siis zooloogiaring on huvitav ja p\u00f5nev, seal saab teada palju uut ning \u00e4ge olevat ka muuseumi p\u00e4ris loomakestega tegeleda.<\/span><\/span><\/span><\/span><br>\u00a0\n\t<\/li>\n<li>\n\t\t<span style=\"font-size:16px\"><span style=\"font-family:Verdana,Geneva,sans-serif\"><span style=\"color:#800000\"><span style=\"line-height:107%\">Mina olen v\u00e4ga rahul ja laps on v\u00e4ga rahul. Laps osales sel aastal ka loodus\u00f5petuse ol\u00fcmpiaadil ja mingil loodusteemalisel v\u00f5istlusel veel ning sai v\u00e4ga hea koha (Tartumaa piirkondlik 5. koht). Arvestades, et ta l\u00e4ks ol\u00fcmpiaadile null ettevalmistusega, v\u00f5in kindlalt kinnitada, et suur osa tema teadmistest p\u00e4rineb zooloogiaringist. Siin ei \u00f5pi mitte vaid ainult konkreetseid loomi\/linde\/jms tundma, vaid kuuldu aitab luua ka seoseid ja nn s\u00fcsteemset m\u00f5tlemist, mis loodust \u00fcldisemalt puudutab.<\/span><\/span><\/span><\/span><br>\u00a0\n\t<\/li>\n<li>\n\t\t<span style=\"font-size:16px\"><span style=\"font-family:Verdana,Geneva,sans-serif\"><span style=\"color:#800000\"><span style=\"line-height:107%\">Laps k\u00fcll justkui \u201cei viitsinud\u201d k\u00e4ia. Samas kui \u00fckskord tunnis juba oli, siis hiljem ta peaaegu alati r\u00e4\u00e4kis k\u00f5igest uuest ja huvitavast ja oli aru saada, et talle tegelikult meeldis. Minu arvates oli ja on v\u00e4ga kasulik ja hariv huviring.<\/span><\/span><\/span><\/span><br>\u00a0\n\t<\/li>\n<li>\n\t\t<span style=\"font-size:16px\"><span style=\"font-family:Verdana,Geneva,sans-serif\"><span style=\"color:#800000\"><span style=\"line-height:107%\">Lapsele v\u00e4ga meeldis.<\/span><\/span><\/span><\/span><br>\u00a0\n\t<\/li>\n<li>\n\t\t<span style=\"font-size:16px\"><span style=\"font-family:Verdana,Geneva,sans-serif\"><span style=\"color:#800000\"><span style=\"line-height:107%\">Mitmekesine programm, tore, et \u00f5petaja on meesterahvas.<\/span><\/span><\/span><\/span><br>\u00a0\n\t<\/li>\n<li>\n\t\t<span style=\"font-size:16px\"><span style=\"font-family:Verdana,Geneva,sans-serif\"><span style=\"color:#800000\"><span style=\"line-height:107%\">V\u00e4ga tubli juhendaja, et h\u00fcbriidivariandi l\u00e4bi tegi.<\/span><\/span><\/span><\/span><br>\u00a0\n\t<\/li>\n<li>\n\t\t<span style=\"font-size:16px\"><span style=\"font-family:Verdana,Geneva,sans-serif\"><span style=\"color:#800000\"><span style=\"line-height:107%\">Laps rahul, vanem rahul. Kiitus h\u00fcbriid\u00f5ppe v\u00f5imaluse eest keerulistel hetkedel. \u00d5ues\u00f5pe ja laagrid on hea lisa ringile.<\/span><\/span><\/span><\/span><br>\u00a0\n\t<\/li>\n<li>\n\t\t<span style=\"font-size:16px\"><span style=\"font-family:Verdana,Geneva,sans-serif\"><span style=\"color:#800000\"><span style=\"line-height:107%\">Tulenevalt Covid-19 levikust meeldis, et ringist osa v\u00f5tmine oli muudetud paindlikuks, et ka isolatsioonis viibides sai tunnis osaleda.<\/span><\/span><\/span><\/span><br>\u00a0\n\t<\/li>\n<li>\n\t\t<span style=\"font-size:16px\"><span style=\"font-family:Verdana,Geneva,sans-serif\"><span style=\"color:#800000\"><span style=\"line-height:107%\">Lapse trenniplaan k\u00f5ikus ja seet\u00f5ttu j\u00e4i ta natuke liiga kauaks kasutama h\u00fcbriidtunni v\u00f5imalust.<\/span><\/span><\/span><\/span><br>\u00a0\n\t<\/li>\n<li>\n\t\t<span style=\"font-size:16px\"><span style=\"font-family:Verdana,Geneva,sans-serif\"><span style=\"color:#800000\"><span style=\"line-height:107%\">K\u00f5ik hea, etteheiteid pole.<\/span><\/span><\/span><\/span><br>\u00a0\n\t<\/li>\n<li>\n\t\t<span style=\"font-size:16px\"><span style=\"font-family:Verdana,Geneva,sans-serif\"><span style=\"color:#800000\"><span style=\"line-height:107%\">Meeldis, et sai osaleda tunnis ka zoomis, nt siis kui ei saanud ise kohale tulla, oli haige vms.<\/span><\/span><\/span><\/span><br>\u00a0\n\t<\/li>\n<li>\n\t\t<span style=\"font-size:16px\"><span style=\"font-family:Verdana,Geneva,sans-serif\"><span style=\"color:#800000\"><span style=\"line-height:107%\">Laps on k\u00fcll ringis k\u00e4inud vaid paar korda, kuid on v\u00e4ga-v\u00e4ga \u00f5nnelik, et saab seal k\u00e4ia.<\/span><\/span><\/span><\/span><br>\u00a0\n\t<\/li>\n<li>\n\t\t<span style=\"font-size:16px\"><span style=\"font-family:Verdana,Geneva,sans-serif\"><span style=\"color:#800000\"><span style=\"line-height:107%\">Zooloogiaringi-p\u00e4ev on ka sel \u00f5ppeaastal olnud oodatud n\u00e4dalap\u00e4ev, harilikult kuulen \u00f5htul lapselt muljeid tunnis \u00f5pitud loomast-linnust-putukast. R\u00f5\u00f5mustan ja elan kaasa, kui \u00f5ppeklassi v\u00f5i muuseumi terraariumi asukatega midagi toimetada saab. Elevust lisab ergutuspunkti-\u201c\u00e4ri\u201d.<\/span><\/span><\/span><\/span><br>\u00a0\n\t<\/li>\n<li>\n\t\t<span style=\"font-size:16px\"><span style=\"font-family:Verdana,Geneva,sans-serif\"><span style=\"color:#800000\"><span style=\"line-height:107%\">V\u00e4ga h\u00e4sti korraldatud ringitegevus. Laps saab sealt palju huvitavat infot.<\/span><\/span><\/span><\/span><br>\u00a0\n\t<\/li>\n<li>\n\t\t<span style=\"font-size:16px\"><span style=\"font-family:Verdana,Geneva,sans-serif\"><span style=\"color:#800000\"><span style=\"line-height:107%\">Lapsele v\u00e4ga meeldib zooloogiaringis k\u00e4ia.<\/span><\/span><\/span><\/span><br>\u00a0\n\t<\/li>\n<li>\n\t\t<span style=\"font-size:16px\"><span style=\"font-family:Verdana,Geneva,sans-serif\"><span style=\"color:#800000\"><span style=\"line-height:107%\">Suur, suur ait\u00e4h Teile tehtud t\u00f6\u00f6 eest!\u00a0<\/span><\/span><span style=\"color:#800000\"><span style=\"line-height:107%\">Kohati on olnud tehnilisi viperusi zoomi teel tunniga liitumisel \u2013 ei saa tundi sisse, peale liitumist siiski viskab programm lapse v\u00e4lja\u00a0 jne. Et v\u00f5ib-olla oleks v\u00f5imalik veebitundide tehnilises korralduses miskit parandada? Aga loodetavasti on uuel \u00f5ppeaastal olud siiski sellised, et saab valdavalt \u00f5ppeklassis koha peal k\u00e4ia.<\/span><\/span><\/span><\/span><br>\u00a0\n\t<\/li>\n<li>\n\t\t<span style=\"font-size:16px\"><span style=\"font-family:Verdana,Geneva,sans-serif\"><span style=\"color:#800000\"><span style=\"line-height:107%\">Vaatamata koroonale ja sellega seotud piirangutele, sujus k\u00f5ik kenasti. Laps osales tundides v\u00e4ga hea meelega ja talle oli k\u00f5ik huvitav.<\/span><\/span><\/span><\/span><br>\u00a0\n\t<\/li>\n<li>\n\t\t<span style=\"font-size:16px\"><span style=\"font-family:Verdana,Geneva,sans-serif\"><span style=\"color:#800000\"><span style=\"line-height:107%\">V\u00e4ga tore oli, et haige olemise ajal kodus sai Zoomi kaudu tunnist osav\u00f5tta.<\/span><\/span><\/span><\/span><br>\u00a0\n\t<\/li>\n<li>\n\t\t<span style=\"font-size:16px\"><span style=\"font-family:Verdana,Geneva,sans-serif\"><span style=\"color:#800000\"><span style=\"line-height:107%\">Saite h\u00e4sti hakkama.<\/span><\/span><\/span><\/span><br>\u00a0\n\t<\/li>\n<li>\n\t\t<span style=\"font-size:16px\"><span style=\"font-family:Verdana,Geneva,sans-serif\"><span style=\"color:#800000\"><span style=\"line-height:107%\">Lapse s\u00f5nul oli v\u00e4ga huvitav aasta ja hea, et oli vajadusel v\u00f5imalik ka h\u00fcbriidtunnis osaleda. Muidugi kohal k\u00e4imine meeldib alati rohkem, eriti kui saab madu katsuda:)<\/span><\/span><\/span><\/span><br>\u00a0\n\t<\/li>\n<li>\n\t\t<span style=\"font-size:16px\"><span style=\"font-family:Verdana,Geneva,sans-serif\"><span style=\"color:#800000\"><span style=\"line-height:107%\">H\u00e4sti korraldatud \u00f5ppevorm.<\/span><\/span><\/span><\/span><br>\u00a0\n\t<\/li>\n<li>\n\t\t<span style=\"font-size:16px\"><span style=\"font-family:Verdana,Geneva,sans-serif\"><span style=\"color:#800000\"><span style=\"line-height:107%\">Tundus, et lapse jaoks kestis ring liiga kaua, oli p\u00e4ris v\u00e4sinud, eriti kooliaasta alguses. Kevadeks oli juba harjunud. Meeldisid v\u00e4ga h\u00fcbriidtunnid, et sai osaleda tunnis arvuti taga.<\/span><\/span><\/span><\/span><br>\u00a0\n\t<\/li>\n<li>\n\t\t<span style=\"font-size:16px\"><span style=\"font-family:Verdana,Geneva,sans-serif\"><span style=\"color:#800000\"><span style=\"line-height:107%\">V\u00e4ga hariv ja huvitav. Tekitas rohkem huvi looduse ja loomade vastu.<\/span><\/span><\/span><\/span><br>\u00a0\n\t<\/li>\n<li>\n\t\t<span style=\"font-size:16px\"><span style=\"font-family:Verdana,Geneva,sans-serif\"><span style=\"color:#800000\"><span style=\"line-height:107%\">M\u00f6\u00f6dus kiiresti \ud83d\ude42<\/span><\/span><\/span><\/span><br>\u00a0\n\t<\/li>\n<li>\n\t\t<span style=\"font-size:16px\"><span style=\"font-family:Verdana,Geneva,sans-serif\"><span style=\"color:#800000\"><span style=\"line-height:107%\">Teemad ja loomad olid p\u00f5nevad, laps r\u00e4\u00e4kis kodus nendest \u00f5hinaga (eriti mis puudutas elusloomi v\u00f5i muuseumis k\u00e4imisi). V\u00e4ga hea et toimusid ka h\u00fcbriidtunnid. Ait\u00e4h!<\/span><\/span><\/span><\/span><br>\u00a0\n\t<\/li>\n<li>\n\t\t<span style=\"font-size:16px\"><span style=\"font-family:Verdana,Geneva,sans-serif\"><span style=\"color:#800000\"><span style=\"line-height:107%\">Mina olen rahul. V\u00e4ga tore et zoomi tunnid toimusid.<\/span><\/span><\/span><\/span><br>\u00a0\n\t<\/li>\n<li>\n\t\t<span style=\"font-size:16px\"><span style=\"font-family:Verdana,Geneva,sans-serif\"><span style=\"color:#800000\"><span style=\"line-height:107%\">Zooloogiaring on alati olnud v\u00e4ga h\u00e4sti korraldatud ja tore ring, kus lapsele meeldib k\u00e4ia.<\/span><\/span><\/span><\/span><br>\u00a0\n\t<\/li>\n<li>\n\t\t<span style=\"font-size:16px\"><span style=\"font-family:Verdana,Geneva,sans-serif\"><span style=\"color:#800000\"><span style=\"line-height:107%\">V\u00e4ga tore, et on tekkinud ka h\u00fcbriidtunni v\u00f5imalus.<\/span><\/span><\/span><\/span><br>\u00a0\n\t<\/li>\n<li>\n\t\t<span style=\"font-size:16px\"><span style=\"font-family:Verdana,Geneva,sans-serif\"><span style=\"color:#800000\"><span style=\"line-height:107%\">V\u00e4ga h\u00e4sti korraldatud ja huvitavate teemadega zooloogiaring. On olnud \u00f5nn endal ka distantsilt osaleda. Osalesime k\u00f5igi kolme lapsega, kui olime koroonas.\u00a0 Meie pere on f\u00e4nn!<\/span><\/span><\/span><\/span><br>\u00a0\n\t<\/li>\n<li>\n\t\t<span style=\"font-size:16px\"><span style=\"font-family:Verdana,Geneva,sans-serif\"><span style=\"color:#800000\"><span style=\"line-height:107%\">Tore, kui lastega k\u00e4iakse ka v\u00e4ljas zooloogiaringi tegemas (pargis vms).<\/span><\/span><\/span><\/span><br>\u00a0\n\t<\/li>\n<li>\n\t\t<span style=\"font-size:16px\"><span style=\"font-family:Verdana,Geneva,sans-serif\"><span style=\"color:#800000\"><span style=\"line-height:107%\">Laps l\u00e4ks iga kord hea meelega zooloogia ringi. T\u00e4ielik ,,hitt\u201d oli elevantlind, sellest kuulen siiani. M\u00f5ned ringitunnid, kus r\u00e4\u00e4giti kaladest nii suurt vaimustust ei tekitanud. Lapsele meeldisid veel muuseumis k\u00e4igud ja et sai punkte koguda ja postkaarte ning elusloomade. Olles n\u00e4inud ka m\u00f5nda ringi Interneti vahendusel, siis mulle v\u00e4ga meeldis, et seletate lastele arusaadavas keeles ja et lapsed julgevad k\u00fcsida.<\/span><\/span><\/span><\/span><br>\u00a0\n\t<\/li>\n<li>\n\t\t<span style=\"font-size:16px\"><span style=\"font-family:Verdana,Geneva,sans-serif\"><span style=\"color:#800000\"><span style=\"line-height:107%\">V\u00e4ga hea, et oli h\u00fcbriidtunni v\u00f5imalus, t\u00e4nu millele said lapsed peaaegu k\u00f5ikides tundides osaleda. M\u00f5lemale lapsele meeldis v\u00e4ga Silma \u00f5ppelaager, kui Endla laager poleks toimunud samal kuul, oleks nad m\u00f5lemad ka seal osalenud.<\/span><\/span><\/span><\/span><br>\u00a0\n\t<\/li>\n<li>\n\t\t<span style=\"font-size:16px\"><span style=\"font-family:Verdana,Geneva,sans-serif\"><span style=\"color:#800000\"><span style=\"line-height:107%\">Zoom-kohtumised olid talvel praktilised. V\u00e4livaatlus tundus tore m\u00f5te, aga grupp oli vist v\u00e4ga suur olnud, \u00e4kki saaks teinekord kuidagi jaguneda.<\/span><\/span><\/span><\/span><br>\u00a0\n\t<\/li>\n<li>\n\t\t<span style=\"font-size:16px\"><span style=\"font-family:Verdana,Geneva,sans-serif\"><span style=\"color:#800000\"><span style=\"line-height:107%\">Lapsed olid v\u00e4ga rahul ning on omandanud uusi teadmisi, mida oskavad ka tavaelus kasutada.<\/span><\/span><\/span><\/span><br>\u00a0\n\t<\/li>\n<li>\n\t\t<span style=\"font-size:16px\"><span style=\"font-family:Verdana,Geneva,sans-serif\"><span style=\"color:#800000\"><span style=\"line-height:107%\">Kodus v\u00e4ga juttu ei ole olnud ja tahetakse j\u00e4tkata, ju siis on huvitav ja asjakohane. Loodusmuuseumis k\u00e4imised ja v\u00e4lipraktikumid on suur lisav\u00e4\u00e4rtus.<\/span><\/span><\/span><\/span><br>\u00a0\n\t<\/li>\n<li>\n\t\t<span style=\"font-size:16px\"><span style=\"font-family:Verdana,Geneva,sans-serif\"><span style=\"color:#800000\"><span style=\"line-height:107%\">P\u00f5hiliselt kuulsin seda, et h\u00e4sti tore oli elus loomadega tegeleda, see on lapse jaoks kindlasti v\u00e4ga t\u00e4htis.<\/span><\/span><\/span><\/span><br>\u00a0\n\t<\/li>\n<li>\n\t\t<span style=\"font-size:16px\"><span style=\"font-family:Verdana,Geneva,sans-serif\"><span style=\"color:#800000\"><span style=\"line-height:107%\">Lapsele meeldib zooloogias k\u00e4ia, eriti koos s\u00f5brannaga. V\u00e4ga meeldivad kohapeal olevad elusloomad. Laps v\u00e4ga palju sisust ei r\u00e4\u00e4gi, seet\u00f5ttu on hea, et huvikool kasutab Stuudiumi. Motiveeriv oli lapsele punktide kogumine, mille eest sai endale 3D liikuvpilte. Need on meil kodus auv\u00e4\u00e4rsel kohal, igap\u00e4evaseks vaatamiseks. Meeldib, et alati on v\u00f5imalus h\u00fcbriidtunniks.<\/span><\/span><\/span><\/span><br>\u00a0\n\t<\/li>\n<li>\n\t\t<span style=\"font-size:16px\"><span style=\"font-family:Verdana,Geneva,sans-serif\"><span style=\"color:#800000\"><span style=\"line-height:107%\">Hea v\u00f5imalus oli tundides osaleda ka veebi teel. Laps nautis v\u00e4ga ka nii l\u00fchemaid kui ka pikemaid laagrip\u00e4evi.<\/span><\/span><\/span><\/span><br>\u00a0\n\t<\/li>\n<li>\n\t\t<span style=\"font-size:16px\"><span style=\"font-family:Verdana,Geneva,sans-serif\"><span style=\"color:#800000\"><span style=\"line-height:107%\">Laps on terve \u00f5ppeaasta heal meelel ringis k\u00e4inud ja kodus meile huvitavaid fakte jaganud, nii et j\u00e4relikult on \u00f5nnestunud aasta \ud83d\ude42<\/span><\/span><\/span><\/span><br>\u00a0\n\t<\/li>\n<li>\n\t\t<span style=\"font-size:16px\"><span style=\"font-family:Verdana,Geneva,sans-serif\"><span style=\"color:#800000\"><span style=\"line-height:107%\">K\u00f5ik laabub kenasti. Mulle meeldis, et oli v\u00f5imalus paralleelselt osaleda ka zoomis (kuigi laps seda ei kasutanud), \u00fchtlasi oli olemas meeldetuletus, et tund toimub. Info liigub, Stuudiumis on tunnikirjeldused ka olemas.<\/span><\/span><\/span><\/span><br>\u00a0\n\t<\/li>\n<li>\n\t\t<span style=\"font-size:16px\"><span style=\"font-family:Verdana,Geneva,sans-serif\"><span style=\"color:#800000\"><span style=\"line-height:107%\">Oleme v\u00e4ga rahul, kuna laps leidis endale meelep\u00e4rase huviringi.<\/span><\/span><\/span><\/span><br>\u00a0\n\t<\/li>\n<li>\n\t\t<span style=\"font-size:16px\"><span style=\"font-family:Verdana,Geneva,sans-serif\"><span style=\"color:#800000\"><span style=\"line-height:107%\">Oleme v\u00e4ga rahul selle ringitunniga. On olnud v\u00e4ga p\u00f5nevad 12 aastat. K\u00fcll eksamil \u00f5petaja \u00fctles et zooloogi temast ei saa, kuid \u00fcldine loodushuvi ja tehnoloogia ning looduse koostoimimine on tema jaoks m\u00e4rks\u00f5nad, millega ilmselt j\u00e4\u00e4b tegelema. Ait\u00e4h n\u00e4htud vaeva ja suure t\u00f6\u00f6 eest!<\/span><\/span><\/span><\/span><br>\u00a0\n\t<\/li>\n<li>\n\t\t<span style=\"font-size:16px\"><span style=\"font-family:Verdana,Geneva,sans-serif\"><span style=\"color:#800000\"><span style=\"line-height:107%\">Mulle meeldis, et oli valik, kas laps osaleb veebis v\u00f5i kohapeal. Laps ise veebitundides osaleda ei soovinud, kuna pidi ainult kuulaja rollis olema. Probleemsemad on lapsele laagrid, millegi p\u00e4rast ei soovi ta v\u00e4ga osaleda.<\/span><\/span><\/span><\/span><br>\u00a0\n\t<\/li>\n<li>\n\t\t<span style=\"font-size:16px\"><span style=\"font-family:Verdana,Geneva,sans-serif\"><span style=\"color:#800000\"><span style=\"line-height:107%\">K\u00f5ik toimis ja loodan, et uuel \u00f5ppeaastal koroona enam nii palju ei sega.<\/span><\/span><\/span><\/span><br>\u00a0\n\t<\/li>\n<li>\n\t\t<span style=\"font-size:16px\"><span style=\"font-family:Verdana,Geneva,sans-serif\"><span style=\"color:#800000\"><span style=\"line-height:107%\">Laps \u00f5ppis palju ja m\u00f5nel korral, kui loodusringi zoomi vahendusel poole k\u00f5rvaga ka ise kuulasin, siis sain ikka v\u00e4ga targaks. Meeldis just see, et ringis k\u00e4sitleti loomi, mis vahest v\u00e4hem t\u00e4helepanu saavad v\u00f5i on muul moel ootamatult huvitavad. Ja see v\u00e4ike pilt ringi l\u00f5pus sellest loomast, kellest ringis r\u00e4\u00e4giti, oli v\u00e4ga hea. Nii on meil kodus terve \u00fcmbrikut\u00e4is neid pilte ja vahest hea meenutada, mis selle v\u00f5i teise looma kohta teame.<\/span><\/span><\/span><\/span><br>\u00a0\n\t<\/li>\n<li>\n\t\t<span style=\"font-size:16px\"><span style=\"font-family:Verdana,Geneva,sans-serif\"><span style=\"color:#800000\"><span style=\"line-height:107%\">L\u00f5pp hea, k\u00f5ik hea \ud83d\ude42 Eks koroonaaeg on j\u00e4tnud oma j\u00e4lje igale poole.<\/span><\/span><\/span><\/span><br>\u00a0\n\t<\/li>\n<li>\n\t\t<span style=\"font-size:16px\"><span style=\"font-family:Verdana,Geneva,sans-serif\"><span style=\"color:#800000\"><span style=\"line-height:107%\">Arutasime ikka esmasp\u00e4eviti, keda t\u00e4na \u00f5piti ja alati tundus, et lapsel oli huvitav olnud.<\/span><\/span><\/span><\/span><br>\u00a0\n\t<\/li>\n<li>\n\t\t<span style=\"font-size:16px\"><span style=\"font-family:Verdana,Geneva,sans-serif\"><span style=\"color:#800000\"><span style=\"line-height:107%\">V\u00e4ga h\u00e4sti teostatud \u00f5ppet\u00f6\u00f6!<\/span><\/span><\/span><\/span><br>\u00a0\n\t<\/li>\n<li>\n\t\t<span style=\"font-size:16px\"><span style=\"font-family:Verdana,Geneva,sans-serif\"><span style=\"color:#800000\"><span style=\"line-height:107%\">Laps osales r\u00f5\u00f5muga ja p\u00e4rast jagas perega uusi teadmisi.<\/span><\/span><\/span><\/span><br>\u00a0\n\t<\/li>\n<li>\n\t\t<span style=\"font-size:16px\"><span style=\"font-family:Verdana,Geneva,sans-serif\"><span style=\"color:#800000\"><span style=\"line-height:107%\">Toredad tunnid, sain zoomis ise ka vaadata, kui tund toimus. V\u00e4ljas\u00f5idud ja laagrid meeldisid, k\u00f5igil ei j\u00f5udnud osaleda kahjuks.<\/span><\/span><\/span><\/span><br>\u00a0\n\t<\/li>\n<li>\n\t\t<span style=\"font-size:16px\"><span style=\"font-family:Verdana,Geneva,sans-serif\"><span style=\"color:#800000\"><span style=\"line-height:107%\">Kuulen pojalt ainult positiivset tagasisidet \ud83d\ude42<\/span><\/span><\/span><\/span><br>\u00a0\n\t<\/li>\n<li>\n\t\t<span style=\"font-size:16px\"><span style=\"font-family:Verdana,Geneva,sans-serif\"><span style=\"color:#800000\"><span style=\"line-height:107%\">\u00d5ppeaasta m\u00f6\u00f6dus ilusti. Lapsel oli v\u00f5imalus kohal k\u00e4ia ja koroonaga osaleda ka h\u00fcbriidtundides. Korraldus on hea. Kahjuks ei v\u00f5imalda kool (tekkisid v\u00f5lgnevused) n\u00e4dala sees paljudel v\u00e4ljas\u00f5itudel osalemist (need, mis n\u00fc\u00fcd kevadel olid nt L\u00e4\u00e4nemaale).<\/span><\/span><\/span><\/span><br>\u00a0\n\t<\/li>\n<li>\n\t\t<span style=\"font-size:16px\"><span style=\"font-family:Verdana,Geneva,sans-serif\"><span style=\"color:#800000\"><span style=\"line-height:107%\">K\u00f5ik oli super- tunnid sisukad, v\u00e4ljas\u00f5idud p\u00f5nevad.<\/span><\/span><\/span><\/span><br>\u00a0\n\t<\/li>\n<li>\n\t\t<span style=\"font-size:16px\"><span style=\"font-family:Verdana,Geneva,sans-serif\"><span style=\"color:#800000\"><span style=\"line-height:107%\">Suurep\u00e4rane.<\/span><\/span><\/span><\/span><br>\u00a0\n\t<\/li>\n<li>\n\t\t<span style=\"font-size:16px\"><span style=\"font-family:Verdana,Geneva,sans-serif\"><span style=\"color:#800000\"><span style=\"line-height:107%\">Igakord kui laps teie ringist tuli, siis ta kirjeldas suure p\u00f5nevusega, mida olite teinud. Tore, et korraldate laagreid looduss\u00f5pradele.<\/span><\/span><\/span><\/span><br>\u00a0\n\t<\/li>\n<li>\n\t\t<span style=\"font-size:16px\"><span style=\"font-family:Verdana,Geneva,sans-serif\"><span style=\"color:#800000\"><span style=\"line-height:107%\">Arvan v\u00e4ga h\u00e4sti. Laps on huviga ringis osalenud neli aastat. Ringist saabudes jagab \u00f5hinaga kuuldut\/n\u00e4htut. V\u00e4ga meeldivad ka muuseumik\u00fclastused.<\/span><\/span><\/span><\/span><br>\u00a0\n\t<\/li>\n<li>\n\t\t<span style=\"font-size:16px\"><span style=\"font-family:Verdana,Geneva,sans-serif\"><span style=\"color:#800000\"><span style=\"line-height:107%\">Suurep\u00e4rane!<\/span><\/span><\/span><\/span><br>\u00a0\n\t<\/li>\n<li>\n\t\t<span style=\"font-size:16px\"><span style=\"font-family:Verdana,Geneva,sans-serif\"><span style=\"color:#800000\"><span style=\"line-height:107%\">Lapsele meeldib, pere toetab \u00f5ppetegevust.<\/span><\/span><\/span><\/span>\n\t<\/li>\n<\/ul>\n<p>\n\t\u00a0\n<\/p>","protected":false},"excerpt":{"rendered":"<p>Lapsel on olnud v\u00e4ga huvitav ja ta alati ootab zooloogiaringi tundi v\u00e4ga.\u00a0 K\u00f5ik oli v\u00e4ga tore ja h\u00e4sti korraldatud. Hea et olid h\u00fcbriidtunnid kogu aeg sama lingiga, kui juhtus mingi ootamatus st tuli kodus distantsil olla haigestumise p\u00e4rast sai ikka &#8230;<\/p>\n","protected":false},"author":88,"featured_media":0,"parent":0,"menu_order":0,"comment_status":"closed","ping_status":"closed","template":"","meta":{"_acf_changed":false,"inline_featured_image":false,"footnotes":""},"class_list":["post-106","page","type-page","status-publish","hentry"],"acf":[],"_links":{"self":[{"href":"https:\/\/sisu.ut.ee\/zooloogiaring\/wp-json\/wp\/v2\/pages\/106","targetHints":{"allow":["GET"]}}],"collection":[{"href":"https:\/\/sisu.ut.ee\/zooloogiaring\/wp-json\/wp\/v2\/pages"}],"about":[{"href":"https:\/\/sisu.ut.ee\/zooloogiaring\/wp-json\/wp\/v2\/types\/page"}],"author":[{"embeddable":true,"href":"https:\/\/sisu.ut.ee\/zooloogiaring\/wp-json\/wp\/v2\/users\/88"}],"replies":[{"embeddable":true,"href":"https:\/\/sisu.ut.ee\/zooloogiaring\/wp-json\/wp\/v2\/comments?post=106"}],"version-history":[{"count":3,"href":"https:\/\/sisu.ut.ee\/zooloogiaring\/wp-json\/wp\/v2\/pages\/106\/revisions"}],"predecessor-version":[{"id":1445,"href":"https:\/\/sisu.ut.ee\/zooloogiaring\/wp-json\/wp\/v2\/pages\/106\/revisions\/1445"}],"wp:attachment":[{"href":"https:\/\/sisu.ut.ee\/zooloogiaring\/wp-json\/wp\/v2\/media?parent=106"}],"curies":[{"name":"wp","href":"https:\/\/api.w.org\/{rel}","templated":true}]}}