{"id":4,"date":"2024-04-04T09:10:46","date_gmt":"2024-04-04T06:10:46","guid":{"rendered":"https:\/\/sisu.ut.ee\/yskills\/pohitulemused\/"},"modified":"2025-01-29T12:55:36","modified_gmt":"2025-01-29T10:55:36","slug":"pohitulemused","status":"publish","type":"page","link":"https:\/\/sisu.ut.ee\/yskills\/pohitulemused\/","title":{"rendered":"P\u00d5HITULEMUSED"},"content":{"rendered":"<p dir=\"ltr\" style=\"text-align: justify;\">\n<\/p><p dir=\"ltr\" style=\"text-align: justify;\"><strong>ySKILLS-i k\u00fcsitlusuuring<\/strong> keskendus kuue Euroopa riigi 12\u201317-aastaste kooli\u00f5pilaste digioskustele ja teadmistele sellest, kuidas kasutada digivahendeid, suhelda digikeskkondades ja -platvormidel, otsida ja leida informatsiooni, luua erinevat laadi sisu, tegutseda digimaailmas seaduslikult ning kaitsta ennast ja teisi veebiriskide ja -ohtude eest.<\/p>\n<p dir=\"ltr\" style=\"text-align: justify;\">\nEestist osales uuringus 9 kooli. Esimene k\u00fcsitluslaine toimus 2021. aasta kevadel, mil ankeedi t\u00e4itis 1249 koolinoort. Samu \u00f5pilasi k\u00fcsitlesime ka 2022. ja 2023. aasta kevadel. Kestvusuuring v\u00f5imaldab anal\u00fc\u00fcsida noorte teadmistes, oskustes ja hoiakutes toimunud muutusi.<\/p>\n<p dir=\"ltr\" style=\"text-align: justify;\">Esimese k\u00fcsitluslaine p\u00f5hitulemused oleme esitanud <strong><a href=\"https:\/\/zenodo.org\/records\/6376286\">raportina<\/a><\/strong>, mis sisaldab ka n\u00e4idisk\u00fcsimusi, millele toetudes \u00f5petajad saavad koos \u00f5pilastega arutleda internetitegevuste, veebiriskide ja digioskuste teemadel.<\/p>\n<p style=\"text-align: justify;\">K\u00f5igi kolme k\u00fcsitluslaine kohta oleme koostanud <strong>infograafikud<\/strong>, mis annavad \u00fclevaate uuringus osalenud \u00f5pilaste sotsiaal-demograafilisest taustast ning nende digioskustest ja -teadmistest\u00a0<a href=\"https:\/\/zenodo.org\/records\/6006792\"><strong>2021. aastal<\/strong><\/a><strong>,\u00a0<a href=\"https:\/\/zenodo.org\/records\/7437046\">2022. aastal<\/a><\/strong> ja\u00a0<strong><a href=\"https:\/\/zenodo.org\/records\/10214021\">2023. aastal<\/a><\/strong> ning noorte digitaalse kirjaoskuse muutumisest kahe aasta jooksul.<\/p>\n","protected":false},"excerpt":{"rendered":"<p>ySKILLS-i k\u00fcsitlusuuring keskendus kuue Euroopa riigi 12\u201317-aastaste kooli\u00f5pilaste digioskustele ja teadmistele sellest, kuidas kasutada digivahendeid, suhelda digikeskkondades ja -platvormidel, otsida ja leida informatsiooni, luua erinevat laadi sisu, tegutseda digimaailmas seaduslikult ning kaitsta ennast ja teisi veebiriskide ja -ohtude eest. Eestist &#8230;<\/p>\n","protected":false},"author":330,"featured_media":0,"parent":0,"menu_order":0,"comment_status":"closed","ping_status":"closed","template":"","meta":{"_acf_changed":false,"inline_featured_image":false,"footnotes":""},"class_list":["post-4","page","type-page","status-publish","hentry"],"acf":[],"_links":{"self":[{"href":"https:\/\/sisu.ut.ee\/yskills\/wp-json\/wp\/v2\/pages\/4","targetHints":{"allow":["GET"]}}],"collection":[{"href":"https:\/\/sisu.ut.ee\/yskills\/wp-json\/wp\/v2\/pages"}],"about":[{"href":"https:\/\/sisu.ut.ee\/yskills\/wp-json\/wp\/v2\/types\/page"}],"author":[{"embeddable":true,"href":"https:\/\/sisu.ut.ee\/yskills\/wp-json\/wp\/v2\/users\/330"}],"replies":[{"embeddable":true,"href":"https:\/\/sisu.ut.ee\/yskills\/wp-json\/wp\/v2\/comments?post=4"}],"version-history":[{"count":2,"href":"https:\/\/sisu.ut.ee\/yskills\/wp-json\/wp\/v2\/pages\/4\/revisions"}],"predecessor-version":[{"id":166,"href":"https:\/\/sisu.ut.ee\/yskills\/wp-json\/wp\/v2\/pages\/4\/revisions\/166"}],"wp:attachment":[{"href":"https:\/\/sisu.ut.ee\/yskills\/wp-json\/wp\/v2\/media?parent=4"}],"curies":[{"name":"wp","href":"https:\/\/api.w.org\/{rel}","templated":true}]}}