{"id":23,"date":"2024-04-04T09:10:48","date_gmt":"2024-04-04T06:10:48","guid":{"rendered":"https:\/\/sisu.ut.ee\/yskills\/noorteuuringu-8-tulemust\/"},"modified":"2024-04-04T09:11:17","modified_gmt":"2024-04-04T06:11:17","slug":"noorteuuringu-8-tulemust","status":"publish","type":"page","link":"https:\/\/sisu.ut.ee\/yskills\/noorteuuringu-8-tulemust\/","title":{"rendered":"Noorteuuringu v\u00f5tmes\u00f5numid"},"content":{"rendered":"<p dir=\"ltr\">\n\t<a data-url=\"https:\/\/sites.google.com\/fcsh.unl.pt\/vaimnetervisjadigioskused\" href=\"https:\/\/sites.google.com\/fcsh.unl.pt\/vaimnetervisjadigioskused\" target=\"_blank\" title=\"\" rel=\"noopener\"><img loading=\"lazy\" decoding=\"async\" width=\"450\" height=\"480\" class=\"alignnone wp-image-33\" style=\"width:250px;height:267px;float:right\" src=\"https:\/\/sisu.ut.ee\/wp-content\/uploads\/sites\/668\/screenshot_2024-01-15_at_02.46.03.png\" title=\"screenshot_2024-01-15_at_02.46.03.png\" alt=\"vaim2\" srcset=\"https:\/\/sisu.ut.ee\/wp-content\/uploads\/sites\/668\/screenshot_2024-01-15_at_02.46.03.png 450w, https:\/\/sisu.ut.ee\/wp-content\/uploads\/sites\/668\/screenshot_2024-01-15_at_02.46.03-281x300.png 281w\" sizes=\"auto, (max-width: 450px) 100vw, 450px\"><\/a>\n<\/p>\n<p dir=\"ltr\">\n\tDigitehnoloogiate kasutamine v\u00f5ib noorte\u00a0vaimsele tervisele\u00a0avaldada nii\u00a0head\u00a0kui\u00a0halba m\u00f5ju.\n<\/p>\n<p dir=\"ltr\">\n\tEt saada teada, mida noored ise arvavad ja mida nad teistele soovitavad, r\u00e4\u00e4kisid Suurbritannia ja Norra teadlased\u00a0ySKILLS-i\u00a0projektis noortega, kellel on olnud vaimse tervise probleeme.\u00a0\n<\/p>\n<p dir=\"ltr\">\n\t<strong>Vajuta pildile<\/strong>, et lugeda\u00a0kaheksat noorte abiga s\u00f5nastatud v\u00f5tmes\u00f5numit.\n<\/p>\n<p dir=\"ltr\" style=\"text-align: right\">\n\t\u00a0\n<\/p>\n<p dir=\"ltr\" style=\"text-align: right\">\n\t<span style=\"font-size:11px\">Pildi autori\u00f5igus:\u00a0storyset\u00a0(Freepik).<\/span><\/p>\n","protected":false},"excerpt":{"rendered":"<p>Digitehnoloogiate kasutamine v\u00f5ib noorte\u00a0vaimsele tervisele\u00a0avaldada nii\u00a0head\u00a0kui\u00a0halba m\u00f5ju. Et saada teada, mida noored ise arvavad ja mida nad teistele soovitavad, r\u00e4\u00e4kisid Suurbritannia ja Norra teadlased\u00a0ySKILLS-i\u00a0projektis noortega, kellel on olnud vaimse tervise probleeme.\u00a0 Vajuta pildile, et lugeda\u00a0kaheksat noorte abiga s\u00f5nastatud v\u00f5tmes\u00f5numit. \u00a0 &#8230;<\/p>\n","protected":false},"author":330,"featured_media":0,"parent":0,"menu_order":0,"comment_status":"closed","ping_status":"closed","template":"","meta":{"_acf_changed":false,"inline_featured_image":false,"footnotes":""},"class_list":["post-23","page","type-page","status-publish","hentry"],"acf":[],"_links":{"self":[{"href":"https:\/\/sisu.ut.ee\/yskills\/wp-json\/wp\/v2\/pages\/23","targetHints":{"allow":["GET"]}}],"collection":[{"href":"https:\/\/sisu.ut.ee\/yskills\/wp-json\/wp\/v2\/pages"}],"about":[{"href":"https:\/\/sisu.ut.ee\/yskills\/wp-json\/wp\/v2\/types\/page"}],"author":[{"embeddable":true,"href":"https:\/\/sisu.ut.ee\/yskills\/wp-json\/wp\/v2\/users\/330"}],"replies":[{"embeddable":true,"href":"https:\/\/sisu.ut.ee\/yskills\/wp-json\/wp\/v2\/comments?post=23"}],"version-history":[{"count":1,"href":"https:\/\/sisu.ut.ee\/yskills\/wp-json\/wp\/v2\/pages\/23\/revisions"}],"predecessor-version":[{"id":87,"href":"https:\/\/sisu.ut.ee\/yskills\/wp-json\/wp\/v2\/pages\/23\/revisions\/87"}],"wp:attachment":[{"href":"https:\/\/sisu.ut.ee\/yskills\/wp-json\/wp\/v2\/media?parent=23"}],"curies":[{"name":"wp","href":"https:\/\/api.w.org\/{rel}","templated":true}]}}