{"id":20,"date":"2024-04-04T03:27:23","date_gmt":"2024-04-04T00:27:23","guid":{"rendered":"https:\/\/sisu.ut.ee\/viitamiseabc\/ru\/"},"modified":"2024-04-11T18:18:14","modified_gmt":"2024-04-11T15:18:14","slug":"ru","status":"publish","type":"page","link":"https:\/\/sisu.ut.ee\/viitamiseabc\/ru\/","title":{"rendered":"\u041e\u043f\u0438\u0441\u0430\u043d\u0438\u0435 \u0443\u0447\u0435\u0431\u043d\u043e\u0433\u043e \u043e\u0431\u044a\u0435\u043a\u0442\u0430"},"content":{"rendered":"<h2 style=\"text-align: center;\">\u0423\u0447\u0435\u0431\u043d\u044b\u0439 \u043e\u0431\u044a\u0435\u043a\u0442 \u201c<strong style=\"color: inherit; font-family: inherit;\">\u041e\u0441\u043d\u043e\u0432\u044b \u0441\u043e\u0437\u0434\u0430\u043d\u0438\u044f \u0441\u0441\u044b\u043b\u043e\u043a \u043d\u0430 \u0438\u0441\u0442\u043e\u0447\u043d\u0438\u043a\u0438<\/strong>\u201d\u00a0(\u0430\u043d\u0433\u043b.\u201d<em style=\"color: inherit; font-family: inherit;\">ABC of Referencing\u201d<\/em>)<\/h2>\n<p style=\"text-align: left;\"><strong>\u0410\u0432\u0442\u043e\u0440\u044b<\/strong>:\u00a0Veronika Rogalevit\u0161 (Tallinna \u00dclikool), Siret Lahemaa (Lauka P\u00f5hikool)<\/p>\n<div id=\"content-panels\" class=\"at-panel gpanel panel-display content clearfix\">\n<div class=\"region region-content-top  \">\n<div id=\"block-os-pages-main-content\" class=\"block block-os-pages contextual-links-region\">\n<div class=\"content\">\n<div id=\"node-15221\" class=\"node node-page clearfix\">\n<div class=\"content\">\n<div class=\"field field-name-body field-type-text-with-summary field-label-hidden\">\n<div class=\"field-items\">\n<div class=\"field-item even\">\n<p><strong>\u0426\u0435\u043b\u044c:<\/strong>\u00a0\u043e\u0437\u043d\u0430\u043a\u043e\u043c\u0438\u0442\u044c \u0441 \u043e\u0441\u043d\u043e\u0432\u043d\u044b\u043c\u0438 \u043f\u043e\u043d\u044f\u0442\u0438\u044f\u043c\u0438 \u0438 \u0446\u0435\u043b\u044c\u044e \u0441\u043e\u0437\u0434\u0430\u043d\u0438\u044f \u0441\u0441\u044b\u043b\u043e\u043a, \u0441 \u043f\u0440\u0430\u0432\u0438\u043b\u0430\u043c\u0438 \u0438 \u0441\u0438\u0441\u0442\u0435\u043c\u0430\u043c\u0438 \u0441\u043e\u0437\u0434\u0430\u043d\u0438\u044f \u0441\u0441\u044b\u043b\u043e\u043a; \u043d\u0430\u0443\u0447\u0438\u0442\u044c \u043e\u0444\u043e\u0440\u043c\u043b\u044f\u0442\u044c \u0442\u0435\u043a\u0441\u0442\u043e\u0432\u044b\u0435 \u0441\u0441\u044b\u043b\u043a\u0438 \u0438 \u0441\u043f\u0438\u0441\u043a\u0438 \u0438\u0441\u043f\u043e\u043b\u044c\u0437\u043e\u0432\u0430\u043d\u043d\u044b\u0445 \u0438\u0441\u0442\u043e\u0447\u043d\u0438\u043a\u043e\u0432 \u043d\u0430 \u043e\u0441\u043d\u043e\u0432\u0435 \u043d\u0430\u0438\u0431\u043e\u043b\u0435\u0435 \u043f\u043e\u043f\u0443\u043b\u044f\u0440\u043d\u044b\u0445 \u0441\u0438\u0441\u0442\u0435\u043c \u0441\u043e\u0437\u0434\u0430\u043d\u0438\u044f \u0441\u0441\u044b\u043b\u043e\u043a;\u00a0 \u043e\u0437\u043d\u0430\u043a\u043e\u043c\u0438\u0442\u044c \u0441 \u043f\u0440\u043e\u0433\u0440\u0430\u043c\u043c\u0430\u043c\u0438 \u0443\u043f\u0440\u0430\u0432\u043b\u0435\u043d\u0438\u044f \u0441\u0441\u044b\u043b\u043a\u0430\u043c\u0438.<\/p>\n<p><strong>\u0426\u0435\u043b\u0435\u0432\u0430\u044f \u0430\u0443\u0434\u0438\u0442\u043e\u0440\u0438\u044f<\/strong>: \u0443\u0447\u0438\u0442\u0435\u043b\u044f \u0432\u0441\u0435\u0445 \u0441\u0442\u0443\u043f\u0435\u043d\u0435\u0439 \u0438 \u0434\u0440\u0443\u0433\u0438\u0435 \u0437\u0430\u0438\u043d\u0442\u0435\u0440\u0435\u0441\u043e\u0432\u0430\u043d\u043d\u044b\u0435 \u043f\u043e\u043b\u044c\u0437\u043e\u0432\u0430\u0442\u0435\u043b\u0438.<\/p>\n<p><strong>\u041e\u0431\u044a\u0435\u043c:<\/strong>\u00a06 \u0430\u043a. \u0447\u0430\u0441\u0430\u00a0 \u0438\u043b\u0438 \u043e\u043a\u043e\u043b\u043e 270 \u043c\u0438\u043d\u0443\u0442\u00a0 \u0441\u0430\u043c\u043e\u0441\u0442\u043e\u044f\u0442\u0435\u043b\u044c\u043d\u043e\u0439 \u0440\u0430\u0431\u043e\u0442\u044b \u0434\u043b\u044f \u0443\u0441\u0432\u0430\u0438\u0432\u0430\u043d\u0438\u044f \u0442\u0435\u043c\u044b.<\/p>\n<p><strong>\u0420\u0435\u0437\u0443\u043b\u044c\u0442\u0430\u0442\u044b \u043e\u0431\u0443\u0447\u0435\u043d\u0438\u044f: \u00a0<\/strong><\/p>\n<p>\u0423\u0447\u0430\u0449\u0438\u0439\u0441\u044f:<\/p>\n<ul>\n<li>\u043f\u043e\u043d\u0438\u043c\u0430\u0435\u0442 \u0432\u0430\u0436\u043d\u043e\u0441\u0442\u044c \u0441\u043e\u0437\u0434\u0430\u043d\u0438\u044f \u0441\u0441\u044b\u043b\u043e\u043a \u0438 \u0443\u043c\u0435\u0435\u0442 \u043d\u0430\u0445\u043e\u0434\u0438\u0442\u044c \u043d\u0430\u0438\u0431\u043e\u043b\u0435\u0435 \u0432\u0430\u0436\u043d\u044b\u0435 \u043c\u0435\u0442\u0430\u0434\u0430\u043d\u043d\u044b\u0435 \u0434\u043b\u044f\u00a0 \u0438\u0441\u043f\u043e\u043b\u044c\u0437\u0443\u0435\u043c\u044b\u0445 \u0438\u0441\u0442\u043e\u0447\u043d\u0438\u043a\u043e\u0432;<\/li>\n<li>\u0443\u043c\u0435\u0435\u0442 \u0432 \u0441\u0432\u043e\u0438\u0445 \u043c\u0430\u0442\u0435\u0440\u0438\u0430\u043b\u0430\u0445 \u0441\u0441\u044b\u043b\u0430\u0442\u044c\u0441\u044f \u043d\u0430 \u0434\u0440\u0443\u0433\u0438\u0435 \u0438\u0441\u0442\u043e\u0447\u043d\u0438\u043a\u0438 (\u043d\u0430\u043f\u0440\u0438\u043c\u0435\u0440 \u043d\u0443\u043c\u0435\u0440\u043e\u0432\u0430\u043d\u043d\u044b\u0435 \u0441\u0441\u044b\u043b\u043a\u0438),\u00a0 \u043f\u0440\u0438 \u0441\u043e\u0437\u0434\u0430\u043d\u0438\u0438 \u0441\u0441\u044b\u043b\u043a\u0438 \u0438\u0441\u043f\u043e\u043b\u044c\u0437\u0443\u0435\u0442 \u043c\u0438\u043d\u0438\u043c\u0443\u043c \u0442\u0440\u0438 \u043a\u043e\u043c\u043f\u043e\u043d\u0435\u043d\u0442\u0430: \u0437\u0430\u0433\u043e\u043b\u043e\u0432\u043e\u043a, \u0430\u0432\u0442\u043e\u0440, \u0433\u043e\u0434 (\u0442\u0440\u0435\u0431\u043e\u0432\u0430\u043d\u0438\u044f \u0437\u0430\u0449\u0438\u0442\u044b \u0410\u0432\u0442\u043e\u0440\u0441\u043a\u0438\u0445 \u041f\u0440\u0430\u0432) ;<\/li>\n<li>\u0437\u043d\u0430\u0435\u0442 \u0438 \u043e\u0442\u043b\u0438\u0447\u0430\u0435\u0442 \u0441\u0438\u0441\u0442\u0435\u043c\u044b \u0441\u0441\u044b\u043b\u043e\u043aAPA \u0438 MLA\u00a0\u0438 \u0443\u043c\u0435\u0435\u0442 \u0438\u0445 \u0438\u0441\u043f\u043e\u043b\u044c\u0437\u043e\u0432\u0430\u0442\u044c;<\/li>\n<li>\u0443\u043c\u0435\u0435\u0442 \u0438\u0441\u043f\u043e\u043b\u044c\u0437\u043e\u0432\u0430\u0442\u044c \u0434\u0432\u0435 \u043f\u0440\u043e\u0433\u0440\u0430\u043c\u043c\u044b \u0443\u043f\u0440\u0430\u0432\u043b\u0435\u043d\u0438\u044f \u0441\u0441\u044b\u043b\u043a\u0430\u043c\u0438 \u0434\u043b\u044f \u0441\u043e\u0437\u0434\u0430\u043d\u0438\u044f \u0438 \u0440\u0435\u0434\u0430\u043a\u0442\u0438\u0440\u043e\u0432\u0430\u043d\u0438\u044f \u0441\u043f\u0438\u0441\u043a\u043e\u0432.<\/li>\n<\/ul>\n<p><strong>\u0414\u0430\u0442\u0430 \u0441\u043e\u0437\u0434\u0430\u043d\u0438\u044f \u0443\u0447\u0435\u0431\u043d\u043e\u0433\u043e \u043e\u0431\u044a\u0435\u043a\u0442\u0430:<\/strong> \u0421\u0435\u043d\u0442\u044f\u0431\u0440\u044c 2017<\/p>\n<p><a href=\"http:\/\/creativecommons.org\/licenses\/by-nc\/4.0\/\" rel=\"license\"><img decoding=\"async\" style=\"border-width: 0px; margin: 10px 0px; vertical-align: top;\" src=\"https:\/\/i.creativecommons.org\/l\/by-nc\/4.0\/88x31.png\" alt=\"Creative Commons License\"><\/a><\/p>\n<\/div>\n<div class=\"field-item even\">This work is licensed under a <a href=\"https:\/\/creativecommons.org\/licenses\/by-nc\/4.0\/\" target=\"_blank\" rel=\"noopener\">Creative Commons Attribution-NonCommercial 4.0 International License<\/a>.<\/div>\n<div class=\"field-item even\"><\/div>\n<div class=\"field-item even\">\n<p>\u00d5piobjektide loomist projekti \u201eTargalt Internetis\u201c raames kaasrahastab 50% ulatuses Euroopa Komisjoni Euroopa \u00dchendamise Rahastu.<\/p>\n<p><img loading=\"lazy\" decoding=\"async\" width=\"522\" height=\"59\" class=\"alignnone wp-image-64\" style=\"margin-right: 10px; margin-left: 10px;\" title=\"ee_cef_0.png\" src=\"https:\/\/sisu.ut.ee\/wp-content\/uploads\/sites\/227\/ee_cef_0.png\" alt=\"logo\" srcset=\"https:\/\/sisu.ut.ee\/wp-content\/uploads\/sites\/227\/ee_cef_0.png 522w, https:\/\/sisu.ut.ee\/wp-content\/uploads\/sites\/227\/ee_cef_0-300x34.png 300w\" sizes=\"auto, (max-width: 522px) 100vw, 522px\"><img loading=\"lazy\" decoding=\"async\" width=\"450\" height=\"87\" class=\"alignnone wp-image-65\" style=\"margin-top: 5px; margin-bottom: 5px;\" title=\"targalt-internetis-logo.jpg\" src=\"https:\/\/sisu.ut.ee\/wp-content\/uploads\/sites\/227\/targalt-internetis-logo.jpg\" alt=\"Targalt internetis logo\" srcset=\"https:\/\/sisu.ut.ee\/wp-content\/uploads\/sites\/227\/targalt-internetis-logo.jpg 450w, https:\/\/sisu.ut.ee\/wp-content\/uploads\/sites\/227\/targalt-internetis-logo-300x58.jpg 300w\" sizes=\"auto, (max-width: 450px) 100vw, 450px\"><img loading=\"lazy\" decoding=\"async\" class=\"alignnone wp-image-66\" title=\"hitsa_logo.jpg\" src=\"https:\/\/sisu.ut.ee\/wp-content\/uploads\/sites\/227\/hitsa_logo.jpg\" alt=\"HITSA logo\" width=\"495\" height=\"197\" srcset=\"https:\/\/sisu.ut.ee\/wp-content\/uploads\/sites\/227\/hitsa_logo.jpg 1081w, https:\/\/sisu.ut.ee\/wp-content\/uploads\/sites\/227\/hitsa_logo-300x119.jpg 300w, https:\/\/sisu.ut.ee\/wp-content\/uploads\/sites\/227\/hitsa_logo-1024x407.jpg 1024w, https:\/\/sisu.ut.ee\/wp-content\/uploads\/sites\/227\/hitsa_logo-768x305.jpg 768w\" sizes=\"auto, (max-width: 495px) 100vw, 495px\"><\/p>\n<p>\u0421\u043c\u043e\u0442\u0440\u0438 \u0442\u0430\u043a\u0436\u0435 \u0434\u0440\u0443\u0433\u0438\u0435 \u0443\u0447\u0435\u0431\u043d\u044b\u0435 \u043e\u0431\u044a\u0435\u043a\u0442\u044b, \u0441\u043e\u0437\u0434\u0430\u043d\u043d\u044b\u0435 \u0432 \u0440\u0430\u043c\u043a\u0430\u0445 \u043f\u0440\u043e\u0435\u043a\u0442\u0430 \u00a0\u201c\u0420\u0430\u0437\u0443\u043c\u043d\u043e \u0432 \u0438\u043d\u0442\u0435\u0440\u043d\u0435\u0442\u0435\u201d \u00a0\u201cTargalt internetis\u201d:<\/p>\n<ul>\n<li><a href=\"https:\/\/sisu.ut.ee\/minuandmed\/ru\">\u041a\u0443\u0434\u0430 \u0434\u0435\u043b\u0438\u0441\u044c \u043c\u043e\u0438 \u0434\u0430\u043d\u043d\u044b\u0435?<\/a><\/li>\n<li><a href=\"https:\/\/sisu.ut.ee\/nutiturva\/ru\" target=\"_blank\" rel=\"noopener\">\u0411\u0435\u0437\u043e\u043f\u0430\u0441\u043d\u043e\u0441\u0442\u044c \u0441\u043c\u0430\u0440\u0442-\u0443\u0441\u0442\u0440\u043e\u0439\u0441\u0442\u0432<\/a><\/li>\n<li><a href=\"https:\/\/sisu.ut.ee\/autentimine\/ru\" target=\"_blank\" rel=\"noopener\">\u0420\u0430\u0437\u043b\u0438\u0447\u043d\u044b\u0435 \u043c\u0435\u0442\u043e\u0434\u044b \u0430\u0443\u0442\u0435\u043d\u0442\u0438\u0444\u0438\u043a\u0430\u0446\u0438\u0438<\/a><\/li>\n<li><a href=\"https:\/\/sisu.ut.ee\/autorioigused\/ru\" target=\"_blank\" rel=\"noopener\">\u0410\u0432\u0442\u043e\u0440\u0441\u043a\u0438\u0435 \u043f\u0440\u0430\u0432\u0430<\/a><\/li>\n<\/ul>\n<\/div>\n<\/div>\n<\/div>\n<\/div>\n<\/div>\n<\/div>\n<\/div>\n<\/div>\n<\/div>\n","protected":false},"excerpt":{"rendered":"<p>\u0423\u0447\u0435\u0431\u043d\u044b\u0439 \u043e\u0431\u044a\u0435\u043a\u0442 \u201c\u041e\u0441\u043d\u043e\u0432\u044b \u0441\u043e\u0437\u0434\u0430\u043d\u0438\u044f \u0441\u0441\u044b\u043b\u043e\u043a \u043d\u0430 \u0438\u0441\u0442\u043e\u0447\u043d\u0438\u043a\u0438\u201d\u00a0(\u0430\u043d\u0433\u043b.\u201dABC of Referencing\u201d) \u0410\u0432\u0442\u043e\u0440\u044b:\u00a0Veronika Rogalevit\u0161 (Tallinna \u00dclikool), Siret Lahemaa (Lauka P\u00f5hikool) \u0426\u0435\u043b\u044c:\u00a0\u043e\u0437\u043d\u0430\u043a\u043e\u043c\u0438\u0442\u044c \u0441 \u043e\u0441\u043d\u043e\u0432\u043d\u044b\u043c\u0438 \u043f\u043e\u043d\u044f\u0442\u0438\u044f\u043c\u0438 \u0438 \u0446\u0435\u043b\u044c\u044e \u0441\u043e\u0437\u0434\u0430\u043d\u0438\u044f \u0441\u0441\u044b\u043b\u043e\u043a, \u0441 \u043f\u0440\u0430\u0432\u0438\u043b\u0430\u043c\u0438 \u0438 \u0441\u0438\u0441\u0442\u0435\u043c\u0430\u043c\u0438 \u0441\u043e\u0437\u0434\u0430\u043d\u0438\u044f \u0441\u0441\u044b\u043b\u043e\u043a; \u043d\u0430\u0443\u0447\u0438\u0442\u044c \u043e\u0444\u043e\u0440\u043c\u043b\u044f\u0442\u044c \u0442\u0435\u043a\u0441\u0442\u043e\u0432\u044b\u0435 \u0441\u0441\u044b\u043b\u043a\u0438 \u0438 \u0441\u043f\u0438\u0441\u043a\u0438 \u0438\u0441\u043f\u043e\u043b\u044c\u0437\u043e\u0432\u0430\u043d\u043d\u044b\u0445 \u0438\u0441\u0442\u043e\u0447\u043d\u0438\u043a\u043e\u0432 \u043d\u0430 &#8230;<\/p>\n","protected":false},"author":6,"featured_media":0,"parent":0,"menu_order":0,"comment_status":"closed","ping_status":"closed","template":"","meta":{"_acf_changed":false,"inline_featured_image":false,"footnotes":""},"class_list":["post-20","page","type-page","status-publish","hentry"],"acf":[],"_links":{"self":[{"href":"https:\/\/sisu.ut.ee\/viitamiseabc\/wp-json\/wp\/v2\/pages\/20","targetHints":{"allow":["GET"]}}],"collection":[{"href":"https:\/\/sisu.ut.ee\/viitamiseabc\/wp-json\/wp\/v2\/pages"}],"about":[{"href":"https:\/\/sisu.ut.ee\/viitamiseabc\/wp-json\/wp\/v2\/types\/page"}],"author":[{"embeddable":true,"href":"https:\/\/sisu.ut.ee\/viitamiseabc\/wp-json\/wp\/v2\/users\/6"}],"replies":[{"embeddable":true,"href":"https:\/\/sisu.ut.ee\/viitamiseabc\/wp-json\/wp\/v2\/comments?post=20"}],"version-history":[{"count":2,"href":"https:\/\/sisu.ut.ee\/viitamiseabc\/wp-json\/wp\/v2\/pages\/20\/revisions"}],"predecessor-version":[{"id":197,"href":"https:\/\/sisu.ut.ee\/viitamiseabc\/wp-json\/wp\/v2\/pages\/20\/revisions\/197"}],"wp:attachment":[{"href":"https:\/\/sisu.ut.ee\/viitamiseabc\/wp-json\/wp\/v2\/media?parent=20"}],"curies":[{"name":"wp","href":"https:\/\/api.w.org\/{rel}","templated":true}]}}