{"id":14,"date":"2024-04-04T03:27:22","date_gmt":"2024-04-04T00:27:22","guid":{"rendered":"https:\/\/sisu.ut.ee\/viitamiseabc\/kirjete-loomine-easybib-programmi-abil\/"},"modified":"2024-04-04T03:27:38","modified_gmt":"2024-04-04T00:27:38","slug":"kirjete-loomine-easybib-programmi-abil","status":"publish","type":"page","link":"https:\/\/sisu.ut.ee\/viitamiseabc\/kirjete-loomine-easybib-programmi-abil\/","title":{"rendered":"Kirjete loomine EasyBib programmi abil"},"content":{"rendered":"<p>Kui avate rakendust EasyBib Google\u2019i dokumendis, kuvatakse seda paremasse serva. Tegemist on \u00fcsna piiratud programmiga, kus saab kirjeid genereerida vaid raamatutele, artiklitele ning veebilehtedele. Enamasti sellest ka piisab, sest veebilehe alla l\u00e4hevad ka veebis olevad videod, <em>podcast<\/em>id, saated, pildid jms. Kindlasti tuleb esmalt valida ka sobiv viitamisstiil:<\/p>\n<p><img loading=\"lazy\" decoding=\"async\" width=\"297\" height=\"217\" class=\"alignnone wp-image-60\" src=\"https:\/\/sisu.ut.ee\/wp-content\/uploads\/sites\/227\/easybiblisa.png\" title=\"easybiblisa.png\" alt=\"easybibstart\"><\/p>\n<p>Otsilahtrisse sisestatakse soovitud allika ehk raamatu\/artikli pealkiri v\u00f5i muud andmed, mis teil on teada, veebilehe puhul selle URL-aadress. Kui otsing on tehtud, kuvatakse saadud tulemused allpool \u00a0\u2013 valige v\u00e4lja sobiv ning kl\u00f5psake nupul\u00a0<strong>Select:<\/strong><\/p>\n<p><strong><img loading=\"lazy\" decoding=\"async\" width=\"303\" height=\"324\" class=\"alignnone wp-image-61\" src=\"https:\/\/sisu.ut.ee\/wp-content\/uploads\/sites\/227\/easybiballikavormistamine.png\" title=\"easybiballikavormistamine.png\" alt=\"select\" srcset=\"https:\/\/sisu.ut.ee\/wp-content\/uploads\/sites\/227\/easybiballikavormistamine.png 303w, https:\/\/sisu.ut.ee\/wp-content\/uploads\/sites\/227\/easybiballikavormistamine-281x300.png 281w\" sizes=\"auto, (max-width: 303px) 100vw, 303px\">\u00a0<\/strong><\/p>\n<p>N\u00fc\u00fcd luuakse teile kirje ja saate seda lisada oma dokumenti (<strong>Add Bibliography to Doc<\/strong>). Veebilehe puhul tuleb kirjesse ise \u00fcsna palju parandusi sisse viia, kuna s\u00fcsteem ei pruugi k\u00f5iki andmeid \u00f5igesti v\u00e4lja lugeda:<\/p>\n<p><img loading=\"lazy\" decoding=\"async\" width=\"292\" height=\"256\" class=\"alignnone wp-image-62\" src=\"https:\/\/sisu.ut.ee\/wp-content\/uploads\/sites\/227\/easybibkirjelisamine.png\" title=\"easybibkirjelisamine.png\" alt=\"addcitation\"><\/p>\n<p>K\u00e4esoleva n\u00e4ite puhul (tegemist on Slideshare\u2019is oleva esitlusega) tuli kirje selline:\u00a0<\/p>\n<ul>\n<li>Hans P\u00f5ldoja, Head of Studies at School of Digital Technologies, Tallinn University Follow. (2014, December 14). Viitamine ja viidete haldamine. Retrieved August 24, 2017, from <a href=\"https:\/\/www.slideshare.net\/hanspoldoja\/viitamine-ja-viidete-haldamine\" target=\"_blank\" rel=\"noopener\">https:\/\/www.slideshare.net\/hanspoldoja\/viitamine-ja-viidete-haldamine<\/a><\/li>\n<\/ul>\n<p><span data-mce-mark=\"1\">Parandust\u00f6id on vaja teha \u00fcksjagu, kuid k\u00f5ik vajalikud andmed korrektse kirje vormistamiseks on olemas. \u00d5ige vormistus oleks selline:<\/span><\/p>\n<ul>\n<li>P\u00f5ldoja, H. (2014). Viitamine ja viidete haldamine. Vaadatud 25.08.2017 <a href=\"https:\/\/www.slideshare.net\/hanspoldoja\/viitamine-ja-viidete-haldamine\" target=\"_blank\" rel=\"noopener\">https:\/\/www.slideshare.net\/hanspoldoja\/viitamine-ja-viidete-haldamine<\/a><\/li>\n<\/ul>\n<p><span data-mce-mark=\"1\">V\u00e4ga mugav on EasyBibi abiga otsida <strong>raamatuid<\/strong> \u2013 piisab autori v\u00f5i pealkirja sisestamisest. Ja kui valida saadud tulemus ning moodustada kirje, siis on see v\u00e4ga korrektselt vormistatud.<\/span><\/p>\n<p><span data-mce-mark=\"1\"><img loading=\"lazy\" decoding=\"async\" width=\"296\" height=\"302\" class=\"alignnone wp-image-63\" src=\"https:\/\/sisu.ut.ee\/wp-content\/uploads\/sites\/227\/easybibraamat.png\" title=\"easybibraamat.png\" alt=\"raamat\" srcset=\"https:\/\/sisu.ut.ee\/wp-content\/uploads\/sites\/227\/easybibraamat.png 296w, https:\/\/sisu.ut.ee\/wp-content\/uploads\/sites\/227\/easybibraamat-294x300.png 294w\" sizes=\"auto, (max-width: 296px) 100vw, 296px\">\u00a0\u00a0<\/span><\/p>\n<p><span data-mce-mark=\"1\">Kirje tuli 100% korrektses APA stiilis:<\/span><\/p>\n<ul>\n<li>Aru, J., Korjus, K., Saar, E., &amp; Kiisel, H. (2014). <em>Matemaatika o\u0303htuo\u0303pik<\/em>. Tallinn: Hea Lugu.<\/li>\n<\/ul>\n<p>T\u00e4pselt sama h\u00e4sti \u00f5nnestub leida ja luua teadusartiklite kirjeid <em>Journals<\/em>-otsingu alt.\u00a0<\/p>\n","protected":false},"excerpt":{"rendered":"<p>Kui avate rakendust EasyBib Google\u2019i dokumendis, kuvatakse seda paremasse serva. Tegemist on \u00fcsna piiratud programmiga, kus saab kirjeid genereerida vaid raamatutele, artiklitele ning veebilehtedele. Enamasti sellest ka piisab, sest veebilehe alla l\u00e4hevad ka veebis olevad videod, podcastid, saated, pildid jms. &#8230;<\/p>\n","protected":false},"author":6,"featured_media":0,"parent":0,"menu_order":0,"comment_status":"closed","ping_status":"closed","template":"","meta":{"_acf_changed":false,"inline_featured_image":false,"footnotes":""},"class_list":["post-14","page","type-page","status-publish","hentry"],"acf":[],"_links":{"self":[{"href":"https:\/\/sisu.ut.ee\/viitamiseabc\/wp-json\/wp\/v2\/pages\/14","targetHints":{"allow":["GET"]}}],"collection":[{"href":"https:\/\/sisu.ut.ee\/viitamiseabc\/wp-json\/wp\/v2\/pages"}],"about":[{"href":"https:\/\/sisu.ut.ee\/viitamiseabc\/wp-json\/wp\/v2\/types\/page"}],"author":[{"embeddable":true,"href":"https:\/\/sisu.ut.ee\/viitamiseabc\/wp-json\/wp\/v2\/users\/6"}],"replies":[{"embeddable":true,"href":"https:\/\/sisu.ut.ee\/viitamiseabc\/wp-json\/wp\/v2\/comments?post=14"}],"version-history":[{"count":1,"href":"https:\/\/sisu.ut.ee\/viitamiseabc\/wp-json\/wp\/v2\/pages\/14\/revisions"}],"predecessor-version":[{"id":168,"href":"https:\/\/sisu.ut.ee\/viitamiseabc\/wp-json\/wp\/v2\/pages\/14\/revisions\/168"}],"wp:attachment":[{"href":"https:\/\/sisu.ut.ee\/viitamiseabc\/wp-json\/wp\/v2\/media?parent=14"}],"curies":[{"name":"wp","href":"https:\/\/api.w.org\/{rel}","templated":true}]}}