{"id":37,"date":"2025-03-13T12:30:35","date_gmt":"2025-03-13T10:30:35","guid":{"rendered":"https:\/\/sisu.ut.ee\/vesiniku-ja-taastuvenergeetika-keskus\/?page_id=37"},"modified":"2025-03-20T18:45:57","modified_gmt":"2025-03-20T16:45:57","slug":"projektid","status":"publish","type":"page","link":"https:\/\/sisu.ut.ee\/vesiniku-ja-taastuvenergeetika-keskus\/projektid\/","title":{"rendered":"Projektid"},"content":{"rendered":"<p>Siia lehele on koondatud keskuse vesinik- ja energiatehnoloogiate projektid, aga ka nendeks lahendusteks vajalike materjalide uuringute projektid. Projektidega seotud artiklid on toodud projektide ETISe viidete all.<\/p>\n\n\n\n<h2 class=\"wp-block-heading\">Eesti teaduste tippkeskus<\/h2>\n\n\n\n<p><a href=\"https:\/\/sisu.ut.ee\/hitechdevices\/\">J\u00e4tkusuutliku rohevesiniku ja energiatehnoloogia tippkeskus<\/a>, TK210, UT ja TT\u00dc konsortsiumi projekt, juht Enn Lust (<a href=\"https:\/\/www.etis.ee\/Portal\/Projects\/Display\/2c832030-6d8f-49c1-8a11-b6cffde8c396\">info ETISes<\/a>)<\/p>\n\n\n\n<ul class=\"wp-block-list\">\n<li>UT alaprojektid\n<ul class=\"wp-block-list\">\n<li><a href=\"https:\/\/sisu.ut.ee\/hitechdevices\/uudsed-meetodid-ja-materjalid\/\">Uudsed meetodid ja rakendused<\/a>, TK210U1, keemia instituut, juht Enn Lust<\/li>\n\n\n\n<li><a href=\"https:\/\/chem.ut.ee\/et\/sisu\/fuusikalise-keemia-oppetool\">SOFC, SOEL, H<sup>+<\/sup>\u00a0ja segajuhtivusega materjalid<\/a>, TK210U2, keemia instituut, juht Gunnar Nurk<\/li>\n\n\n\n<li><a href=\"https:\/\/chem.ut.ee\/et\/sisu\/analuutilise-keemia-oppetool\">Uued \u00fclitugevad happed ja alused ja uued ioonvedelikud<\/a>, TK210U3, keemia instituut, juht Ivo Leito<\/li>\n\n\n\n<li><a href=\"https:\/\/chem.ut.ee\/et\/sisu\/kolloid-ja-keskkonnakeemia-oppetool\">Katal\u00fcsaatorid madaltemperatuursetesse seadmetesse ja aluselistesse k\u00fctuseelementidesse<\/a>, TK210U4, keemia instituut, juht Kaido Tammeveski<\/li>\n\n\n\n<li><a href=\"https:\/\/fi.ut.ee\/et\/sisu\/ioonkristallide-fuusika-labor\">Uudsete f\u00fc\u00fcsikaliste meetodite arendamine energiaefektiivsetesse valgusallikatesse ja meditsiini rakendusteks<\/a>, TK210U5, f\u00fc\u00fcsikainstituut, juht Marco Kirm<\/li>\n\n\n\n<li><a href=\"https:\/\/tymri.ut.ee\/et\/sisu\/mikroobide-ja-materjalide-vastasmojude-uurimisgrupp\">Biodegradatsiooni ja bioturvalisuse anal\u00fc\u00fcs<\/a>, TK210U8, molekulaar- ja rakubioloogia instituut ja f\u00fc\u00fcsikainstituut, juht Angela Ivask<\/li>\n<\/ul>\n<\/li>\n\n\n\n<li>Partneri TT\u00dc alaprojektid\n<ul class=\"wp-block-list\">\n<li><a href=\"https:\/\/taltech.ee\/materjali-ja-keskkonnatehnoloogia-instituut\/laborid-ja-teenused\/paikeseenergeetika-materjalide-labor\">Innovatiivsed tehnoloogiad ja materjalid painutatavatesse p\u00e4ikeseelementidesse<\/a>, TK210U6, p\u00e4ikeseenergeetika materjalide teaduslabor, juht Maarja Grossberg-Kuusk<\/li>\n\n\n\n<li><a href=\"https:\/\/taltech.ee\/materjali-ja-keskkonnatehnoloogia-instituut\/laborid-ja-teenused\/ohukesekileliste-energiamaterjalide-teaduslabor\">Uudsed madal-dimensionaalsed van der\u00a0Waalsi\u00a0 pooljuhid p\u00e4ikeseelementidesse<\/a>, TK210U7, \u00f5hukesekihiliste energiamaterjalide teaduslabor, juht Ilona Oja Acik<\/li>\n<\/ul>\n<\/li>\n<\/ul>\n\n\n\n<p><strong>Rahastaja<\/strong>: Haridus- ja Teadusministeerium<\/p>\n\n\n\n<p><strong>Projektile viitamine:<\/strong><br>This work\/article\/research\/doctoral thesis was supported by the Estonian Ministry of Education and Research (TK210)<\/p>\n\n\n\n<h2 class=\"wp-block-heading\">\u00d5iglase \u00dclemineku Fond<\/h2>\n\n\n\n<ul class=\"wp-block-list\">\n<li><a href=\"https:\/\/teadusidavirumaal.ee\/madaltemperatuursed-kutuseelemendid-ja-elektroluuserid\/\">Madaltemperatuursete elektrol\u00fc\u00fcserite arendamine ja rohevesiniku \u00f5hukesekihilised salvestusseadmed<\/a>, \u00d5\u00dcF1 (<a href=\"https:\/\/www.etis.ee\/Portal\/Projects\/Display\/a277b81d-d152-42d9-8cd6-280644083698\">info ETISes<\/a>)<\/li>\n\n\n\n<li><a href=\"https:\/\/teadusidavirumaal.ee\/korgtemperatuursed-elektroluuserid\/\">K\u00f5rgtemperatuursed elektrol\u00fc\u00fcserid, CO2 ja H2O kaaselektrol\u00fc\u00fcserid ja NH3 s\u00fcnteesireaktorid (\u00d5\u00dcF2)<\/a>, \u00d5\u00dcF2 (<a href=\"https:\/\/www.etis.ee\/Portal\/Projects\/Display\/5641ac85-e134-4f0e-80de-603d076ee184\">info ETISes<\/a>)<\/li>\n\n\n\n<li><a href=\"https:\/\/teadusidavirumaal.ee\/haruldaste-muldmetallide-ekstraheerimine\/\">Haruldaste muldmetallide ekstraheerimine ioonsete vedelikega<\/a>, \u00d5\u00dcF12 (<a href=\"https:\/\/www.etis.ee\/Portal\/Projects\/Display\/254567a7-a38e-4d8c-91ac-1e9dc58c43e5\">info ETISes<\/a>)<\/li>\n\n\n\n<li><a href=\"https:\/\/teadusidavirumaal.ee\/haruldaste-muldmetallide-elektrokeemia\/\">Haruldaste muldmetallide elektrokeemiline sadestamine ja nanopulbrite tootmine<\/a>, \u00d5\u00dcF13 (<a href=\"https:\/\/www.etis.ee\/Portal\/Projects\/Display\/f070293f-4c5d-4f8d-aa78-4ca09c6afd06\">info ETISes<\/a>)<\/li>\n<\/ul>\n\n\n\n<p><strong>Rahastaja<\/strong>: Haridus- ja Noorteamet (HARNO)<\/p>\n\n\n\n<p><strong>Projektile viitamine: <\/strong><br>K\u00e4esolev uurimust\u00f6\u00f6\/artikkel\/doktorit\u00f6\u00f6 on valminud Euroopa Liidu kaasrahastusel projekti \u201eIda Viru ettev\u00f5tluse teadmusmahukuse suurendamise toetus: teadusv\u00f5imekuse pakkumise arendamine Ida Virumaal TA v\u00f5rgustiku loomiseks\u201c raames (\u00d5\u00dcFxx).<br>This work\/article\/research\/doctoral thesis was supported by the project \u201eIncreasing the knowledge intensity of Ida-Viru entrepreneurship\u201c co-funded by the European Union (\u00d5\u00dcFxx).<br><\/p>\n\n\n\n<h2 class=\"wp-block-heading\">Temaatilise teadus- arendustegevuse (TEM-TA) projektid<\/h2>\n\n\n\n<ul class=\"wp-block-list\">\n<li>Turba f\u00fc\u00fcsikalis-keemiline v\u00e4\u00e4rindamine k\u00f5rgtehnoloogilisteks rakendusteks sobilikeks s\u00fcsinikeks, TEM-TA69 (<a href=\"https:\/\/www.etis.ee\/Portal\/Projects\/Display\/a7269f5a-cb87-4d36-9024-b32c77dd1c64\">info ETISes<\/a>)<\/li>\n\n\n\n<li>Uudsete taastuvenergeetika seadmete arendamine ja energia salvestuss\u00fcsteemi komplekteerimine ja testimine, TEM-TA81 (<a href=\"https:\/\/www.etis.ee\/Portal\/Projects\/Display\/81046209-588a-4bc3-93f8-5d8630e5c1f5\">info ETISes<\/a>)<\/li>\n<\/ul>\n\n\n\n<p><strong>Rahastaja<\/strong>: Sihtasutus Eesti Teadusagentuur<\/p>\n\n\n\n<p><strong>Projektile viitamine:<\/strong><br>K\u00e4esolev uurimust\u00f6\u00f6\/artikkel\/doktorit\u00f6\u00f6 on valminud Eesti Teadusagentuuri toel (TEM-TAxx)<br>This work\/article\/research\/doctoral thesis was supported by Estonian Research Council (TEM-TAxx).<\/p>\n","protected":false},"excerpt":{"rendered":"<p>Siia lehele on koondatud keskuse vesinik- ja energiatehnoloogiate projektid, aga ka nendeks lahendusteks vajalike materjalide uuringute projektid. Projektidega seotud artiklid on toodud projektide ETISe viidete all. Eesti teaduste tippkeskus J\u00e4tkusuutliku rohevesiniku ja energiatehnoloogia tippkeskus, TK210, UT ja TT\u00dc konsortsiumi projekt, &#8230;<\/p>\n","protected":false},"author":84,"featured_media":0,"parent":0,"menu_order":0,"comment_status":"closed","ping_status":"closed","template":"","meta":{"_acf_changed":false,"inline_featured_image":false,"footnotes":""},"class_list":["post-37","page","type-page","status-publish","hentry"],"acf":[],"_links":{"self":[{"href":"https:\/\/sisu.ut.ee\/vesiniku-ja-taastuvenergeetika-keskus\/wp-json\/wp\/v2\/pages\/37","targetHints":{"allow":["GET"]}}],"collection":[{"href":"https:\/\/sisu.ut.ee\/vesiniku-ja-taastuvenergeetika-keskus\/wp-json\/wp\/v2\/pages"}],"about":[{"href":"https:\/\/sisu.ut.ee\/vesiniku-ja-taastuvenergeetika-keskus\/wp-json\/wp\/v2\/types\/page"}],"author":[{"embeddable":true,"href":"https:\/\/sisu.ut.ee\/vesiniku-ja-taastuvenergeetika-keskus\/wp-json\/wp\/v2\/users\/84"}],"replies":[{"embeddable":true,"href":"https:\/\/sisu.ut.ee\/vesiniku-ja-taastuvenergeetika-keskus\/wp-json\/wp\/v2\/comments?post=37"}],"version-history":[{"count":16,"href":"https:\/\/sisu.ut.ee\/vesiniku-ja-taastuvenergeetika-keskus\/wp-json\/wp\/v2\/pages\/37\/revisions"}],"predecessor-version":[{"id":80,"href":"https:\/\/sisu.ut.ee\/vesiniku-ja-taastuvenergeetika-keskus\/wp-json\/wp\/v2\/pages\/37\/revisions\/80"}],"wp:attachment":[{"href":"https:\/\/sisu.ut.ee\/vesiniku-ja-taastuvenergeetika-keskus\/wp-json\/wp\/v2\/media?parent=37"}],"curies":[{"name":"wp","href":"https:\/\/api.w.org\/{rel}","templated":true}]}}