{"id":8,"date":"2024-04-04T06:59:16","date_gmt":"2024-04-04T03:59:16","guid":{"rendered":"https:\/\/sisu.ut.ee\/veda\/opiobjektid\/"},"modified":"2025-09-12T17:22:06","modified_gmt":"2025-09-12T14:22:06","slug":"opiobjektid","status":"publish","type":"page","link":"https:\/\/sisu.ut.ee\/veda\/opiobjektid\/","title":{"rendered":"\u00d5pivara"},"content":{"rendered":"<hr>\n<p><em>Tartu \u00fclikooli maailma keelte ja kultuuride kolled\u017ei arendusprojekti 2020-2021 \u201cV\u00f5\u00f5rkeeltega seotud erialaste digip\u00e4devuste arendamine T\u00dc maailma keelte ja kultuuride kolled\u017eis\u201d\u00a0 (VEDA) Haridus-ja noorteameti IT Akadeemia toetusel valminud \u00f5ppevahendid:<\/em><\/p>\n<p><strong>I Keele\u00f5pe ja s\u00f5navarat\u00f6\u00f6<\/strong><\/p>\n<p>Collocations in English \u2013 koost. Liina Tammek\u00e4nd<\/p>\n<p><a title=\"\" href=\"https:\/\/sisu.ut.ee\/dwds\/avaleht\" target=\"_blank\" rel=\"noopener\" data-url=\"https:\/\/sisu.ut.ee\/dwds\/avaleht\">E-s\u00f5naraamatu kasutamise kunst dwds.de n\u00e4itel<\/a> \u2013 koost. Merje Miliste<\/p>\n<p><a title=\"\" href=\"https:\/\/sisu.ut.ee\/eurlex-iate\/\" target=\"_blank\" rel=\"noopener\" data-url=\" https:\/\/sisu.ut.ee\/eurlex-iate\/\">Mitmekeelse andmebaasi EUR-Lex ja terminibaasi IATE kasutamine <\/a>\u2013 koost. Reelika Saar<\/p>\n<p><a title=\"\" href=\"https:\/\/sisu.ut.ee\/perseus1\/avaleht\" target=\"_blank\" rel=\"noopener\" data-url=\"https:\/\/sisu.ut.ee\/perseus1\/avaleht\">Perseus Digital Library kasutusv\u00f5imalused<\/a> \u2013 koost. Kadri Novikov<\/p>\n<p><a title=\"\" href=\"https:\/\/sisu.ut.ee\/norra\/kypsis\" target=\"_blank\" rel=\"noopener\" data-url=\"https:\/\/sisu.ut.ee\/norra\/kypsis\">S\u00f5navara \u00f5ppimise tarkvara Kypsis<\/a> \u2013 koost. Antonina Kostina<\/p>\n<p><a title=\"\" href=\"https:\/\/sisu.ut.ee\/lexfr\/avaleht\" target=\"_blank\" rel=\"noopener\" data-url=\"https:\/\/sisu.ut.ee\/lexfr\/avaleht\">Vahendeid t\u00f6\u00f6ks prantsuse keele s\u00f5navaraga <\/a>\u2013 koost. Marge K\u00e4sper ja Vincent Dautancourt, mh varasemalt HITSA toetusel valminud\u00a0 <a href=\"https:\/\/sisu.ut.ee\/lexfr\/korpusparingususteem-sketchengine\/\">Korpusp\u00e4ringus\u00fcsteem Sketch Engine keele\u00f5ppes (prantsuse keele n\u00e4itel)<\/a><\/p>\n<p><a href=\"https:\/\/sisu.ut.ee\/bss\/\">Juhiseid baltisaksa s\u00f5naraamatu veebiversiooni kasutamiseks<\/a> \u2013 koost Anne Arold<\/p>\n<p><strong>II Abiks meetodivalikul<\/strong><\/p>\n<p>Digital resources and tools for research in Slavic languages and literatures<span style=\"color: black;\"> \u2013 <\/span> <span style=\"color: black;\">koost. <\/span>Antonina Martynenko<\/p>\n<p><a title=\"\" href=\"https:\/\/sisu.ut.ee\/digitalenglishstudies\" target=\"_blank\" rel=\"noopener\" data-url=\"https:\/\/sisu.ut.ee\/digitalenglishstudies\">Digital Tools for English Studies <\/a>\u2013 koost. Jane Klavan<\/p>\n<p>Research Methods \u2013 koost. Liina Tammek\u00e4nd<\/p>\n<p>Structure of a thesis \u2013 koost. Liina Tammek\u00e4nd<\/p>\n<p>Academic Writing and Study Skills\u00a0 (praegu on avalikult konsulteeritavad sektsiooni \u201cPeer Feedback Process\u201d materjalid), \u00fclej\u00e4\u00e4nud materjalid saavad avalikuks 2021 l\u00f5pul, seni toimub interaktiivne \u00f5ppetegevus keskkonnas Discord <a title=\"\" href=\"https:\/\/discord.gg\/BScB83GM%20\" target=\"_blank\" rel=\"noopener\" data-url=\"https:\/\/discord.gg\/BScB83GM \">siin kanalil<\/a> ) \u2013 koost.\u00a0 Djuddah Arthur Joost Leijen<\/p>\n<p>Tekstit\u00f6\u00f6tlus ja UNIXi filosoofia \u2013 koost. \u00d8yvind Rang\u00f8y<\/p>\n<p><strong>III Rakendusi kultuurikontekstides<\/strong><\/p>\n<p>Kaardirakenduste kasutamine kultuuri- ja v\u00f5\u00f5rkeele\u00f5ppes \u2013 koost. Hella Liira ja Marika Peekmann<\/p>\n<p><a title=\"\" href=\"https:\/\/sisu.ut.ee\/koostooprojekt\" target=\"_blank\" rel=\"noopener\" data-url=\"https:\/\/sisu.ut.ee\/koostooprojekt\">Meeskonnat\u00f6\u00f6 ja digip\u00e4devuse arendamine l\u00e4bi kultuuri- ja ajalooprojektide<\/a> \u2013 koost. Mari Kruse ja Virginia Rap\u00fan Mombiela. Meeskonnat\u00f6\u00f6s teostatud kultuuri- ja ajaloo-n\u00e4idisprojektid:<\/p>\n<p style=\"margin-left: 40px;\"><a title=\"\" href=\"https:\/\/sites.google.com\/view\/hispaaniaajalugu\/home\" target=\"_blank\" rel=\"noopener\" data-url=\"https:\/\/sites.google.com\/view\/hispaaniaajalugu\/home\">\u2013 kakskeelne virtuaaln\u00e4itus Hispaania ajaloolistest v\u00e4ikelinnadest ja k\u00fcladest<\/a><\/p>\n<p style=\"margin-left: 40px;\"><a title=\"\" href=\"https:\/\/madmagz.com\/magazine\/1825887#\/\" target=\"_blank\" rel=\"noopener\" data-url=\"https:\/\/madmagz.com\/magazine\/1825887#\/\">\u2013 veebiajakiri Espa\u00f1arte Hispaania \u00fchiskonna, kultuuri ja kunstiajaloo teemadel <\/a><\/p>\n<p style=\"margin-left: 40px;\"><a title=\"\" href=\"https:\/\/anchor.fm\/espanolut\" target=\"_blank\" rel=\"noopener\" data-url=\"https:\/\/anchor.fm\/espanolut\">\u2013 podcastide seeria Hispaania ajaloo kujutamisest kirjandusteostes<\/a><\/p>\n<p><img loading=\"lazy\" decoding=\"async\" width=\"1883\" height=\"614\" class=\"alignnone wp-image-29\" title=\"haridus-_ja_noorteamet_vapp_est_rgb1.jpg\" src=\"https:\/\/sisu.ut.ee\/wp-content\/uploads\/sites\/468\/haridus-_ja_noorteamet_vapp_est_rgb1.jpg\" alt=\"a\" srcset=\"https:\/\/sisu.ut.ee\/wp-content\/uploads\/sites\/468\/haridus-_ja_noorteamet_vapp_est_rgb1.jpg 1883w, https:\/\/sisu.ut.ee\/wp-content\/uploads\/sites\/468\/haridus-_ja_noorteamet_vapp_est_rgb1-300x98.jpg 300w, https:\/\/sisu.ut.ee\/wp-content\/uploads\/sites\/468\/haridus-_ja_noorteamet_vapp_est_rgb1-1024x334.jpg 1024w, https:\/\/sisu.ut.ee\/wp-content\/uploads\/sites\/468\/haridus-_ja_noorteamet_vapp_est_rgb1-768x250.jpg 768w, https:\/\/sisu.ut.ee\/wp-content\/uploads\/sites\/468\/haridus-_ja_noorteamet_vapp_est_rgb1-1536x501.jpg 1536w\" sizes=\"auto, (max-width: 1883px) 100vw, 1883px\"><img loading=\"lazy\" decoding=\"async\" width=\"1000\" height=\"292\" class=\"alignnone wp-image-17\" title=\"it_akadeemia_logo_rgb.jpg\" src=\"https:\/\/sisu.ut.ee\/wp-content\/uploads\/sites\/468\/it_akadeemia_logo_rgb.jpg\" alt=\"g\" srcset=\"https:\/\/sisu.ut.ee\/wp-content\/uploads\/sites\/468\/it_akadeemia_logo_rgb.jpg 1000w, https:\/\/sisu.ut.ee\/wp-content\/uploads\/sites\/468\/it_akadeemia_logo_rgb-300x88.jpg 300w, https:\/\/sisu.ut.ee\/wp-content\/uploads\/sites\/468\/it_akadeemia_logo_rgb-768x224.jpg 768w\" sizes=\"auto, (max-width: 1000px) 100vw, 1000px\"><\/p>\n<p><span style=\"color: black;\">\u00a0<\/span><\/p>\n\n\n<figure class=\"wp-block-gallery has-nested-images columns-3 is-cropped wp-block-gallery-1 is-layout-flex wp-block-gallery-is-layout-flex\">\n<figure class=\"wp-block-image size-large\"><a href=\"https:\/\/sisu.ut.ee\/wp-content\/uploads\/sites\/468\/haridus-_ja_noorteamet_vapp_est_rgb.jpg\"><img decoding=\"async\" data-id=\"16\" src=\"https:\/\/sisu.ut.ee\/wp-content\/uploads\/sites\/468\/haridus-_ja_noorteamet_vapp_est_rgb.jpg\" alt=\"\" class=\"wp-ima&lt;\/figcaption&gt;&lt;\/figure&gt;\n\n\n\n&lt;figure class=\" wp-block-image size-large><\/a><a href=\"https:\/\/sisu.ut.ee\/wp-content\/uploads\/sites\/468\/it_akadeemia_logo_rgb.jpg\"><img decoding=\"async\" data-id=\"17\" src=\"https:\/\/sisu.ut.ee\/wp-content\/uploads\/sites\/468\/it_akadeemia_logo_rgb.jpg\" alt=\"\" class=\"wp-ima&lt;\/figcaption&gt;&lt;\/figure&gt;\n&lt;\/figure&gt;\n\"><\/a><\/figure><\/figure>","protected":false},"excerpt":{"rendered":"<p>Tartu \u00fclikooli maailma keelte ja kultuuride kolled\u017ei arendusprojekti 2020-2021 \u201cV\u00f5\u00f5rkeeltega seotud erialaste digip\u00e4devuste arendamine T\u00dc maailma keelte ja kultuuride kolled\u017eis\u201d\u00a0 (VEDA) Haridus-ja noorteameti IT Akadeemia toetusel valminud \u00f5ppevahendid: I Keele\u00f5pe ja s\u00f5navarat\u00f6\u00f6 Collocations in English \u2013 koost. Liina Tammek\u00e4nd E-s\u00f5naraamatu &#8230;<\/p>\n","protected":false},"author":215,"featured_media":0,"parent":0,"menu_order":0,"comment_status":"closed","ping_status":"closed","template":"","meta":{"_acf_changed":false,"inline_featured_image":false,"footnotes":""},"class_list":["post-8","page","type-page","status-publish","hentry"],"acf":[],"_links":{"self":[{"href":"https:\/\/sisu.ut.ee\/veda\/wp-json\/wp\/v2\/pages\/8","targetHints":{"allow":["GET"]}}],"collection":[{"href":"https:\/\/sisu.ut.ee\/veda\/wp-json\/wp\/v2\/pages"}],"about":[{"href":"https:\/\/sisu.ut.ee\/veda\/wp-json\/wp\/v2\/types\/page"}],"author":[{"embeddable":true,"href":"https:\/\/sisu.ut.ee\/veda\/wp-json\/wp\/v2\/users\/215"}],"replies":[{"embeddable":true,"href":"https:\/\/sisu.ut.ee\/veda\/wp-json\/wp\/v2\/comments?post=8"}],"version-history":[{"count":8,"href":"https:\/\/sisu.ut.ee\/veda\/wp-json\/wp\/v2\/pages\/8\/revisions"}],"predecessor-version":[{"id":69,"href":"https:\/\/sisu.ut.ee\/veda\/wp-json\/wp\/v2\/pages\/8\/revisions\/69"}],"wp:attachment":[{"href":"https:\/\/sisu.ut.ee\/veda\/wp-json\/wp\/v2\/media?parent=8"}],"curies":[{"name":"wp","href":"https:\/\/api.w.org\/{rel}","templated":true}]}}