{"id":58,"date":"2024-04-04T05:00:29","date_gmt":"2024-04-04T02:00:29","guid":{"rendered":"https:\/\/sisu.ut.ee\/vaks\/g\/"},"modified":"2024-04-15T16:51:57","modified_gmt":"2024-04-15T13:51:57","slug":"g","status":"publish","type":"page","link":"https:\/\/sisu.ut.ee\/vaks\/g\/","title":{"rendered":"G"},"content":{"rendered":"<h4 class=\"wp-block-heading\">Vali s\u00f5na<\/h4>\n\n\n\n<p><a href=\"https:\/\/sisu.ut.ee\/vaks\/gaarkook\/\" data-type=\"post\" data-id=\"1702\">gaark\u00f6\u00f6k<\/a>, <\/p>\n\n\n\n<p><a href=\"https:\/\/sisu.ut.ee\/vaks\/gotsvunn\/\" data-type=\"post\" data-id=\"1704\">gotsvunn<\/a>, <\/p>\n\n\n\n<p><a href=\"https:\/\/sisu.ut.ee\/vaks\/kootspenning\/\" data-type=\"post\" data-id=\"1828\">g\u00f6tspenn<\/a>, <\/p>\n\n\n\n<p><a href=\"https:\/\/sisu.ut.ee\/vaks\/gunnima\/\" data-type=\"post\" data-id=\"1706\">g\u00fcnnima<\/a><\/p>\n","protected":false},"excerpt":{"rendered":"<p>Vali s\u00f5na gaark\u00f6\u00f6k, gotsvunn, g\u00f6tspenn, g\u00fcnnima<\/p>\n","protected":false},"author":167,"featured_media":0,"parent":0,"menu_order":0,"comment_status":"closed","ping_status":"closed","template":"","meta":{"_acf_changed":false,"inline_featured_image":false,"footnotes":""},"class_list":["post-58","page","type-page","status-publish","hentry"],"acf":[],"_links":{"self":[{"href":"https:\/\/sisu.ut.ee\/vaks\/wp-json\/wp\/v2\/pages\/58","targetHints":{"allow":["GET"]}}],"collection":[{"href":"https:\/\/sisu.ut.ee\/vaks\/wp-json\/wp\/v2\/pages"}],"about":[{"href":"https:\/\/sisu.ut.ee\/vaks\/wp-json\/wp\/v2\/types\/page"}],"author":[{"embeddable":true,"href":"https:\/\/sisu.ut.ee\/vaks\/wp-json\/wp\/v2\/users\/167"}],"replies":[{"embeddable":true,"href":"https:\/\/sisu.ut.ee\/vaks\/wp-json\/wp\/v2\/comments?post=58"}],"version-history":[{"count":4,"href":"https:\/\/sisu.ut.ee\/vaks\/wp-json\/wp\/v2\/pages\/58\/revisions"}],"predecessor-version":[{"id":2692,"href":"https:\/\/sisu.ut.ee\/vaks\/wp-json\/wp\/v2\/pages\/58\/revisions\/2692"}],"wp:attachment":[{"href":"https:\/\/sisu.ut.ee\/vaks\/wp-json\/wp\/v2\/media?parent=58"}],"curies":[{"name":"wp","href":"https:\/\/api.w.org\/{rel}","templated":true}]}}