{"id":49,"date":"2024-04-04T05:00:28","date_gmt":"2024-04-04T02:00:28","guid":{"rendered":"https:\/\/sisu.ut.ee\/vaks\/b\/"},"modified":"2024-04-15T16:50:37","modified_gmt":"2024-04-15T13:50:37","slug":"b","status":"publish","type":"page","link":"https:\/\/sisu.ut.ee\/vaks\/b\/","title":{"rendered":"B"},"content":{"rendered":"<h4 class=\"wp-block-heading\">Vali s\u00f5na<\/h4>\n\n\n\n<p><a href=\"https:\/\/sisu.ut.ee\/vaks\/banaan\/\" data-type=\"post\" data-id=\"1598\">banaan<\/a>, <a href=\"https:\/\/sisu.ut.ee\/vaks\/bann-bannima-bannisema\/\" data-type=\"post\" data-id=\"1595\">bann<\/a>, <a href=\"https:\/\/sisu.ut.ee\/vaks\/bann-bannima-bannisema\/\" data-type=\"post\" data-id=\"1595\">bannima<\/a>, <a href=\"https:\/\/sisu.ut.ee\/vaks\/bann-bannima-bannisema\/\" data-type=\"post\" data-id=\"1595\">bannisema<\/a>, <a href=\"https:\/\/sisu.ut.ee\/vaks\/paburits\/\" data-type=\"post\" data-id=\"1960\">barbariss<\/a>, <a href=\"https:\/\/sisu.ut.ee\/vaks\/batsill-batsillus\/\" data-type=\"post\" data-id=\"1592\">batsill<\/a>, <a href=\"https:\/\/sisu.ut.ee\/vaks\/batsill-batsillus\/\" data-type=\"post\" data-id=\"1592\">batsillus<\/a>, <\/p>\n\n\n\n<p><a href=\"https:\/\/sisu.ut.ee\/vaks\/begeerima\/\" data-type=\"post\" data-id=\"1583\">begeerima<\/a>, <a href=\"https:\/\/sisu.ut.ee\/vaks\/pekk-bekk\/\" data-type=\"post\" data-id=\"1976\">bekk<\/a>, <\/p>\n\n\n\n<p><a href=\"https:\/\/sisu.ut.ee\/vaks\/plakk\/\" data-type=\"post\" data-id=\"1996\">blakk<\/a>, <a href=\"https:\/\/sisu.ut.ee\/vaks\/bloomikene\/\" data-type=\"post\" data-id=\"1581\">bl\u00f6\u00f6mikene<\/a>, <\/p>\n\n\n\n<p><a href=\"https:\/\/sisu.ut.ee\/vaks\/buhstabeerima\/\" data-type=\"post\" data-id=\"1578\">buhstabeerima<\/a><\/p>\n","protected":false},"excerpt":{"rendered":"<p>Vali s\u00f5na banaan, bann, bannima, bannisema, barbariss, batsill, batsillus, begeerima, bekk, blakk, bl\u00f6\u00f6mikene, buhstabeerima<\/p>\n","protected":false},"author":167,"featured_media":0,"parent":0,"menu_order":0,"comment_status":"closed","ping_status":"closed","template":"","meta":{"_acf_changed":false,"inline_featured_image":false,"footnotes":""},"class_list":["post-49","page","type-page","status-publish","hentry"],"acf":[],"_links":{"self":[{"href":"https:\/\/sisu.ut.ee\/vaks\/wp-json\/wp\/v2\/pages\/49","targetHints":{"allow":["GET"]}}],"collection":[{"href":"https:\/\/sisu.ut.ee\/vaks\/wp-json\/wp\/v2\/pages"}],"about":[{"href":"https:\/\/sisu.ut.ee\/vaks\/wp-json\/wp\/v2\/types\/page"}],"author":[{"embeddable":true,"href":"https:\/\/sisu.ut.ee\/vaks\/wp-json\/wp\/v2\/users\/167"}],"replies":[{"embeddable":true,"href":"https:\/\/sisu.ut.ee\/vaks\/wp-json\/wp\/v2\/comments?post=49"}],"version-history":[{"count":4,"href":"https:\/\/sisu.ut.ee\/vaks\/wp-json\/wp\/v2\/pages\/49\/revisions"}],"predecessor-version":[{"id":2688,"href":"https:\/\/sisu.ut.ee\/vaks\/wp-json\/wp\/v2\/pages\/49\/revisions\/2688"}],"wp:attachment":[{"href":"https:\/\/sisu.ut.ee\/vaks\/wp-json\/wp\/v2\/media?parent=49"}],"curies":[{"name":"wp","href":"https:\/\/api.w.org\/{rel}","templated":true}]}}