{"id":24,"date":"2024-04-04T05:00:25","date_gmt":"2024-04-04T02:00:25","guid":{"rendered":"https:\/\/sisu.ut.ee\/vaks\/l\/"},"modified":"2025-02-09T19:12:24","modified_gmt":"2025-02-09T17:12:24","slug":"l","status":"publish","type":"page","link":"https:\/\/sisu.ut.ee\/vaks\/l\/","title":{"rendered":"L"},"content":{"rendered":"<h4 class=\"wp-block-heading\">Vali s\u00f5na<\/h4>\n\n\n\n<p><a href=\"https:\/\/sisu.ut.ee\/vaks\/laatsaret\/\" data-type=\"post\" data-id=\"2844\">laatsaret<\/a>, <a href=\"https:\/\/sisu.ut.ee\/vaks\/lagunema-laguma-lagumine\/\" data-type=\"post\" data-id=\"1341\">lagovama<\/a>, <a href=\"https:\/\/sisu.ut.ee\/vaks\/lagunema-laguma-lagumine\/\" data-type=\"post\" data-id=\"1341\">lagunema<\/a>, <a href=\"https:\/\/sisu.ut.ee\/vaks\/lagunema-laguma-lagumine\/\" data-type=\"post\" data-id=\"1341\">laguma<\/a>, <a href=\"https:\/\/sisu.ut.ee\/vaks\/lagunema-laguma-lagumine\/\" data-type=\"post\" data-id=\"1341\">lagumine<\/a>, <a href=\"https:\/\/sisu.ut.ee\/vaks\/lahing\/\" data-type=\"post\" data-id=\"1846\">lahing<\/a>, <a href=\"https:\/\/sisu.ut.ee\/vaks\/landshovding\/\" data-type=\"post\" data-id=\"1848\">landsh\u00f6vding<\/a>, <a href=\"https:\/\/sisu.ut.ee\/vaks\/landskneht\/\" data-type=\"post\" data-id=\"1850\">landskneht<\/a>, <a href=\"https:\/\/sisu.ut.ee\/vaks\/landsmann\/\" data-type=\"post\" data-id=\"1852\">landsmann<\/a>, <a href=\"https:\/\/sisu.ut.ee\/vaks\/long-lang-langas\/\" data-type=\"post\" data-id=\"1880\">lang<\/a>, <a href=\"https:\/\/sisu.ut.ee\/vaks\/long-lang-langas\/\" data-type=\"post\" data-id=\"1880\">langas<\/a>, <a href=\"https:\/\/sisu.ut.ee\/vaks\/landsmann\/\" data-type=\"post\" data-id=\"1852\">lantsman<\/a>, <a href=\"https:\/\/sisu.ut.ee\/vaks\/lapp-lappima\/\" data-type=\"post\" data-id=\"1858\">lapp<\/a>, <a href=\"https:\/\/sisu.ut.ee\/vaks\/lapp-lappima\/\" data-type=\"post\" data-id=\"1858\">lappima<\/a>, <a href=\"https:\/\/sisu.ut.ee\/vaks\/lapper\/\" data-type=\"post\" data-id=\"1856\">lapper<\/a>, <a href=\"https:\/\/sisu.ut.ee\/vaks\/latv\/\" data-type=\"post\" data-id=\"1860\">latv<\/a>,<\/p>\n\n\n\n<p><a href=\"https:\/\/sisu.ut.ee\/vaks\/leeder\/\" data-type=\"post\" data-id=\"1862\">leeder<\/a>, <a href=\"https:\/\/sisu.ut.ee\/vaks\/leeder\/\" data-type=\"post\" data-id=\"1862\">leedrik<\/a>, <a href=\"https:\/\/sisu.ut.ee\/vaks\/leiges\/\" data-type=\"post\" data-id=\"1864\">leiges<\/a>, <a href=\"https:\/\/sisu.ut.ee\/vaks\/lemon\/\" data-type=\"post\" data-id=\"1866\">lemon<\/a>, <a href=\"https:\/\/sisu.ut.ee\/vaks\/lendama-lendes\/\" data-type=\"post\" data-id=\"1868\">lendama<\/a>, <a href=\"https:\/\/sisu.ut.ee\/vaks\/lendama-lendes\/\" data-type=\"post\" data-id=\"1868\">lendes<\/a>, <a href=\"https:\/\/sisu.ut.ee\/vaks\/lendega\/\" data-type=\"post\" data-id=\"1870\">lendega<\/a>, <a href=\"https:\/\/sisu.ut.ee\/vaks\/lepp-lepne\/\" data-type=\"post\" data-id=\"1872\"><\/a><a href=\"https:\/\/sisu.ut.ee\/vaks\/lepp-lepne\/\" data-type=\"post\" data-id=\"1872\">lepne<\/a>, <a href=\"https:\/\/sisu.ut.ee\/vaks\/lepp-lepne\/\" data-type=\"post\" data-id=\"1872\">lepp<\/a>, <\/p>\n\n\n\n<p><a href=\"https:\/\/sisu.ut.ee\/vaks\/lihti\/\" data-type=\"post\" data-id=\"1874\">lihti<\/a>, <a href=\"https:\/\/sisu.ut.ee\/vaks\/liiderlik\/\" data-type=\"post\" data-id=\"1876\">liiderlik<\/a>, <\/p>\n\n\n\n<p><a href=\"https:\/\/sisu.ut.ee\/vaks\/lust-lustima\/\" data-type=\"post\" data-id=\"1886\">lust<\/a>, <a href=\"https:\/\/sisu.ut.ee\/vaks\/lust-lustima\/\" data-type=\"post\" data-id=\"1886\">lustima<\/a>, <a href=\"https:\/\/sisu.ut.ee\/vaks\/luudjas\/\" data-type=\"post\" data-id=\"1888\">luudjas<\/a>, <\/p>\n\n\n\n<p><a href=\"https:\/\/sisu.ut.ee\/vaks\/leiges\/\" data-type=\"post\" data-id=\"1864\">l\u00f5iges<\/a>, <a href=\"https:\/\/sisu.ut.ee\/vaks\/loke\/\" data-type=\"post\" data-id=\"1878\">l\u00f5ke<\/a>, <a href=\"https:\/\/sisu.ut.ee\/vaks\/long-lang-langas\/\" data-type=\"post\" data-id=\"1880\">l\u00f5ng<\/a>, <a href=\"https:\/\/sisu.ut.ee\/vaks\/loukoer\/\" data-type=\"post\" data-id=\"1884\">l\u00f5ukoer<\/a>, <a href=\"https:\/\/sisu.ut.ee\/vaks\/lovi\/\" data-type=\"post\" data-id=\"1320\">l\u00f5vi<\/a>, <a href=\"https:\/\/sisu.ut.ee\/vaks\/lovi\/\" data-type=\"post\" data-id=\"1320\">l\u00f5vina<\/a>, <\/p>\n\n\n\n<p><a href=\"https:\/\/sisu.ut.ee\/vaks\/lang\/\" data-type=\"post\" data-id=\"1854\">l\u00e4ng<\/a>, <\/p>\n\n\n\n<p><a href=\"https:\/\/sisu.ut.ee\/vaks\/looper\/\" data-type=\"post\" data-id=\"1882\">l\u00f6\u00f6per<\/a>,<\/p>\n","protected":false},"excerpt":{"rendered":"<p>Vali s\u00f5na laatsaret, lagovama, lagunema, laguma, lagumine, lahing, landsh\u00f6vding, landskneht, landsmann, lang, langas, lantsman, lapp, lappima, lapper, latv, leeder, leedrik, leiges, lemon, lendama, lendes, lendega, lepne, lepp, lihti, liiderlik, lust, lustima, luudjas, l\u00f5iges, l\u00f5ke, l\u00f5ng, l\u00f5ukoer, l\u00f5vi, l\u00f5vina, l\u00e4ng, l\u00f6\u00f6per,<\/p>\n","protected":false},"author":167,"featured_media":0,"parent":0,"menu_order":0,"comment_status":"closed","ping_status":"closed","template":"","meta":{"_acf_changed":false,"inline_featured_image":false,"footnotes":""},"class_list":["post-24","page","type-page","status-publish","hentry"],"acf":[],"_links":{"self":[{"href":"https:\/\/sisu.ut.ee\/vaks\/wp-json\/wp\/v2\/pages\/24","targetHints":{"allow":["GET"]}}],"collection":[{"href":"https:\/\/sisu.ut.ee\/vaks\/wp-json\/wp\/v2\/pages"}],"about":[{"href":"https:\/\/sisu.ut.ee\/vaks\/wp-json\/wp\/v2\/types\/page"}],"author":[{"embeddable":true,"href":"https:\/\/sisu.ut.ee\/vaks\/wp-json\/wp\/v2\/users\/167"}],"replies":[{"embeddable":true,"href":"https:\/\/sisu.ut.ee\/vaks\/wp-json\/wp\/v2\/comments?post=24"}],"version-history":[{"count":10,"href":"https:\/\/sisu.ut.ee\/vaks\/wp-json\/wp\/v2\/pages\/24\/revisions"}],"predecessor-version":[{"id":2851,"href":"https:\/\/sisu.ut.ee\/vaks\/wp-json\/wp\/v2\/pages\/24\/revisions\/2851"}],"wp:attachment":[{"href":"https:\/\/sisu.ut.ee\/vaks\/wp-json\/wp\/v2\/media?parent=24"}],"curies":[{"name":"wp","href":"https:\/\/api.w.org\/{rel}","templated":true}]}}