{"id":5,"date":"2024-04-04T06:15:03","date_gmt":"2024-04-04T03:15:03","guid":{"rendered":"https:\/\/sisu.ut.ee\/vaatamisvaarsused\/kirjandust\/"},"modified":"2024-04-04T06:15:12","modified_gmt":"2024-04-04T03:15:12","slug":"kirjandust","status":"publish","type":"page","link":"https:\/\/sisu.ut.ee\/vaatamisvaarsused\/kirjandust\/","title":{"rendered":"Kirjandust"},"content":{"rendered":"<p>\n\t<b>Aaloe, A.<\/b>\u00a01958. Meteoriidid ja meteoriidikraatrid.\u00a0<i>Rmt<\/i>: Eluta looduse kaitse, ENSV TA Geoloogia Instituut, Tallinn, 61-67.\n<\/p>\n<p>\n\t<b>Aaloe, A.<\/b>\u00a01976. Eesti meteoriidikraatrite kaitsest.\u00a0<i>Rmt<\/i>: Viiding, H. (toim.) Eesti NSV maap\u00f5ue kaitsest, \u201cValgus\u201d, Tallinn, 162-169.\n<\/p>\n<p>\n\t<b>Allikvee, H. &amp; Ilomets, M.<\/b>\u00a01995. Sood ja nende areng.\u00a0<i>Rmt<\/i>: Raukas, A. (toim.) Eesti Loodus. Eesti Ents\u00fcklopeediakirjastus, Tallinn, 326-363.\n<\/p>\n<p>\n\t<b>Einasto, R., Mens, K.<\/b>\u00a01996. Geoloogia. Alusp\u00f5hi.\u00a0<i>Rmt<\/i>: Kink, H., (koostaja), Miidel, A. (toim). Pakri poolsaar \u2013 loodus ja inimtegevus, Tallinn, TA kirjastus, 16-23.\n<\/p>\n<p>\n\t<b>Eklund, O. &amp; Soesoo, A.<\/b>\u00a02007. Kristalsed kivimid L\u00f5una-Soomes ja Eestis. GEOGuide Baltoscandia, Tallinn, 32 lk.\u00a0<a href=\"http:\/\/www.geoeducation.info\/geoturism\/kristalsed_kivimid.php\" target=\"_blank\" rel=\"noopener\">Internet<\/a>\n<\/p>\n<p>\n\t<b>Heinsalu, \u00dc.<\/b>\u00a01958. Maa-alused j\u00f5ed ja nende avaldusvormid.\u00a0<i>Rmt<\/i>: Eluta looduse kaitse, ENSV TA Geoloogia Instituut, Tallinn, 68-74.\n<\/p>\n<p>\n\t<b>Heinsalu, \u00dc.<\/b>\u00a01976. Karstiallikate ja -vormide teadusliku uurimise ja kaitse olukord Eesti NSV-s.\u00a0<i>Rmt<\/i>: Viiding, H. (toim.) Eesti NSV maap\u00f5ue kaitsest, \u201cValgus\u201d, Tallinn, 53-67.\n<\/p>\n<p>\n\t<b>Heinsalu, \u00dc.<\/b>\u00a01977. Karst ja looduskeskkond Eesti NSV-s. Tallinn, \u201cValgus\u201d, 96 lk.\n<\/p>\n<p>\n\t<b>Heinsalu, \u00dc.<\/b>\u00a01978. Kata karstiv\u00e4li Tuhalas. Eesti Loodus, 12, 802-806.\n<\/p>\n<p>\n\t<b>Heinsalu, \u00dc., Timm, T., Karise, V.<\/b>\u00a01976. Looduskaitset vajavad allikad Eesti NSV-s.\u00a0<i>Rmt<\/i>: Viiding, H. (toim.) Eesti NSV maap\u00f5ue kaitsest, \u201cValgus\u201d, Tallinn, 68-95.\n<\/p>\n<p>\n\t<b>Ilomets, M.<\/b>\u00a01992. Some main trends in the development of Estonian mires. Proc. of the 9th International Peat Congress, Uppsala, Sweden, 22-26 June, 1992 (205 \u2013 214).Swedish EPA\n<\/p>\n<p>\n\t<b>Ilomets, M., Kimmel, K., Sten, C-G. &amp; Korhonen, R.<\/b>\u00a02007. Sood Eestis ja L\u00f5una-Soomes. GEOGuide Baltoscandia, Tallinn, 32 lk.\u00a0<a href=\"http:\/\/www.geoeducation.info\/geoturism\/sood.php\" target=\"_blank\" rel=\"noopener\">Internet<\/a>\n<\/p>\n<p>\n\t<b>J\u00e4rvet, A.<\/b>\u00a01998. Vaheldusrikas Karula maastik. Eesti Loodus, 1998, 10\u00a0<a href=\"http:\/\/www.loodusajakiri.ee\/eesti_loodus\/EL\/vanaweb\/\" target=\"_blank\" rel=\"noopener\">Internet<\/a>\n<\/p>\n<p>\n\t<b>Kajak, K.<\/b>\u00a01973. Eluta looduse kaitsest Eesti NSV-s. Eesti Loodus, 3, 159-165.\n<\/p>\n<p>\n\t<b>\u041a. \u0424. \u041a \u0430 \u044f \u043a<\/b>\u00a01963. \u041e \u043a\u0440\u0430\u0435\u0432\u044b\u0445 \u043b\u0435\u0434\u043d\u0438\u043a\u043e\u0432\u044b\u0445 \u043e\u0431\u0440\u0430\u0437\u043e\u0432\u0430\u043d\u0438\u044f\u0445 \u044e\u0433\u043e-\u0432\u043e\u0441\u0442\u043e\u0447\u043d\u043e\u0439 \u044d\u0441\u0442\u043e\u043d\u0438\u0438. \u0422\u0440\u0443\u0434\u044b \u043a\u043e\u043c\u0438\u0441\u0441\u0438\u0438 \u043f\u043e \u0438\u0437\u0443\u0447\u0435\u043d\u0438\u044e \u0447\u0435\u0442\u0432\u0435\u0440\u0442\u0438\u0447\u043d\u043e\u0433\u043e \u043f\u0435\u0440\u0438\u043e\u0434\u0430 XXI.\n<\/p>\n<p>\n\t<b>Kaljo, D.<\/b>\u00a01958. Ka kivistised vajavad looduskaitset.\u00a0<i>Rmt<\/i>: Eluta looduse kaitse, ENSV TA Geoloogia Instituut, Tallinn, 39-46.\n<\/p>\n<p>\n\t<b>Karise, V.<\/b>\u00a01976. P\u00f5hjavee kaitse probleeme Eesti NSV-s.\u00a0<i>Rmt<\/i>: Viiding, H. (toim.) Eesti NSV maap\u00f5ue kaitsest, \u201cValgus\u201d, Tallinn, 42-52.\n<\/p>\n<p>\n\t<b>Karuk\u00e4pp, R.<\/b>\u00a01974. Karula k\u00f5rgustiku reljeefist. EGS-i Aastaraamat 1973.\n<\/p>\n<p>\n\t<b>Karuk\u00e4pp, R. &amp; Kont, A.<\/b>\u00a01974. L\u00f5una-Eesti v\u00e4ikek\u00fcnkliku pinnamoe geomorfoloogilisest anal\u00fc\u00fcsist. EGS-i Aastaraamat 1973.\n<\/p>\n<p>\n\t<b>Kessel, H.<\/b>\u00a01976. L\u00e4\u00e4nemere vanad rannamoodustised loodusm\u00e4lestistena.\u00a0<i>Rmt<\/i>: Viiding, H. (toim.) Eesti NSV maap\u00f5ue kaitsest, \u201cValgus\u201d, Tallinn, 137-147.\n<\/p>\n<p>\n\t<b>Kleesment, A.<\/b>\u00a01997. Devonian sedimentation basin.\u00a0<i>In\u00a0<\/i>Raukas, A. and Teedum\u00e4e, A. (eds). Geology and Mineral Resources of Estonia, p. 205-208.\u00a0<a href=\"http:\/\/sarv.gi.ee\/geology\/\" target=\"_blank\" rel=\"noopener\">Internet<\/a>\n<\/p>\n<p>\n\t<b>Kleesment, A.<\/b>\u00a02002. omap\u00e4rased liivakivitornid Piusa \u00fcrgorus. Tallinn, Eesti Geoloogia Selts, B\u00fcllet\u00e4\u00e4n, 6\/02, 38-43.\n<\/p>\n<p>\n\t<b>Kleesment, A.<\/b>\u00a02003. Koopad Devoni liivakivis \u2013 teke ja areng.\u00a0<i>Rmt<\/i>: Pirrus, E. (toim). Eluta loodusm\u00e4lestiste uurimine ja kaitse, Eesti TA Looduskaitse komisjon, Tartu-Tallinn, 51-63.\n<\/p>\n<p>\n\t<b>Kleesment, A., Nestor, H., Soesoo, A.\u00a0<\/b>2006. Devon Eestis. GEOGuide Baltoscandia, Tallinn, 32 lk.\u00a0<a href=\"http:\/\/www.geoeducation.info\/geoturism\/devon.php\" target=\"_blank\" rel=\"noopener\">Internet<\/a>\n<\/p>\n<p>\n\t<b>Maastik, A.<\/b>\u00a01973. Karstikoobas Kata k\u00fclas. Eesti Loodus, 8, 493-494.\n<\/p>\n<p>\n\t<b>Mark, E.<\/b>\u00a01958. Devoni ajastu liivakivid ja neis esinevad kalaluud.\u00a0<i>Rmt<\/i>: Eluta looduse kaitse, ENSV TA Geoloogia Instituut, Tallinn, 47-55.\n<\/p>\n<p>\n\t<b>Miidel, A.<\/b>\u00a01976. P\u00f5hja-Eesti jugade uurimisest.\u00a0<i>Rmt<\/i>: Viiding, H. (toim.) Eesti NSV maap\u00f5ue kaitsest, \u201cValgus\u201d, Tallinn, 96-107.\n<\/p>\n<p>\n\t<b>Miidel, A. &amp; N\u00f5lvak, J.<\/b>\u00a01998. Nature. Geology.\u00a0<i>In<\/i>: Environmental inpact of the former military Base in the Pakri Peninsula, Estonia. Finnish Environmental Institute, Helsinki, 10-15.\n<\/p>\n<p>\n\t<b>M\u00e4gi, S.<\/b>Keila juga.\u00a0<i>Rmt<\/i>: Puura, V., Kalm, V., Puura, I. (toim.) Eesti geoloogiline ehitus ja maavarad: ekskursioonijuht. Eesti Geoloogia Selts, Tallinn, 77-79.\n<\/p>\n<p>\n\t<b>N\u00f5lvak, J., Hints, O.<\/b>\u00a02000. Loodus: paljandid.\u00a0<i>Rmt<\/i>: Kink, H., Raukas, A. (toim). Loodusm\u00e4lestised 5. Harjumaa. Paldiski, Pakri poolsaar ja saared. Tallinn, TA Kirjastus, 15-16.\u00a0<a href=\"http:\/\/www.gi.ee\/loodusmalestised\/5_Harjumaa_Paldiski-Pakri_ps_ja_saared_2000.pdf\" target=\"_blank\" rel=\"noopener\">Internet<\/a>\n<\/p>\n<p>\n\t<b>Orviku, K.<\/b>\u00a01953. Geoloogiliste objektide looduskaitsest.\u00a0<i>Rmt<\/i>: Eichwald, K., Kumari, E., Orviku, K. (toim.) Looduskaitse k\u00fcsimusi Eesti NSV-s, ENSV TA Zooloogia ja Botaanika Instituut, Eesti Riiklik kirjastus,Tallinn, 26-37.\n<\/p>\n<p>\n\t<b>Orviku, K.<\/b>\u00a01958. Eluta looduse kaitsest.\u00a0<i>Rmt<\/i>: Eluta looduse kaitse, ENSV TA Geoloogia Instituut, Tallinn, 7-21.\n<\/p>\n<p>\n\t<b>Orviku, K.<\/b>\u00a01958. P\u00f5hja-Eesti paekallas.\u00a0<i>Rmt<\/i>: Eluta looduse kaitse, ENSV TA Geoloogia Instituut, Tallinn, 75-81.\n<\/p>\n<p>\n\t<b>Orviku, K.<\/b>\u00a02003. Kes v\u00f5i mis p\u00f5hjustab mererandade muutusi.\u00a0<i>Rmt<\/i>: Pirrus, E. (toim). Eluta loodusm\u00e4lestiste uurimine ja kaitse, Eesti TA Looduskaitse komisjon, Tartu-Tallinn, 39-50.\n<\/p>\n<p>\n\t<b>Paal, J., Ilomets, M., Fremstad, E., Moen, A., B\u00f8rset, E., Kuusemets, V., Truus, L., Leibak, E. (koost)<\/b>\u00a01999. Eesti m\u00e4rgalade inventeerimine 1997. aastal: projekti \u201cEesti m\u00e4rgalade kaitse ja majandamise strateegia\u201d aruanne. Tartu: Eesti Loodusfoto\n<\/p>\n<p>\n\t<b>Paaver, K.<\/b>\u00a01958. Kivistunud ja poolkivistunud luuj\u00e4\u00e4nused p\u00e4lvivad teaduslikku suhtumist. Rmt: Eluta looduse kaitse, ENSV TA Geoloogia Instituut, Tallinn, 56-60.\n<\/p>\n<p>\n\t<b>Palumets, L. &amp; Proosa, H.<\/b>\u00a02003. Virulase karstikoobas Tuhalas.\u00a0<i>Rmt<\/i>: Pirrus, E. (toim). Eluta loodusm\u00e4lestiste uurimine ja kaitse, Eesti TA Looduskaitse komisjon, Tartu-Tallinn, 64-74.\n<\/p>\n<p>\n\t<b>Pirrus, E.<\/b>\u00a02003. Eesti \u00fcrglooduse raamat \u2013 geoloogiliste loodusm\u00e4lestiste \u00fcleriigiline andmebaas.\u00a0<i>Rmt<\/i>: Pirrus, E. (toim). Eluta loodusm\u00e4lestiste uurimine ja kaitse, Eesti TA Looduskaitse komisjon, Tartu-Tallinn, 5-18.\n<\/p>\n<p>\n\t<b>Pirrus, E.<\/b>\u00a02003. Balti klint loodusm\u00e4lestisena.\u00a0<i>Rmt<\/i>: Pirrus, E. (toim). Eluta loodusm\u00e4lestiste uurimine ja kaitse, Eesti TA Looduskaitse komisjon, Tartu-Tallinn, 75-88.\n<\/p>\n<p>\n\t<b>Pirrus, E.<\/b>\u00a02007. Karst Eestis. GEOGuide Baltoscandia, Tallinn, 32 lk.\u00a0<a href=\"http:\/\/www.geoeducation.info\/geoturism\/karst.php\" target=\"_blank\" rel=\"noopener\">Internet<\/a>\n<\/p>\n<p>\n\t<b>Raukas, A., Karhima, A.\u00a0<\/b>2007. Liustike p\u00e4randus L\u00f5una-Soomes ja P\u00f5hja-Eestis. GEOGuide Baltoscandia, Tallinn, 32 lk.\u00a0<a href=\"http:\/\/www.geoeducation.info\/geoturism\/liustikud.php\" target=\"_blank\" rel=\"noopener\">Internet<\/a>\n<\/p>\n<p>\n\t<b>Raukas, A. &amp; R\u00e4hni, E.<\/b>\u00a01976. Eesti Pleistotseeni pinnavormide looduskaitseline revisjon.\u00a0<i>Rmt<\/i>: Viiding, H. (toim.) Eesti NSV maap\u00f5ue kaitsest, \u201cValgus\u201d, Tallinn, 122-136.\n<\/p>\n<p>\n\t<b>R\u00e4hni, E.<\/b>\u00a01958. Vallseljakud vajavad looduskaitset.\u00a0<i>Rmt<\/i>: Eluta looduse kaitse, ENSV TA Geoloogia Instituut, Tallinn, 32-38.\n<\/p>\n<p>\n\t<b>R\u00f5\u00f5musoks, A.<\/b>\u00a01976. Eesti Paleosoikumi stratot\u00fc\u00fcpsete paljandite kaitsest a uuritusest. Rmt: Viiding, H. (toim.) Eesti NSV maap\u00f5ue kaitsest, \u201cValgus\u201d, Tallinn, 108-121.\n<\/p>\n<p>\n\t<b>Soesoo, A. &amp; Miidel, A.<\/b>\u00a02006. P\u00f5hja-Eesti klint. GEOGuide Baltoscandia, Tallinn, 32 lk.\u00a0<a href=\"http:\/\/www.geoeducation.info\/geoturism\/pohja_eesti_klint.php\" target=\"_blank\" rel=\"noopener\">Internet<\/a>\n<\/p>\n<p>\n\t<b>Suuroja, K.<\/b>\u00a02005. P\u00f5hja-Eesti klint. O\u00dc Eesti Geoloogiakeskus, 95-105.\n<\/p>\n<p>\n\t<b>Suuroja, K.<\/b>\u00a02003. Eesti joad. Tallinn, Ilo, 96 lk.\n<\/p>\n<p>\n\t<b>Suuroja, S., Suuroja, K., Kestlane, \u00dc.<\/b>\u00a02003. Neugrund-bret\u0161a \u2013 suurep\u00e4rane juhtkivim.\u00a0<i>Rmt<\/i>: Pirrus, E. (toim). Eluta loodusm\u00e4lestiste uurimine ja kaitse, Eesti TA Looduskaitse komisjon, Tartu-Tallinn, 89-99.\n<\/p>\n<p>\n\t<b>Teedum\u00e4e, A.<\/b>\u00a01976. Eesti karbonaatkivimite ratsionaalse kasutamise skeemis.\u00a0<i>Rmt<\/i>: Viiding, H. (toim.) Eesti NSV maap\u00f5ue kaitsest, \u201cValgus\u201d, Tallinn, 34-41.\n<\/p>\n<p>\n\t<b>Tiirmaa, R., Puura, V., Soesoo, A. &amp; Suuroja, S.<\/b>\u00a02007. Eesti meteoriidikraatrid. GEOGuide Baltoscandia, Tallinn, 32 lk.\u00a0<a href=\"http:\/\/www.geoeducation.info\/geoturism\/meteoriidikraatrid.php\" target=\"_blank\" rel=\"noopener\">Internet<\/a>\n<\/p>\n<p>\n\t<b>Viiding, H.<\/b>\u00a01958. R\u00e4ndrahnude osa loodusm\u00e4lestusm\u00e4rkide hulgas.\u00a0<i>Rmt<\/i>: Eluta looduse kaitse, ENSV TA Geoloogia Instituut, Tallinn, 22-31.\n<\/p>\n<p>\n\t<b>Viiding, H.<\/b>\u00a01976. Andmete kogumisest Eesti suurte r\u00e4ndrahnude kohta.\u00a0<i>Rmt<\/i>: Viiding, H. (toim.) Eesti NSV maap\u00f5ue kaitsest, \u201cValgus\u201d, Tallinn, 148-161.<\/p>\n","protected":false},"excerpt":{"rendered":"<p>Aaloe, A.\u00a01958. Meteoriidid ja meteoriidikraatrid.\u00a0Rmt: Eluta looduse kaitse, ENSV TA Geoloogia Instituut, Tallinn, 61-67. Aaloe, A.\u00a01976. Eesti meteoriidikraatrite kaitsest.\u00a0Rmt: Viiding, H. (toim.) Eesti NSV maap\u00f5ue kaitsest, \u201cValgus\u201d, Tallinn, 162-169. Allikvee, H. &amp; Ilomets, M.\u00a01995. Sood ja nende areng.\u00a0Rmt: Raukas, A. &#8230;<\/p>\n","protected":false},"author":226,"featured_media":0,"parent":0,"menu_order":0,"comment_status":"closed","ping_status":"closed","template":"","meta":{"_acf_changed":false,"inline_featured_image":false,"footnotes":""},"class_list":["post-5","page","type-page","status-publish","hentry"],"acf":[],"_links":{"self":[{"href":"https:\/\/sisu.ut.ee\/vaatamisvaarsused\/wp-json\/wp\/v2\/pages\/5","targetHints":{"allow":["GET"]}}],"collection":[{"href":"https:\/\/sisu.ut.ee\/vaatamisvaarsused\/wp-json\/wp\/v2\/pages"}],"about":[{"href":"https:\/\/sisu.ut.ee\/vaatamisvaarsused\/wp-json\/wp\/v2\/types\/page"}],"author":[{"embeddable":true,"href":"https:\/\/sisu.ut.ee\/vaatamisvaarsused\/wp-json\/wp\/v2\/users\/226"}],"replies":[{"embeddable":true,"href":"https:\/\/sisu.ut.ee\/vaatamisvaarsused\/wp-json\/wp\/v2\/comments?post=5"}],"version-history":[{"count":1,"href":"https:\/\/sisu.ut.ee\/vaatamisvaarsused\/wp-json\/wp\/v2\/pages\/5\/revisions"}],"predecessor-version":[{"id":83,"href":"https:\/\/sisu.ut.ee\/vaatamisvaarsused\/wp-json\/wp\/v2\/pages\/5\/revisions\/83"}],"wp:attachment":[{"href":"https:\/\/sisu.ut.ee\/vaatamisvaarsused\/wp-json\/wp\/v2\/media?parent=5"}],"curies":[{"name":"wp","href":"https:\/\/api.w.org\/{rel}","templated":true}]}}