{"id":4,"date":"2024-04-04T06:15:03","date_gmt":"2024-04-04T03:15:03","guid":{"rendered":"https:\/\/sisu.ut.ee\/vaatamisvaarsused\/tanuavaldused\/"},"modified":"2024-04-04T06:15:12","modified_gmt":"2024-04-04T03:15:12","slug":"tanuavaldused","status":"publish","type":"page","link":"https:\/\/sisu.ut.ee\/vaatamisvaarsused\/tanuavaldused\/","title":{"rendered":"T\u00e4nuavaldused"},"content":{"rendered":"<p style=\"text-align:start\">\n\t<span><span style=\"color:#000000\"><span><span style=\"font-style:normal\"><span><span><span style=\"font-weight:400\"><span style=\"letter-spacing:normal\"><span><span style=\"text-transform:none\"><span><span><span><span style=\"background-color:#ffffff\"><span><span>Kodulehe valmimise eest olen v\u00e4ga t\u00e4nulik kolleegidele\u00a0<b>Juho Kirsile<\/b>\u00a0ja\u00a0<b>Maris Rattasele<\/b>\u00a0(<a href=\"http:\/\/www.ut.ee\/et\/\" style=\"text-decoration:none\" target=\"_blank\" rel=\"noopener\"><font color=\"#000000\">Tartu \u00dclikooli geoloogia osakond<\/font><\/a>) ning\u00a0<b>Mai Seppelile.<\/b>\u00a0T\u00e4nan\u00a0<a href=\"http:\/\/www.nordkalk.ee\/\">AS Nordkalk<\/a>\u00a0m\u00e4et\u00f6\u00f6de eest vastutavat spetsialisti\u00a0<b>Tennobert Haabut<\/b>\u00a0ja kommunikatsioonijuhti\u00a0<b>Natalia Borovkovat,<\/b>\u00a0kes v\u00f5imaldasid meile sissep\u00e4\u00e4su Vasalemma karj\u00e4\u00e4ri.<\/span><\/span><\/span><\/span><\/span><\/span><\/span><\/span><\/span><\/span><\/span><\/span><\/span><\/span><\/span><\/span>\n<\/p>\n<p style=\"text-align:start\">\n\t<span><span style=\"color:#000000\"><span><span style=\"font-style:normal\"><span><span><span style=\"font-weight:400\"><span style=\"letter-spacing:normal\"><span><span style=\"text-transform:none\"><span><span><span><span style=\"background-color:#ffffff\"><span><span>Eriti t\u00e4nan\u00a0<a href=\"http:\/\/www.kik.ee\/et\" style=\"text-decoration:none\" target=\"_blank\" rel=\"noopener\"><font color=\"#000000\">Keskonnainvesteeringute Keskust (KIK),<\/font><\/a>\u00a0kelle vahendite abil viidi l\u00e4bi k\u00f5ik koolitused ja v\u00e4lit\u00f6\u00f6d ning valmis koduleht.<\/span><\/span><\/span><\/span><\/span><\/span><\/span><\/span><\/span><\/span><\/span><\/span><\/span><\/span><\/span><\/span>\n<\/p>\n<p style=\"text-align:start\">\n\t\u00a0\n<\/p>\n<p>\t<img loading=\"lazy\" decoding=\"async\" width=\"520\" height=\"390\" class=\"alignnone wp-image-14\" src=\"https:\/\/sisu.ut.ee\/wp-content\/uploads\/sites\/438\/maris1a.jpg\" title=\"maris1a.jpg\" alt=\"maris\" srcset=\"https:\/\/sisu.ut.ee\/wp-content\/uploads\/sites\/438\/maris1a.jpg 520w, https:\/\/sisu.ut.ee\/wp-content\/uploads\/sites\/438\/maris1a-300x225.jpg 300w\" sizes=\"auto, (max-width: 520px) 100vw, 520px\"><\/p>\n<p>\n\t\tMaris Rattas tutvustab Viru raba arengut\n\t<\/p>\n<p>\n\t\t<img loading=\"lazy\" decoding=\"async\" width=\"520\" height=\"390\" class=\"alignnone wp-image-15\" src=\"https:\/\/sisu.ut.ee\/wp-content\/uploads\/sites\/438\/tennobert1a.jpg\" title=\"tennobert1a.jpg\" alt=\"Tennobert\" srcset=\"https:\/\/sisu.ut.ee\/wp-content\/uploads\/sites\/438\/tennobert1a.jpg 520w, https:\/\/sisu.ut.ee\/wp-content\/uploads\/sites\/438\/tennobert1a-300x225.jpg 300w\" sizes=\"auto, (max-width: 520px) 100vw, 520px\">\n\t<\/p>\n<p>\n\t\tAS Nordkalk vastutav spetsialist Tennobert Haabu\n\t<\/p>\n<p>\n\t\t<img loading=\"lazy\" decoding=\"async\" width=\"520\" height=\"390\" class=\"alignnone wp-image-16\" src=\"https:\/\/sisu.ut.ee\/wp-content\/uploads\/sites\/438\/mai1a.jpg\" title=\"mai1a.jpg\" alt=\"Mai\" srcset=\"https:\/\/sisu.ut.ee\/wp-content\/uploads\/sites\/438\/mai1a.jpg 520w, https:\/\/sisu.ut.ee\/wp-content\/uploads\/sites\/438\/mai1a-300x225.jpg 300w\" sizes=\"auto, (max-width: 520px) 100vw, 520px\">\n\t<\/p>\n<p>\n\t\tMai Seppel filmimas\n\t<\/p>\n","protected":false},"excerpt":{"rendered":"<p>Kodulehe valmimise eest olen v\u00e4ga t\u00e4nulik kolleegidele\u00a0Juho Kirsile\u00a0ja\u00a0Maris Rattasele\u00a0(Tartu \u00dclikooli geoloogia osakond) ning\u00a0Mai Seppelile.\u00a0T\u00e4nan\u00a0AS Nordkalk\u00a0m\u00e4et\u00f6\u00f6de eest vastutavat spetsialisti\u00a0Tennobert Haabut\u00a0ja kommunikatsioonijuhti\u00a0Natalia Borovkovat,\u00a0kes v\u00f5imaldasid meile sissep\u00e4\u00e4su Vasalemma karj\u00e4\u00e4ri. Eriti t\u00e4nan\u00a0Keskonnainvesteeringute Keskust (KIK),\u00a0kelle vahendite abil viidi l\u00e4bi k\u00f5ik koolitused ja v\u00e4lit\u00f6\u00f6d ning valmis &#8230;<\/p>\n","protected":false},"author":226,"featured_media":0,"parent":0,"menu_order":0,"comment_status":"closed","ping_status":"closed","template":"","meta":{"_acf_changed":false,"inline_featured_image":false,"footnotes":""},"class_list":["post-4","page","type-page","status-publish","hentry"],"acf":[],"_links":{"self":[{"href":"https:\/\/sisu.ut.ee\/vaatamisvaarsused\/wp-json\/wp\/v2\/pages\/4","targetHints":{"allow":["GET"]}}],"collection":[{"href":"https:\/\/sisu.ut.ee\/vaatamisvaarsused\/wp-json\/wp\/v2\/pages"}],"about":[{"href":"https:\/\/sisu.ut.ee\/vaatamisvaarsused\/wp-json\/wp\/v2\/types\/page"}],"author":[{"embeddable":true,"href":"https:\/\/sisu.ut.ee\/vaatamisvaarsused\/wp-json\/wp\/v2\/users\/226"}],"replies":[{"embeddable":true,"href":"https:\/\/sisu.ut.ee\/vaatamisvaarsused\/wp-json\/wp\/v2\/comments?post=4"}],"version-history":[{"count":1,"href":"https:\/\/sisu.ut.ee\/vaatamisvaarsused\/wp-json\/wp\/v2\/pages\/4\/revisions"}],"predecessor-version":[{"id":84,"href":"https:\/\/sisu.ut.ee\/vaatamisvaarsused\/wp-json\/wp\/v2\/pages\/4\/revisions\/84"}],"wp:attachment":[{"href":"https:\/\/sisu.ut.ee\/vaatamisvaarsused\/wp-json\/wp\/v2\/media?parent=4"}],"curies":[{"name":"wp","href":"https:\/\/api.w.org\/{rel}","templated":true}]}}