{"id":15,"date":"2024-04-04T08:40:07","date_gmt":"2024-04-04T05:40:07","guid":{"rendered":"https:\/\/sisu.ut.ee\/v66rliikidejakliimamuutustem6ju\/voorliikide-mojude-uuringud\/"},"modified":"2024-04-09T11:21:46","modified_gmt":"2024-04-09T08:21:46","slug":"voorliikide-mojude-uuringud","status":"publish","type":"page","link":"https:\/\/sisu.ut.ee\/v66rliikidejakliimamuutustem6ju\/voorliikide-mojude-uuringud\/","title":{"rendered":"V\u00f5\u00f5rliikide m\u00f5jude uuringud"},"content":{"rendered":"<p>\n\t<strong>Hinnatakse v\u00f5\u00f5rliikide eraldi- ja koosm\u00f5ju eluta ja elusale keskkonnale ning \u00f6kos\u00fcsteemi teenustele<\/strong>\n<\/p>\n<p>\n\tV\u00f5\u00f5rliikide keskkonnam\u00f5ju hinnangu alusmetoodikana rakendatakse projektis osalevate ekspertide koordineerimisel hiljuti publitseeritud k\u00f5rgetasemelist teadust\u00f6\u00f6d (Ojaveer, H.; Kotta, J.; Outinen, O.; Einberg, H.; Zaiko, A.; Lehtiniemi, M. 2021. Meta-analysis on the ecological impacts of widely spread non-indigenous species in the Baltic Sea. STOTEN, 786, 147375), mis rakendab m\u00f5jude defineerimisel absoluutv\u00e4\u00e4rtusel p\u00f5hinevat kvantitatiivset hinnangut. Tegevust laiendatakse v\u00f5\u00f5rliikide toiduahela m\u00f5judelt ka teistele parameetritele (eluta keskkond ja \u00f6kos\u00fcsteemi teenused). Projekt loob k\u00e4esoleva hetke parima teadmistepagasi v\u00f5\u00f5rliikide m\u00f5judest ning nende omavahelistest interaktsioonidest. Samuti on v\u00f5imalik selliste metoodikatega m\u00e4\u00e4ratleda invasiivsemaid v\u00f5\u00f5rliike. Projekti k\u00e4igus luuakse v\u00f5\u00f5rliikide m\u00f5jude hindamise kvantitatiivne raamistik.\u00a0\n<\/p>\n<p>\n\t<br>\u00a0<\/p>\n","protected":false},"excerpt":{"rendered":"<p>Hinnatakse v\u00f5\u00f5rliikide eraldi- ja koosm\u00f5ju eluta ja elusale keskkonnale ning \u00f6kos\u00fcsteemi teenustele V\u00f5\u00f5rliikide keskkonnam\u00f5ju hinnangu alusmetoodikana rakendatakse projektis osalevate ekspertide koordineerimisel hiljuti publitseeritud k\u00f5rgetasemelist teadust\u00f6\u00f6d (Ojaveer, H.; Kotta, J.; Outinen, O.; Einberg, H.; Zaiko, A.; Lehtiniemi, M. 2021. Meta-analysis on &#8230;<\/p>\n","protected":false},"author":314,"featured_media":0,"parent":0,"menu_order":0,"comment_status":"closed","ping_status":"closed","template":"","meta":{"_acf_changed":false,"inline_featured_image":false,"footnotes":""},"class_list":["post-15","page","type-page","status-publish","hentry"],"acf":[],"_links":{"self":[{"href":"https:\/\/sisu.ut.ee\/v66rliikidejakliimamuutustem6ju\/wp-json\/wp\/v2\/pages\/15","targetHints":{"allow":["GET"]}}],"collection":[{"href":"https:\/\/sisu.ut.ee\/v66rliikidejakliimamuutustem6ju\/wp-json\/wp\/v2\/pages"}],"about":[{"href":"https:\/\/sisu.ut.ee\/v66rliikidejakliimamuutustem6ju\/wp-json\/wp\/v2\/types\/page"}],"author":[{"embeddable":true,"href":"https:\/\/sisu.ut.ee\/v66rliikidejakliimamuutustem6ju\/wp-json\/wp\/v2\/users\/314"}],"replies":[{"embeddable":true,"href":"https:\/\/sisu.ut.ee\/v66rliikidejakliimamuutustem6ju\/wp-json\/wp\/v2\/comments?post=15"}],"version-history":[{"count":1,"href":"https:\/\/sisu.ut.ee\/v66rliikidejakliimamuutustem6ju\/wp-json\/wp\/v2\/pages\/15\/revisions"}],"predecessor-version":[{"id":103,"href":"https:\/\/sisu.ut.ee\/v66rliikidejakliimamuutustem6ju\/wp-json\/wp\/v2\/pages\/15\/revisions\/103"}],"wp:attachment":[{"href":"https:\/\/sisu.ut.ee\/v66rliikidejakliimamuutustem6ju\/wp-json\/wp\/v2\/media?parent=15"}],"curies":[{"name":"wp","href":"https:\/\/api.w.org\/{rel}","templated":true}]}}