{"id":10,"date":"2024-04-04T06:39:00","date_gmt":"2024-04-04T03:39:00","guid":{"rendered":"https:\/\/sisu.ut.ee\/tymripraktika\/praktikabaasid-0\/"},"modified":"2024-04-04T06:39:21","modified_gmt":"2024-04-04T03:39:21","slug":"praktikabaasid-0","status":"publish","type":"page","link":"https:\/\/sisu.ut.ee\/tymripraktika\/praktikabaasid-0\/","title":{"rendered":"Praktikabaasid"},"content":{"rendered":"<p>\n\tNimekiri praktikabaasidest, kus meie tudengid on praktikal k\u00e4inud:\u00a0\n<\/p>\n<p>\n\t(nimekiri t\u00e4ieneb pidevalt, praktikabaasi v\u00f5ib leida ka iseseisvalt)\n<\/p>\n<p>\n\t<a data-url=\"https:\/\/www.asperbio.com\/\" href=\"https:\/\/www.asperbio.com\/\" target=\"_blank\" title=\"\" rel=\"noopener\">Asper Biogene O\u00dc<\/a>\n<\/p>\n<p>\n\t<a data-url=\"https:\/\/minu.synlab.ee\/\" href=\"https:\/\/minu.synlab.ee\/\" target=\"_blank\" title=\"\" rel=\"noopener\">synlab Eesti O\u00dc<\/a>\n<\/p>\n<p>\n\t<a data-url=\"https:\/\/www.icosagen.com\/\" href=\"https:\/\/www.icosagen.com\/\" target=\"_blank\" title=\"\" rel=\"noopener\">Icosagen AS<\/a>\n<\/p>\n<p>\n\t<a data-url=\"https:\/\/www.kliinikum.ee\/\" href=\"https:\/\/www.kliinikum.ee\/\" target=\"_blank\" title=\"\" rel=\"noopener\">SA Tartu \u00dclikooli Kliinikum<\/a>\u00a0(\u00fchendlabor, geneetikakeskus)\n<\/p>\n<p>\n\t<a data-url=\"https:\/\/www.ph.ee\/\" href=\"https:\/\/www.ph.ee\/\" target=\"_blank\" title=\"\" rel=\"noopener\">AS\u00a0P\u00e4rnu Haigla<\/a>\u00a0(labor)\n<\/p>\n<p>\n\t<a data-url=\"https:\/\/www.regionaalhaigla.ee\/\" href=\"https:\/\/www.regionaalhaigla.ee\/\" target=\"_blank\" title=\"\" rel=\"noopener\">P\u00f5hja-Eesti Reginaalhaigla SA<\/a>\u00a0(\u00fchendlabor)\n<\/p>\n<p>\n\t<a data-url=\"https:\/\/www.biopark.ee\/\" href=\"https:\/\/www.biopark.ee\/\" target=\"_blank\" title=\"\" rel=\"noopener\">Tartu Biotehnoloogia Park<\/a>\n<\/p>\n<p>\n\t<a data-url=\"https:\/\/www.solisbiodyne.com\/\" href=\"https:\/\/www.solisbiodyne.com\/\" target=\"_blank\" title=\"\" rel=\"noopener\">Solis BioDyne O\u00dc<\/a>\n<\/p>\n<p>\n\t<a data-url=\"https:\/\/orto.ee\/\" href=\"https:\/\/orto.ee\/\" target=\"_blank\" title=\"\" rel=\"noopener\">AS Orto<\/a>\n<\/p>\n<p>\n\t<a data-url=\"https:\/\/www.terviseamet.ee\/et\" href=\"https:\/\/www.terviseamet.ee\/et\" target=\"_blank\" title=\"\" rel=\"noopener\">Terviseamet<\/a>\n<\/p>\n<p>\n\t<a data-url=\"http:\/\/www.thermofisher.lt\/\" href=\"http:\/\/www.thermofisher.lt\/\" target=\"_blank\" title=\"\" rel=\"noopener\">Thermo Fisher Scientific Baltics<\/a>\n<\/p>\n<p>\n\t<a data-url=\"http:\/\/pk.emu.ee\/struktuur\/polli_ak\/\" href=\"http:\/\/pk.emu.ee\/struktuur\/polli_ak\/\" target=\"_blank\" title=\"\" rel=\"noopener\">EM\u00dc P\u00f5llumajandus- ja keskkonnainstituudi Polli Aiandusuuringute Keskus<\/a>\n<\/p>\n<p>\n\t<a data-url=\"https:\/\/www.etki.ee\/\" href=\"https:\/\/www.etki.ee\/\" target=\"_blank\" title=\"\" rel=\"noopener\">Eesti Taimekasvatuse Instituut<\/a>\n<\/p>\n<p>\n\t<a data-url=\"https:\/\/biodiscovery.eu\/\" href=\"https:\/\/biodiscovery.eu\/\" target=\"_blank\" title=\"\" rel=\"noopener\">O\u00dc TBD-Biodiscovery<\/a>\n<\/p>\n<p>\n\t<a data-url=\"http:\/\/www.globalpharma.ee\/contact.html\" href=\"http:\/\/www.globalpharma.ee\/contact.html\" target=\"_blank\" title=\"\" rel=\"noopener\">O\u00dc GPE GlobalPharma<\/a>\n<\/p>\n<p>\n\t<a data-url=\"http:\/\/www.wiru.ee\/\" href=\"http:\/\/www.wiru.ee\/\" target=\"_blank\" title=\"\" rel=\"noopener\">AS Viru \u00d5lu<\/a>\n<\/p>\n<p>\n\t<a data-url=\"https:\/\/www.alecoq.ee\/\" href=\"https:\/\/www.alecoq.ee\/\" target=\"_blank\" title=\"\" rel=\"noopener\">AS A. Le Coq<\/a>\n<\/p>\n<p>\n\t<a data-url=\"https:\/\/quantum.ee\/\" href=\"https:\/\/quantum.ee\/\" target=\"_blank\" title=\"\" rel=\"noopener\">Quantum Eesti AS<\/a>\n<\/p>\n<p>\n\t<a data-url=\"http:\/\/registratuur.ivkh.ee\/et\/\" href=\"http:\/\/registratuur.ivkh.ee\/et\/\" target=\"_blank\" title=\"\" rel=\"noopener\">SA Ida-Viru Keskhaigla<\/a> (labor)\n<\/p>\n<p>\n\t<a data-url=\"https:\/\/www.bioatlas.com\/\" href=\"https:\/\/www.bioatlas.com\/\" target=\"_blank\" title=\"\" rel=\"noopener\">Bioatlas O\u00dc<\/a>\n<\/p>\n<p>\n\t<a data-url=\"https:\/\/biocc.eu\/et\/\" href=\"https:\/\/biocc.eu\/et\/\" target=\"_blank\" title=\"\" rel=\"noopener\">BioCC O\u00dc<\/a>\n<\/p>\n<p>\n\t<a data-url=\"https:\/\/www.ekei.ee\/\" href=\"https:\/\/www.ekei.ee\/\" target=\"_blank\" title=\"\" rel=\"noopener\">Eesti Kohtuekspertiisi Instituut<\/a>\n<\/p>\n<p>\n\t<a data-url=\"https:\/\/www.vetlab.ee\/\" href=\"https:\/\/www.vetlab.ee\/\" target=\"_blank\" title=\"\" rel=\"noopener\">Veterinaar- ja Toidulaboratoorium<\/a>\n<\/p>\n<p>\n\t<a data-url=\"https:\/\/www.bayer.ee\/\" href=\"https:\/\/www.bayer.ee\/\" target=\"_blank\" title=\"\" rel=\"noopener\">Bayer O\u00dc<\/a>\n<\/p>\n<p>\n\t<a data-url=\"https:\/\/www.kevili.ee\/\" href=\"https:\/\/www.kevili.ee\/\" target=\"_blank\" title=\"\" rel=\"noopener\">P\u00f5llumeeste \u00dchistu KEVILI<\/a>\n<\/p>\n<p>\n\t<a data-url=\"https:\/\/www.slu.se\/\" href=\"https:\/\/www.slu.se\/\" target=\"_blank\" title=\"\" rel=\"noopener\">Swedish University of Agricultural Sciences<\/a>\n<\/p>\n<p>\n\t<a data-url=\"https:\/\/www.helsinki.fi\/en\/hilife-institute-of-biotechnology\" href=\"https:\/\/www.helsinki.fi\/en\/hilife-institute-of-biotechnology\" target=\"_blank\" title=\"\" rel=\"noopener\">Helsinki University, Institute of Biotechnology<\/a>\n<\/p>\n<p>\n\t<a data-url=\"https:\/\/ki.se\/\" href=\"https:\/\/ki.se\/\" target=\"_blank\" title=\"\" rel=\"noopener\">Karolinska Institute<\/a>\n<\/p>\n<p>\n\t<a data-url=\"https:\/\/www.lorealparisusa.com\/\" href=\"https:\/\/www.lorealparisusa.com\/\" target=\"_blank\" title=\"\" rel=\"noopener\">L\u2019 Oreal Paris<\/a>\n<\/p>\n<p>\n\t<a data-url=\"https:\/\/vmh.ee\/\" href=\"https:\/\/vmh.ee\/\" target=\"_blank\" title=\"\" rel=\"noopener\">Viljandi Haigla labor<\/a>\n<\/p>\n<p>\n\t<a data-url=\"https:\/\/www.salvest.ee\/\" href=\"https:\/\/www.salvest.ee\/\" target=\"_blank\" title=\"\" rel=\"noopener\">AS Salvest<\/a><\/p>\n","protected":false},"excerpt":{"rendered":"<p>Nimekiri praktikabaasidest, kus meie tudengid on praktikal k\u00e4inud:\u00a0 (nimekiri t\u00e4ieneb pidevalt, praktikabaasi v\u00f5ib leida ka iseseisvalt) Asper Biogene O\u00dc synlab Eesti O\u00dc Icosagen AS SA Tartu \u00dclikooli Kliinikum\u00a0(\u00fchendlabor, geneetikakeskus) AS\u00a0P\u00e4rnu Haigla\u00a0(labor) P\u00f5hja-Eesti Reginaalhaigla SA\u00a0(\u00fchendlabor) Tartu Biotehnoloogia Park Solis BioDyne O\u00dc &#8230;<\/p>\n","protected":false},"author":79,"featured_media":0,"parent":0,"menu_order":0,"comment_status":"closed","ping_status":"closed","template":"","meta":{"_acf_changed":false,"inline_featured_image":false,"footnotes":""},"class_list":["post-10","page","type-page","status-publish","hentry"],"acf":[],"_links":{"self":[{"href":"https:\/\/sisu.ut.ee\/tymripraktika\/wp-json\/wp\/v2\/pages\/10","targetHints":{"allow":["GET"]}}],"collection":[{"href":"https:\/\/sisu.ut.ee\/tymripraktika\/wp-json\/wp\/v2\/pages"}],"about":[{"href":"https:\/\/sisu.ut.ee\/tymripraktika\/wp-json\/wp\/v2\/types\/page"}],"author":[{"embeddable":true,"href":"https:\/\/sisu.ut.ee\/tymripraktika\/wp-json\/wp\/v2\/users\/79"}],"replies":[{"embeddable":true,"href":"https:\/\/sisu.ut.ee\/tymripraktika\/wp-json\/wp\/v2\/comments?post=10"}],"version-history":[{"count":1,"href":"https:\/\/sisu.ut.ee\/tymripraktika\/wp-json\/wp\/v2\/pages\/10\/revisions"}],"predecessor-version":[{"id":36,"href":"https:\/\/sisu.ut.ee\/tymripraktika\/wp-json\/wp\/v2\/pages\/10\/revisions\/36"}],"wp:attachment":[{"href":"https:\/\/sisu.ut.ee\/tymripraktika\/wp-json\/wp\/v2\/media?parent=10"}],"curies":[{"name":"wp","href":"https:\/\/api.w.org\/{rel}","templated":true}]}}