{"id":5,"date":"2024-04-04T03:23:21","date_gmt":"2024-04-04T00:23:21","guid":{"rendered":"https:\/\/sisu.ut.ee\/turunduskommunikatsioon3\/muugitoetus\/"},"modified":"2024-04-27T16:07:32","modified_gmt":"2024-04-27T13:07:32","slug":"muugitoetus","status":"publish","type":"page","link":"https:\/\/sisu.ut.ee\/turunduskommunikatsioon3\/muugitoetus\/","title":{"rendered":"M\u00fc\u00fcgitoetus"},"content":{"rendered":"<div id=\"id2\" class=\"FreeTextIdevice\">\n<div class=\"iDevice emphasis0\">\n<div id=\"ta2_1\" class=\"block\">\n<p><strong>\u00dclevaade<\/strong><\/p>\n<p>M\u00fc\u00fcgitoetus (<em>sales promotion<\/em>) on turunduskommunikatsioonitegevus, mille eesm\u00e4rk on kohe v\u00f5i kiiremini m\u00f5jutada kliente (rohkem) ostma ning edasim\u00fc\u00fcjaid (rohkem) m\u00fc\u00fcma. Kusjuures peamine eesm\u00e4rk ei ole mitte niiv\u00f5rd kogu tarbimismahu suurendamine, vaid ostmise ajastamine (Kuusik et al. 2010).<\/p>\n<p>M\u00fc\u00fcgitoetuse puhul v\u00f5ib eristada l\u00f5pptarbijale suunatud ja partneritele\/jaotusv\u00f5rkudele suunatud m\u00fc\u00fcgiedendust.<\/p>\n<p><strong>Rakendusv\u00f5imalused<\/strong><\/p>\n<p>M\u00fc\u00fcgitoetuse vormid:<\/p>\n<ul>\n<li>l\u00f5pptarbijale suunatud (ostuk\u00e4itumise aktiveerimine);<\/li>\n<li>POS (<em>point of sale<\/em>) ehk m\u00fc\u00fcgikoha v\u00e4ljapanekud (tootealused, kampaaniasildid, maskotid, infolehed jne);<\/li>\n<li>m\u00fc\u00fcgikeskkonna (kaubanduspinnad, kontoripinnad) turunduslahendused (nt kaubanduskeskuse reklaamiv\u00f5imalused alates logoga kassaalusest kuni keskuse sisetelevisioonini);<\/li>\n<li>degusteerimised, tooten\u00e4idised, kingitused, preemiatooted, sooduspakendid (2 = 1 jm);<\/li>\n<li>allahindlused ja soodusm\u00fc\u00fcgid, m\u00fc\u00fcgitagastused;<\/li>\n<li>tarbijam\u00e4ngud\/v\u00f5istlused, (soodus)kupongid;<\/li>\n<li>lojaalsusprogrammid, kliendikaardid;<\/li>\n<li>edasim\u00fc\u00fcjatele suunatud (k\u00e4ttesaadavuse ja jaotusv\u00f5rgustiku parendamine): hinnakokkulepped, preemiad toote lattuv\u00f5tmisel, tootepaigutuste preemiad, m\u00fc\u00fcgimeeskondade motiveerimine ja m\u00fc\u00fcgiv\u00f5istlused, preemiad m\u00fc\u00fcgitulemuste\/kampaaniate pealt, koolitused.<\/li>\n<\/ul>\n<p>M\u00fc\u00fcgitoetuse eelised:<\/p>\n<ul>\n<li>ostuk\u00e4itumise aktiveerimine, nt motiveerib esimest ostu;<\/li>\n<li>t\u00e4helepanu t\u00f5mbamine: aitab toodet ja\/v\u00f5i reklaami paremini eristada konkurentsisituatsioonis ja \u00fcldisest meediam\u00fcrast;<\/li>\n<li>lisav\u00e4\u00e4rtus tarbijale;<\/li>\n<li>kohene ostuk\u00e4itumise aktiveerimine, mille tulemused on h\u00e4sti m\u00f5\u00f5detavad;<\/li>\n<li>v\u00f5imalus m\u00f5jutada nii tarbijaid kui ka vahendajaid.<\/li>\n<\/ul>\n<p>M\u00fc\u00fcgitoetuse puudused Kuusiku jt (2010) j\u00e4rgi:<\/p>\n<ul>\n<li>l\u00fchiajaline erikampaania v\u00f5ib kahjustada br\u00e4ndi tarbijav\u00e4\u00e4rtust (<em>brand equity<\/em>);<\/li>\n<li>sagedased (eri)kampaaniad v\u00e4hendavad tarbija soovi toodet kampaaniav\u00e4lisel ajal ilma lisav\u00e4\u00e4rtuse v\u00f5i allahindluseta osta;<\/li>\n<li>kampaania tulemused on l\u00fchiajalised.<\/li>\n<\/ul>\n<\/div>\n<\/div>\n<\/div>\n<div id=\"id3\" class=\"valem-q\">\n<div class=\"iDevice emphasis1\"><img decoding=\"async\" class=\"iDevice_icon\" src=\"https:\/\/sisu.ut.ee\/wp-content\/uploads\/sites\/216\/icon_preknowledge.gif\" alt=\"iDevice ikoon\">\u00a0<span class=\"valem-t\">N\u00c4IDE<\/span>\n<div class=\"iDevice_inner\">\n<div id=\"ta3_24_2\" class=\"block\">\n<p><strong>M\u00fc\u00fcgikeskkonna reklaamlahendused<\/strong><\/p>\n<p>Tootereklaam m\u00fc\u00fcgikohas on \u00fcks efektiivsemaid viise aktiveerida kohest ostuk\u00e4itumist, sh impulssoste. T\u00e4helepanu p\u00fc\u00fcdvad reklaamid nt kaubanduskeskustes ja n-\u00f6 t\u00e4pselt tarbija kaubateel on hea v\u00f5imalus kallutada ostuotsus just reklaamitud toote kasuks.<\/p>\n<p><img loading=\"lazy\" decoding=\"async\" src=\"https:\/\/sisu.ut.ee\/wp-content\/uploads\/sites\/216\/muugitoetus_1.png\" width=\"400\" height=\"299\"><\/p>\n<p><em>Foto: MWorks.<\/em><\/p>\n<p>Reklaam ostuk\u00e4rul hoiab reklaams\u00f5numi aktiivsena kogu kauplusek\u00fclastuse jooksul:<\/p>\n<p><img loading=\"lazy\" decoding=\"async\" src=\"https:\/\/sisu.ut.ee\/wp-content\/uploads\/sites\/216\/muugitoetus_2.png\" width=\"400\" height=\"300\"><\/p>\n<p><em>Foto: MWorks.<\/em><\/p>\n<\/div>\n<\/div>\n<\/div>\n<\/div>\n<div id=\"id4\" class=\"valem-q\">\n<div class=\"iDevice emphasis1\"><img decoding=\"async\" class=\"iDevice_icon\" src=\"https:\/\/sisu.ut.ee\/wp-content\/uploads\/sites\/216\/icon_objectives.gif\" alt=\"iDevice ikoon\">\u00a0<span class=\"valem-t\">VASTA K\u00dcSIMUSTELE!<\/span>\n<div class=\"iDevice_inner\">\n<div id=\"ta4_25_2\" class=\"block\">\n<ul>\n<li>Mis on muugitoetuse peamine eesm\u00e4rk?<\/li>\n<li>Loetlege erinevaid muugitoetuse v\u00f5tteid.<\/li>\n<\/ul>\n<\/div>\n<\/div>\n<\/div>\n<\/div>\n","protected":false},"excerpt":{"rendered":"<p>\u00dclevaade M\u00fc\u00fcgitoetus (sales promotion) on turunduskommunikatsioonitegevus, mille eesm\u00e4rk on kohe v\u00f5i kiiremini m\u00f5jutada kliente (rohkem) ostma ning edasim\u00fc\u00fcjaid (rohkem) m\u00fc\u00fcma. Kusjuures peamine eesm\u00e4rk ei ole mitte niiv\u00f5rd kogu tarbimismahu suurendamine, vaid ostmise ajastamine (Kuusik et al. 2010). M\u00fc\u00fcgitoetuse puhul v\u00f5ib &#8230;<\/p>\n","protected":false},"author":13,"featured_media":0,"parent":0,"menu_order":0,"comment_status":"closed","ping_status":"closed","template":"","meta":{"_acf_changed":false,"inline_featured_image":false,"footnotes":""},"class_list":["post-5","page","type-page","status-publish","hentry"],"acf":[],"_links":{"self":[{"href":"https:\/\/sisu.ut.ee\/turunduskommunikatsioon3\/wp-json\/wp\/v2\/pages\/5","targetHints":{"allow":["GET"]}}],"collection":[{"href":"https:\/\/sisu.ut.ee\/turunduskommunikatsioon3\/wp-json\/wp\/v2\/pages"}],"about":[{"href":"https:\/\/sisu.ut.ee\/turunduskommunikatsioon3\/wp-json\/wp\/v2\/types\/page"}],"author":[{"embeddable":true,"href":"https:\/\/sisu.ut.ee\/turunduskommunikatsioon3\/wp-json\/wp\/v2\/users\/13"}],"replies":[{"embeddable":true,"href":"https:\/\/sisu.ut.ee\/turunduskommunikatsioon3\/wp-json\/wp\/v2\/comments?post=5"}],"version-history":[{"count":2,"href":"https:\/\/sisu.ut.ee\/turunduskommunikatsioon3\/wp-json\/wp\/v2\/pages\/5\/revisions"}],"predecessor-version":[{"id":55,"href":"https:\/\/sisu.ut.ee\/turunduskommunikatsioon3\/wp-json\/wp\/v2\/pages\/5\/revisions\/55"}],"wp:attachment":[{"href":"https:\/\/sisu.ut.ee\/turunduskommunikatsioon3\/wp-json\/wp\/v2\/media?parent=5"}],"curies":[{"name":"wp","href":"https:\/\/api.w.org\/{rel}","templated":true}]}}