{"id":3,"date":"2024-04-04T03:23:15","date_gmt":"2024-04-04T00:23:15","guid":{"rendered":"https:\/\/sisu.ut.ee\/turunduskommunikatsioon2\/avaleht\/"},"modified":"2024-04-04T03:23:20","modified_gmt":"2024-04-04T00:23:20","slug":"avaleht","status":"publish","type":"page","link":"https:\/\/sisu.ut.ee\/turunduskommunikatsioon2\/","title":{"rendered":"Avaleht"},"content":{"rendered":"<p align=\"center\"><span style=\"color: #0d6992;font-size: x-large\" data-mce-mark=\"1\">Veebip\u00f5hised turunduskommunikatsioonikanalid<\/span><\/p>\n<p style=\"text-align: center\">\u00a0<strong>Autor: Peeter Kruusvall, MA (kommunikatsioonijuhtimine)<br><\/strong><strong>Juhendaja: professor Triin Vihalemm (kommunikatsiooniuuringud)<\/strong><\/p>\n<p>\u00a0K\u00e4esolev iseseisva lugemise materjal kuulub aine \u201eTurunduskommunikatsioon ja tarbijak\u00e4itumine\u201d programmi. Selle l\u00e4bit\u00f6\u00f6tanud \u00fcli\u00f5pilane:<\/p>\n<ul>\n<li>oskab eristada veebip\u00f5hiseid turunduskommunikatsioonikanaleid;<\/li>\n<li>tunneb veebip\u00f5histe turunduskommunikatsioonikanalite kasutusv\u00f5imalusi ning<\/li>\n<li>oskab neid loovalt rakendada.<\/li>\n<\/ul>\n<p>Iseseisva lugemise materjal annab \u00fclevaate veebip\u00f5histest turunduskommunikatsioonikanalitest ning nende integreerimise ja rakendusv\u00f5imalustest n\u00fc\u00fcdisaegse turunduskommunikatsiooni kontekstis.<\/p>\n<p>Iga alateema juurde on lisatud ka materjali omandamist h\u00f5lbustavad ja selgitavad n\u00e4ited ning kordamisk\u00fcsimused. Materjali l\u00f5ppu on lisatud valikvastustega kordamisk\u00fcsimused omandatud teadmiste kontrolliks.<\/p>\n<p>Kuna Tartu \u00dclikoolis on kaitstud ka mitu p\u00f5hjalikku e-turunduse erinevaid tahke k\u00e4sitlevat magistrit\u00f6\u00f6d Tammert 2010 (<a href=\"http:\/\/hdl.handle.net\/10062\/15366\" target=\"_blank\" rel=\"noopener\">http:\/\/hdl.handle.net\/10062\/15366<\/a>) ja Matvere 2011, on kasutusmugavuse huvides k\u00e4esolevas materjalis kasutatud ka pikemaid tsitaate nendest t\u00f6\u00f6dest.<\/p>\n<p>Saamaks tervikpilti integreeritud turunduskommunikatsioonist erinevate turunduskommunikatsioonikanalite ja v\u00f5tete ristkasutuse kaudu, on soovituslik lisaks tutvuda ka j\u00e4rgmiste \u00f5piobjektidega:<\/p>\n<ul>\n<li>integreeritud turunduskommunikatsioon; traditsioonilised turunduskommunikatsioonikanalid\u00a0<br><a href=\"https:\/\/sisu.ut.ee\/turunduskommunikatsioon1\" target=\"_blank\" rel=\"noopener\">https:\/\/sisu.ut.ee\/turunduskommunikatsioon1<\/a>;<\/li>\n<li>kanali\u00fclesed turunduskommunikatsiooniv\u00f5tted,\u00a0<br><a href=\"https:\/\/sisu.ut.ee\/turunduskommunikatsioon3\" target=\"_blank\" rel=\"noopener\">https:\/\/sisu.ut.ee\/turunduskommunikatsioon3<\/a>;<\/li>\n<li>turunduskommunikatsioonikanalite ja v\u00f5tete omavaheline integreerimine; m-turundus; regulatsioon ja eetika turunduskommunikatsioonis \u00a0<br><a href=\"https:\/\/sisu.ut.ee\/turunduskommunikatsioon4\" target=\"_blank\" rel=\"noopener\">https:\/\/sisu.ut.ee\/turunduskommunikatsioon4<\/a>.<\/li>\n<\/ul>\n<p><strong>Sihtr\u00fchm:<\/strong>\u00a0ajakirjanduse ja kommunikatsiooni bakalaureusekava ning kommunikatsioonijuhtimise magistrikava \u00fcli\u00f5pilased.<\/p>\n<p><strong>M\u00e4rks\u00f5nad:<\/strong>\u00a0turunduskommunikatsioon\u00a0<em>online<\/em>-kanalites, koduleht ja kampaanialeht, uudiskiri ja e-post, blogi, foorum, mikroblogi, sotsiaalvorgustikud, fotode ja videote jagamise keskkonnad, ribareklaamid (b\u00e4nnerid), otsimootoriturundus (<em>search engine marketing<\/em>\u00a0e SEM ) ja otsimootorite optimeerimine (<em>search engine optimization<\/em>\u00a0e SEO).<\/p>\n","protected":false},"excerpt":{"rendered":"<p>Veebip\u00f5hised turunduskommunikatsioonikanalid \u00a0Autor: Peeter Kruusvall, MA (kommunikatsioonijuhtimine)Juhendaja: professor Triin Vihalemm (kommunikatsiooniuuringud) \u00a0K\u00e4esolev iseseisva lugemise materjal kuulub aine \u201eTurunduskommunikatsioon ja tarbijak\u00e4itumine\u201d programmi. Selle l\u00e4bit\u00f6\u00f6tanud \u00fcli\u00f5pilane: oskab eristada veebip\u00f5hiseid turunduskommunikatsioonikanaleid; tunneb veebip\u00f5histe turunduskommunikatsioonikanalite kasutusv\u00f5imalusi ning oskab neid loovalt rakendada. Iseseisva lugemise materjal &#8230;<\/p>\n","protected":false},"author":13,"featured_media":0,"parent":0,"menu_order":0,"comment_status":"closed","ping_status":"closed","template":"","meta":{"_acf_changed":false,"inline_featured_image":false,"footnotes":""},"class_list":["post-3","page","type-page","status-publish","hentry"],"acf":[],"_links":{"self":[{"href":"https:\/\/sisu.ut.ee\/turunduskommunikatsioon2\/wp-json\/wp\/v2\/pages\/3","targetHints":{"allow":["GET"]}}],"collection":[{"href":"https:\/\/sisu.ut.ee\/turunduskommunikatsioon2\/wp-json\/wp\/v2\/pages"}],"about":[{"href":"https:\/\/sisu.ut.ee\/turunduskommunikatsioon2\/wp-json\/wp\/v2\/types\/page"}],"author":[{"embeddable":true,"href":"https:\/\/sisu.ut.ee\/turunduskommunikatsioon2\/wp-json\/wp\/v2\/users\/13"}],"replies":[{"embeddable":true,"href":"https:\/\/sisu.ut.ee\/turunduskommunikatsioon2\/wp-json\/wp\/v2\/comments?post=3"}],"version-history":[{"count":1,"href":"https:\/\/sisu.ut.ee\/turunduskommunikatsioon2\/wp-json\/wp\/v2\/pages\/3\/revisions"}],"predecessor-version":[{"id":32,"href":"https:\/\/sisu.ut.ee\/turunduskommunikatsioon2\/wp-json\/wp\/v2\/pages\/3\/revisions\/32"}],"wp:attachment":[{"href":"https:\/\/sisu.ut.ee\/turunduskommunikatsioon2\/wp-json\/wp\/v2\/media?parent=3"}],"curies":[{"name":"wp","href":"https:\/\/api.w.org\/{rel}","templated":true}]}}