{"id":16,"date":"2024-04-04T03:22:59","date_gmt":"2024-04-04T00:22:59","guid":{"rendered":"https:\/\/sisu.ut.ee\/turunduskommunikatsioon1\/pakendamine\/"},"modified":"2024-04-04T03:23:03","modified_gmt":"2024-04-04T00:23:03","slug":"pakendamine","status":"publish","type":"page","link":"https:\/\/sisu.ut.ee\/turunduskommunikatsioon1\/pakendamine\/","title":{"rendered":"Pakendamine"},"content":{"rendered":"<div id=\"id42\" class=\"FreeTextIdevice\">\n<div class=\"iDevice emphasis0\">\n<div id=\"ta42_1\" class=\"block\">\n<p><strong>\u00dclevaade<\/strong><\/p>\n<p>Ka toode ise saab olla turunduss\u00f5numi kandja ja passiivne turundaja. Toote pakend on vahel ainus ja viimane v\u00f5imalus tarbijaga suhelda ning ostuotsust m\u00f5jutada, ka siis, kui \u00fclej\u00e4\u00e4nud turunduskommunikatsioon on nt meediam\u00fcras tarbija jaoks kaotsi l\u00e4inud. Pakendamise protsess on mitmes m\u00f5ttes v\u00e4ga sarnane teiste kommunikatsioonivormidega ning pakendidisaineritel on kasutada kuus kommunikatiivset elementi: vorm, suurus, v\u00e4rv, graafika, materjalid ja l\u00f5hn (Smith 2011).<\/p>\n<p><strong>Rakendusv\u00f5imalused<\/strong><\/p>\n<p>Pakendi peamised kommunikatsioonifunktsioonid on j\u00e4rgmised (Smithi (2011) p\u00f5hjal):<\/p>\n<ul>\n<li>t\u00e4helepanu p\u00fc\u00fcdmine m\u00fc\u00fcgikohas, eristumine;<\/li>\n<li>tarbija ahvatlemine toodet ostma, lubades, et sisu on t\u00e4pselt selline nagu reklaamitud;<\/li>\n<li>br\u00e4ndiseose tugevdamine;<\/li>\n<li>tarbijalojaalsuse loomine kasutusmugavuse ja juhendamise kaudu, et saada parim tootekogemus;<\/li>\n<li>tarbijate informeerimine toote kohta ning soovituste, hoiatuste jm kasutusjuhendite andmine.<\/li>\n<\/ul>\n<\/div>\n<\/div>\n<\/div>\n<div id=\"id43\" class=\"preknowledgeIdevice\">\n<div class=\"valem-q\"><img loading=\"lazy\" decoding=\"async\" width=\"48\" height=\"48\" class=\"alignnone wp-image-21\" src=\"https:\/\/sisu.ut.ee\/wp-content\/uploads\/sites\/212\/icon_preknowledge.gif\" title=\"icon_preknowledge.gif\" alt=\"icon_preknowledge.gif\">\u00a0<span class=\"valem-t\">N\u00c4IDE<\/span>\n<div class=\"iDevice_inner\">\n<p id=\"ta43_64_2\" class=\"block\">\u00dcks suurep\u00e4raseid n\u00e4iteid on Apple\u2019i helendav \u00f5unakujutis s\u00fclearvuti kaanel. Lektori ettekande ajal paistab Apple\u2019i hele logo tervele auditooriumile, \u00f5htul \u00f6\u00f6klubis helendab sama logo h\u00e4maras DJ s\u00fclearvuti kaanel. Toimub pidev passiivne turunduskommunikatsioon. Millise teise s\u00fclearvuti kaant olete juhtunud h\u00e4maras konverentsisaalis v\u00f5i \u00f6ises klubis t\u00e4hele panema?<\/p>\n<\/div>\n<\/div>\n<\/div>\n<div id=\"id44\" class=\"objectivesIdevice\">\n<div class=\"valem-q\"><img loading=\"lazy\" decoding=\"async\" width=\"48\" height=\"48\" class=\"alignnone wp-image-22\" src=\"https:\/\/sisu.ut.ee\/wp-content\/uploads\/sites\/212\/icon_objectives.gif\" title=\"icon_objectives.gif\" alt=\"icon_objectives.gif\">\u00a0<span class=\"valem-t\">VASTA K\u00dcSIMUSTELE!<\/span>\n<div class=\"iDevice_inner\">\n<div id=\"ta44_65_2\" class=\"block\">\n<ul>\n<li>Nimetage v\u00e4hemalt kolm pakendikommunikatsiooni eesm\u00e4rki.<\/li>\n<li>Tooge m\u00f5ni n\u00e4ide, kui toote ostuimpulsiks on olnud toote pakend. Miks?<\/li>\n<\/ul>\n<\/div>\n<\/div>\n<\/div>\n<\/div>\n","protected":false},"excerpt":{"rendered":"<p>\u00dclevaade Ka toode ise saab olla turunduss\u00f5numi kandja ja passiivne turundaja. Toote pakend on vahel ainus ja viimane v\u00f5imalus tarbijaga suhelda ning ostuotsust m\u00f5jutada, ka siis, kui \u00fclej\u00e4\u00e4nud turunduskommunikatsioon on nt meediam\u00fcras tarbija jaoks kaotsi l\u00e4inud. Pakendamise protsess on mitmes &#8230;<\/p>\n","protected":false},"author":13,"featured_media":0,"parent":0,"menu_order":0,"comment_status":"closed","ping_status":"closed","template":"","meta":{"_acf_changed":false,"inline_featured_image":false,"footnotes":""},"class_list":["post-16","page","type-page","status-publish","hentry"],"acf":[],"_links":{"self":[{"href":"https:\/\/sisu.ut.ee\/turunduskommunikatsioon1\/wp-json\/wp\/v2\/pages\/16","targetHints":{"allow":["GET"]}}],"collection":[{"href":"https:\/\/sisu.ut.ee\/turunduskommunikatsioon1\/wp-json\/wp\/v2\/pages"}],"about":[{"href":"https:\/\/sisu.ut.ee\/turunduskommunikatsioon1\/wp-json\/wp\/v2\/types\/page"}],"author":[{"embeddable":true,"href":"https:\/\/sisu.ut.ee\/turunduskommunikatsioon1\/wp-json\/wp\/v2\/users\/13"}],"replies":[{"embeddable":true,"href":"https:\/\/sisu.ut.ee\/turunduskommunikatsioon1\/wp-json\/wp\/v2\/comments?post=16"}],"version-history":[{"count":1,"href":"https:\/\/sisu.ut.ee\/turunduskommunikatsioon1\/wp-json\/wp\/v2\/pages\/16\/revisions"}],"predecessor-version":[{"id":59,"href":"https:\/\/sisu.ut.ee\/turunduskommunikatsioon1\/wp-json\/wp\/v2\/pages\/16\/revisions\/59"}],"wp:attachment":[{"href":"https:\/\/sisu.ut.ee\/turunduskommunikatsioon1\/wp-json\/wp\/v2\/media?parent=16"}],"curies":[{"name":"wp","href":"https:\/\/api.w.org\/{rel}","templated":true}]}}