{"id":9,"date":"2024-04-04T00:42:10","date_gmt":"2024-04-03T21:42:10","guid":{"rendered":"https:\/\/sisu.ut.ee\/toitumine\/2-toitumise-analuus-enesepiiratud-toitumine-erinevad-dieedid-ja-nende-toenduspohisus\/"},"modified":"2024-04-04T00:42:19","modified_gmt":"2024-04-03T21:42:19","slug":"2-toitumise-analuus-enesepiiratud-toitumine-erinevad-dieedid-ja-nende-toenduspohisus","status":"publish","type":"page","link":"https:\/\/sisu.ut.ee\/toitumine\/2-toitumise-analuus-enesepiiratud-toitumine-erinevad-dieedid-ja-nende-toenduspohisus\/","title":{"rendered":"4. Toitumise anal\u00fc\u00fcs. Enesepiiratud toitumine, erinevad dieedid ja nende t\u00f5endusp\u00f5hisus (ARTK.TK.017)"},"content":{"rendered":"<p>\n\t<strong>Toimumise aeg:<\/strong>\u00a027.08.\u201315.12.2019\n<\/p>\n<p>\n\t<strong>\u00d5ppej\u00f5ud:<\/strong> Kristel Ehala-Aleksejev, Mihkel Zilmer, Tagli Pitsi, Vahur \u00d6\u00f6pik, Mai Maser\n<\/p>\n<p>\n\t<strong>Sihtgrupp:<\/strong> k\u00f5ik tervishoiut\u00f6\u00f6tajad, kes tegelevad toitumisalase n\u00f5ustamisega\n<\/p>\n<p>\n\t<strong>Kursuse maht: <\/strong>45 t\u00e4ienduspunkti\n<\/p>\n<p>\n\t<strong>Kursuse hind:<\/strong> 190 eurot\n<\/p>\n<p>\n\tKursusel k\u00e4sitletakse j\u00e4rgmisi teemasid:\n<\/p>\n<ul>\n<li>\n\t\ttoitumise anal\u00fc\u00fcs toitumisprogrammi NutriData abil, men\u00fc\u00fc koostamine;\n\t<\/li>\n<li>\n\t\ttervislikud ja p\u00f5hjendatud kehakaalu langetamise ja t\u00f5stmise viisid;\n\t<\/li>\n<li>\n\t\ttoiudlisandid ja nende kasutamine;\n\t<\/li>\n<li>\n\t\terinevad enesepiiratud toitumise vormid ja dieedid.\u00a0\n\t<\/li>\n<\/ul>\n<p>\n\t<strong>Registreerumine:\u00a0<\/strong>l\u00f5ppenud\n<\/p>\n<p>\n\t<strong>E-kursus:<\/strong>\u00a0<a href=\"https:\/\/moodle.ut.ee\/course\/view.php?id=3320\" target=\"_blank\" rel=\"noopener\">https:\/\/moodle.ut.ee\/course\/view.php?id=3320<\/a><\/p>\n","protected":false},"excerpt":{"rendered":"<p>Toimumise aeg:\u00a027.08.\u201315.12.2019 \u00d5ppej\u00f5ud: Kristel Ehala-Aleksejev, Mihkel Zilmer, Tagli Pitsi, Vahur \u00d6\u00f6pik, Mai Maser Sihtgrupp: k\u00f5ik tervishoiut\u00f6\u00f6tajad, kes tegelevad toitumisalase n\u00f5ustamisega Kursuse maht: 45 t\u00e4ienduspunkti Kursuse hind: 190 eurot Kursusel k\u00e4sitletakse j\u00e4rgmisi teemasid: toitumise anal\u00fc\u00fcs toitumisprogrammi NutriData abil, men\u00fc\u00fc koostamine; tervislikud &#8230;<\/p>\n","protected":false},"author":62,"featured_media":0,"parent":0,"menu_order":0,"comment_status":"closed","ping_status":"closed","template":"","meta":{"_acf_changed":false,"inline_featured_image":false,"footnotes":""},"class_list":["post-9","page","type-page","status-publish","hentry"],"acf":[],"_links":{"self":[{"href":"https:\/\/sisu.ut.ee\/toitumine\/wp-json\/wp\/v2\/pages\/9","targetHints":{"allow":["GET"]}}],"collection":[{"href":"https:\/\/sisu.ut.ee\/toitumine\/wp-json\/wp\/v2\/pages"}],"about":[{"href":"https:\/\/sisu.ut.ee\/toitumine\/wp-json\/wp\/v2\/types\/page"}],"author":[{"embeddable":true,"href":"https:\/\/sisu.ut.ee\/toitumine\/wp-json\/wp\/v2\/users\/62"}],"replies":[{"embeddable":true,"href":"https:\/\/sisu.ut.ee\/toitumine\/wp-json\/wp\/v2\/comments?post=9"}],"version-history":[{"count":1,"href":"https:\/\/sisu.ut.ee\/toitumine\/wp-json\/wp\/v2\/pages\/9\/revisions"}],"predecessor-version":[{"id":42,"href":"https:\/\/sisu.ut.ee\/toitumine\/wp-json\/wp\/v2\/pages\/9\/revisions\/42"}],"wp:attachment":[{"href":"https:\/\/sisu.ut.ee\/toitumine\/wp-json\/wp\/v2\/media?parent=9"}],"curies":[{"name":"wp","href":"https:\/\/api.w.org\/{rel}","templated":true}]}}