{"id":10,"date":"2024-04-04T00:42:10","date_gmt":"2024-04-03T21:42:10","guid":{"rendered":"https:\/\/sisu.ut.ee\/toitumine\/3-toitumise-seos-haigustega-ja-toitumisalased-ravijuhendid-osa-ii\/"},"modified":"2024-04-04T00:42:19","modified_gmt":"2024-04-03T21:42:19","slug":"3-toitumise-seos-haigustega-ja-toitumisalased-ravijuhendid-osa-ii","status":"publish","type":"page","link":"https:\/\/sisu.ut.ee\/toitumine\/3-toitumise-seos-haigustega-ja-toitumisalased-ravijuhendid-osa-ii\/","title":{"rendered":"5. Toitumise seos haigustega ja toitumisalased ravijuhendid (osa II) (ARTK.TK.020)"},"content":{"rendered":"<p><strong>Toimumise aeg:<\/strong>\u00a0<span>10.09.\u201315.12.2019<\/span><\/p>\n<p><strong>\u00d5ppej\u00f5ud:<\/strong> Kristel Ehala-Aleksejev, Mihkel Zilmer,\u00a0Hanna-Liis Lepp, Kadri Suija, Le Vallikivi, Ruth Kalda, Marje Oona<\/p>\n<p><strong>Sihtgrupp:<\/strong> k\u00f5ik tervishoiut\u00f6\u00f6tajad, kes tegelevad toitumisalase n\u00f5ustamisega<\/p>\n<p><strong>Kursuse maht: <\/strong>35 t\u00e4ienduspunkti<\/p>\n<p><strong>Kursuse hind:<\/strong> 190 eurot<\/p>\n<p>Kursusel k\u00e4sitletakse j\u00e4rgmiste haiguste ja seisundite puhust toitumist:<\/p>\n<ul>\n<li>v\u00e4hkt\u00f5bi;<\/li>\n<li>aneemia;<\/li>\n<li>neeruhaigused;<\/li>\n<li>podagra;<\/li>\n<li>osteoproos;<\/li>\n<li>toiduallergia;<\/li>\n<li>maksa- ja k\u00f5hun\u00e4\u00e4rme haigused;<\/li>\n<li>laktoositalumatus jt toidutalumatused.<\/li>\n<\/ul>\n<p><strong>Registreerumine:<\/strong>\u00a0 l\u00f5ppenud<\/p>\n<p><strong>E-kursus:<\/strong>\u00a0<a href=\"https:\/\/moodle.ut.ee\/course\/view.php?id=3703\" target=\"_blank\" rel=\"noopener\">https:\/\/moodle.ut.ee\/course\/view.php?id=3703<\/a><\/p>\n","protected":false},"excerpt":{"rendered":"<p>Toimumise aeg:\u00a010.09.\u201315.12.2019 \u00d5ppej\u00f5ud: Kristel Ehala-Aleksejev, Mihkel Zilmer,\u00a0Hanna-Liis Lepp, Kadri Suija, Le Vallikivi, Ruth Kalda, Marje Oona Sihtgrupp: k\u00f5ik tervishoiut\u00f6\u00f6tajad, kes tegelevad toitumisalase n\u00f5ustamisega Kursuse maht: 35 t\u00e4ienduspunkti Kursuse hind: 190 eurot Kursusel k\u00e4sitletakse j\u00e4rgmiste haiguste ja seisundite puhust toitumist: v\u00e4hkt\u00f5bi; &#8230;<\/p>\n","protected":false},"author":62,"featured_media":0,"parent":0,"menu_order":0,"comment_status":"closed","ping_status":"closed","template":"","meta":{"_acf_changed":false,"inline_featured_image":false,"footnotes":""},"class_list":["post-10","page","type-page","status-publish","hentry"],"acf":[],"_links":{"self":[{"href":"https:\/\/sisu.ut.ee\/toitumine\/wp-json\/wp\/v2\/pages\/10","targetHints":{"allow":["GET"]}}],"collection":[{"href":"https:\/\/sisu.ut.ee\/toitumine\/wp-json\/wp\/v2\/pages"}],"about":[{"href":"https:\/\/sisu.ut.ee\/toitumine\/wp-json\/wp\/v2\/types\/page"}],"author":[{"embeddable":true,"href":"https:\/\/sisu.ut.ee\/toitumine\/wp-json\/wp\/v2\/users\/62"}],"replies":[{"embeddable":true,"href":"https:\/\/sisu.ut.ee\/toitumine\/wp-json\/wp\/v2\/comments?post=10"}],"version-history":[{"count":1,"href":"https:\/\/sisu.ut.ee\/toitumine\/wp-json\/wp\/v2\/pages\/10\/revisions"}],"predecessor-version":[{"id":43,"href":"https:\/\/sisu.ut.ee\/toitumine\/wp-json\/wp\/v2\/pages\/10\/revisions\/43"}],"wp:attachment":[{"href":"https:\/\/sisu.ut.ee\/toitumine\/wp-json\/wp\/v2\/media?parent=10"}],"curies":[{"name":"wp","href":"https:\/\/api.w.org\/{rel}","templated":true}]}}