{"id":3,"date":"2024-04-03T23:15:33","date_gmt":"2024-04-03T20:15:33","guid":{"rendered":"https:\/\/sisu.ut.ee\/toiduelamus\/avaleht\/"},"modified":"2024-04-03T23:15:39","modified_gmt":"2024-04-03T20:15:39","slug":"avaleht","status":"publish","type":"page","link":"https:\/\/sisu.ut.ee\/toiduelamus\/","title":{"rendered":"Avaleht"},"content":{"rendered":"<p><span style=\"font-size: medium\"><strong>Eestis turistina toiduelamuse otsingul<\/strong><\/span><\/p>\n<p style=\"text-align: justify\"><span>Ainekava<\/span>: Turismi- ja hotelliettev\u00f5tlus<br><span>\u00d5ppeaine<\/span>: Eesti turismigeograafia<br><span>Teema maht:<\/span> 0,15 EAP<\/p>\n<p>\u00d5piobjekti\u00a0<strong><span>eesm\u00e4rgiks<\/span><\/strong> on\u00a0Teile tutvustada Eesti toidukultuuri ja k\u00f6\u00f6gi sisu ning meie toidulauale iseloomulikke maitseid. Lisaks\u00a0tutvustada turistile k\u00fclastamiseks sobivaid toiduga seotud sihkohti kohalike maitsete kogemiseks.<\/p>\n<p style=\"text-align: justify\">\u00d5ppematerjali l\u00e4bit\u00f6\u00f6tamisel\u00a0<span><strong>oskate<\/strong><\/span> kirjeldada Eesti toidukultuuri ja k\u00f6\u00f6gi ajaloolist arengut ja t\u00e4nap\u00e4eva ning\u00a0 soovitada k\u00fclastamiseks eri toitlustusettev\u00f5tteid n\u00e4idates seel\u00e4bi Eesti k\u00f6\u00f6gi mitmek\u00fclgsust.<\/p>\n<p><span>Head avastamisr\u00f5\u00f5mu!<\/span><\/p>\n<p>Tiina Tamm, MSc<br>Tartu \u00dclikooli P\u00e4rnu kolledz<br>2013<\/p>\n<p><img loading=\"lazy\" decoding=\"async\" width=\"169\" height=\"82\" class=\"alignnone wp-image-18\" src=\"https:\/\/sisu.ut.ee\/wp-content\/uploads\/sites\/59\/best_logo.jpg\" title=\"best_logo.jpg\" alt=\"Best logo\"><\/p>\n","protected":false},"excerpt":{"rendered":"<p>Eestis turistina toiduelamuse otsingul Ainekava: Turismi- ja hotelliettev\u00f5tlus\u00d5ppeaine: Eesti turismigeograafiaTeema maht: 0,15 EAP \u00d5piobjekti\u00a0eesm\u00e4rgiks on\u00a0Teile tutvustada Eesti toidukultuuri ja k\u00f6\u00f6gi sisu ning meie toidulauale iseloomulikke maitseid. Lisaks\u00a0tutvustada turistile k\u00fclastamiseks sobivaid toiduga seotud sihkohti kohalike maitsete kogemiseks. \u00d5ppematerjali l\u00e4bit\u00f6\u00f6tamisel\u00a0oskate kirjeldada Eesti &#8230;<\/p>\n","protected":false},"author":23,"featured_media":0,"parent":0,"menu_order":0,"comment_status":"closed","ping_status":"closed","template":"","meta":{"_acf_changed":false,"inline_featured_image":false,"footnotes":""},"class_list":["post-3","page","type-page","status-publish","hentry"],"acf":[],"_links":{"self":[{"href":"https:\/\/sisu.ut.ee\/toiduelamus\/wp-json\/wp\/v2\/pages\/3","targetHints":{"allow":["GET"]}}],"collection":[{"href":"https:\/\/sisu.ut.ee\/toiduelamus\/wp-json\/wp\/v2\/pages"}],"about":[{"href":"https:\/\/sisu.ut.ee\/toiduelamus\/wp-json\/wp\/v2\/types\/page"}],"author":[{"embeddable":true,"href":"https:\/\/sisu.ut.ee\/toiduelamus\/wp-json\/wp\/v2\/users\/23"}],"replies":[{"embeddable":true,"href":"https:\/\/sisu.ut.ee\/toiduelamus\/wp-json\/wp\/v2\/comments?post=3"}],"version-history":[{"count":1,"href":"https:\/\/sisu.ut.ee\/toiduelamus\/wp-json\/wp\/v2\/pages\/3\/revisions"}],"predecessor-version":[{"id":82,"href":"https:\/\/sisu.ut.ee\/toiduelamus\/wp-json\/wp\/v2\/pages\/3\/revisions\/82"}],"wp:attachment":[{"href":"https:\/\/sisu.ut.ee\/toiduelamus\/wp-json\/wp\/v2\/media?parent=3"}],"curies":[{"name":"wp","href":"https:\/\/api.w.org\/{rel}","templated":true}]}}