{"id":4,"date":"2024-04-04T08:29:30","date_gmt":"2024-04-04T05:29:30","guid":{"rendered":"https:\/\/sisu.ut.ee\/tikkimine\/eelpiste\/"},"modified":"2024-04-04T08:29:57","modified_gmt":"2024-04-04T05:29:57","slug":"eelpiste","status":"publish","type":"page","link":"https:\/\/sisu.ut.ee\/tikkimine\/eelpiste\/","title":{"rendered":"Eelpiste"},"content":{"rendered":"<p>\n\t\u00a0\n<\/p>\n<p>\n\t<span style=\"font-size:16px\"><strong>Eelpiste on tikitavatest pistetest k\u00f5ige lihtsam<\/strong>. Eelpiste on sisuliselt sama, mis traageldamine \u00f5mblust\u00f6\u00f6s. Erinevus on selles, et traageldamisel ei ole <strong><a data-url=\"https:\/\/sisu.ut.ee\/tikkimine\/m%C3%B5istete-t%C3%A4hendused\" href=\"https:\/\/sisu.ut.ee\/tikkimine\/m%C3%B5istete-t%C3%A4hendused\" target=\"_blank\" title=\"\" rel=\"noopener\"><span style=\"color:#0000cd\">piste<\/span><\/a><\/strong><span style=\"color:#00ff00\"> <\/span>pikkuse t\u00e4psus nii\u00a0oluline. Tikkimisel on aga\u00a0oluline, et pisteid tikitakse kindla pikkusega. Kui kasutada eelpistet tikkimisel, siis nimetatakse seda pistet <strong><a data-url=\"https:\/\/sisu.ut.ee\/tikkimine\/m%C3%B5istete-t%C3%A4hendused\" href=\"https:\/\/sisu.ut.ee\/tikkimine\/m%C3%B5istete-t%C3%A4hendused\" target=\"_blank\" title=\"\" rel=\"noopener\"><span style=\"color:#0000cd\">kaunistuspisteks<\/span><\/a><\/strong><em> <\/em>(nagu ka k\u00f5iki teisi tikkimispisteid). Kui aga kasutada eelpistet \u00f5mblemisel, siis nimetatakse seda<strong><span style=\"color:#0000cd\"> <\/span><a data-url=\"https:\/\/sisu.ut.ee\/tikkimine\/m%C3%B5istete-t%C3%A4hendused\" href=\"https:\/\/sisu.ut.ee\/tikkimine\/m%C3%B5istete-t%C3%A4hendused\" target=\"_blank\" title=\"\" rel=\"noopener\"><span style=\"color:#0000cd\">tarbepisteks<\/span><\/a><span style=\"color:#0000cd\"><em>.<\/em><\/span><\/strong><\/span>\n<\/p>\n<p>\n\t<span style=\"font-size:16px\"><strong>Eelpiste tikkimist alusta\u00a0paremalt suunaga vasakule.<\/strong>\u00a0<\/span>\n<\/p>\n<p>\n\t<strong><span style=\"font-size:16px\">N\u00f5ela liikumise suund on paremalt vasakule.<\/span><\/strong>\n<\/p>\n<p>\n\t<span style=\"font-size:16px\">Liigu m\u00f6\u00f6da \u00fchte joont. V\u00f5ta n\u00f5elale ja j\u00e4ta n\u00f5ela alla sama arv <strong><a data-url=\"https:\/\/sisu.ut.ee\/tikkimine\/m%C3%B5istete-t%C3%A4hendused\" href=\"https:\/\/sisu.ut.ee\/tikkimine\/m%C3%B5istete-t%C3%A4hendused\" target=\"_blank\" title=\"\" rel=\"noopener\"><span style=\"color:#0000cd\">riidel\u00f5ng<\/span><\/a><a data-url=\"https:\/\/sisu.ut.ee\/tikkimine\/m%C3%B5istete-t%C3%A4hendused\" href=\"https:\/\/sisu.ut.ee\/tikkimine\/m%C3%B5istete-t%C3%A4hendused\" target=\"_blank\" title=\"\" rel=\"noopener\"><span style=\"color:#0000cd\">u<\/span><\/a><span style=\"color:#0000cd\">.<\/span><\/strong>\u00a0<\/span>\n<\/p>\n<p>\n\t\u00a0\n<\/p>\n<p>\n\t<span style=\"font-size:16px\"><span style=\"color:#ff0000\">Tikkimiseks vali endale sobiv t\u00f6\u00f6 k\u00e4ik.<\/span><\/span>\n<\/p>\n<table class=\"table table-hover\" border=\"1\" cellpadding=\"1\" cellspacing=\"1\">\n<tbody>\n<tr>\n<td>\n\t\t\t\t<span style=\"font-size:16px\"><strong>T\u00f6\u00f6 k\u00e4ik 1:<\/strong><\/span>\n\t\t\t<\/td>\n<td>\n\t\t\t\t<span style=\"font-size:16px\"><strong>T\u00f6\u00f6 k\u00e4ik 2:<\/strong><\/span>\n\t\t\t<\/td>\n<\/tr>\n<tr>\n<td>\n\t\t\t\t<span style=\"font-size:16px\">Vaata joonist:\u00a0<\/span>\n\t\t\t<\/td>\n<td>\n\t\t\t\t<span style=\"font-size:16px\">Vaata joonist:\u00a0<\/span>\n\t\t\t<\/td>\n<\/tr>\n<tr>\n<td>\n<ul>\n<li>\n\t\t\t\t\t\t<span style=\"font-size:16px\">Too l\u00f5ng t\u00f6\u00f6 ette punktis 1.\u00a0<\/span>\n\t\t\t\t\t<\/li>\n<li>\n\t\t\t\t\t\t<span style=\"font-size:16px\">Vii l\u00f5ng t\u00f6\u00f6 taha punktis 2 ja too\u00a0l\u00f5ng t\u00f6\u00f6 ette punktis 3.<\/span>\n\t\t\t\t\t<\/li>\n<li>\n\t\t\t\t\t\t<span style=\"font-size:16px\">Vii l\u00f5ng t\u00f6\u00f6 taha punktis 4 ja too t\u00f6\u00f6 ette punktis 5.<\/span>\n\t\t\t\t\t<\/li>\n<li>\n\t\t\t\t\t\t<span style=\"font-size:16px\">J\u00e4tka samal viisil tikkimist.<\/span>\n\t\t\t\t\t<\/li>\n<\/ul>\n<\/td>\n<td>\n<ul>\n<li>\n\t\t\t\t\t\t<span style=\"font-size:16px\">Too l\u00f5ng t\u00f6\u00f6 ette punktis 1.<\/span>\n\t\t\t\t\t<\/li>\n<li>\n\t\t\t\t\t\t<span style=\"font-size:16px\">V\u00f5ta n\u00f5elale ja j\u00e4ta n\u00f5ela alla sama palju riidel\u00f5ngu.\u00a0 \u00a0<\/span>\n\t\t\t\t\t<\/li>\n<li>\n\t\t\t\t\t\t<span style=\"font-size:16px\">Selles \u00f5petuse v\u00f5etakse n\u00f5ela peale ja j\u00e4etakse n\u00f5ela alla 2 riidel\u00f5nga.<\/span>\n\t\t\t\t\t<\/li>\n<li>\n\t\t\t\t\t\t<span style=\"font-size:16px\">Liigu m\u00f6\u00f6da \u00fchte joont, suunaga vasakule.<\/span>\n\t\t\t\t\t<\/li>\n<\/ul>\n<\/td>\n<\/tr>\n<\/tbody>\n<\/table>\n<p>\n\t\u00a0\n<\/p>\n<p>\n\t<span style=\"font-size:18px\"><span style=\"color:#ff0000\"><strong>Video vaatamiseks vajuta hiirega joonisele.<\/strong><\/span><\/span>\n<\/p>\n<p>\n\t<a data-url=\"https:\/\/youtu.be\/KaqTFSPdwOk\" href=\"https:\/\/youtu.be\/KaqTFSPdwOk\" target=\"_blank\" title=\"\" rel=\"noopener\"><img decoding=\"async\" alt=\"Eelpiste\" data-file_info=\"%7B%22fid%22:%2275423%22,%22view_mode%22:%22default%22,%22type%22:%22media%22%7D\" height=\"410.0000305175781\" src=\"https:\/\/sisu.ut.ee\/wp-content\/uploads\/sites\/616\/eelpiste_a1.png\" title=\"\" width=\"824.982666015625\"><\/a>\n<\/p>\n<p>\n\t<a data-url=\"https:\/\/sisu.ut.ee\/tikkimine\/tikkpiste\" href=\"https:\/\/sisu.ut.ee\/tikkimine\/tikkpiste\" title=\"\"><img loading=\"lazy\" decoding=\"async\" width=\"324\" height=\"170\" class=\"alignnone wp-image-28\" src=\"https:\/\/sisu.ut.ee\/wp-content\/uploads\/sites\/616\/nool.png\" title=\"nool.png\" alt=\"nool\" srcset=\"https:\/\/sisu.ut.ee\/wp-content\/uploads\/sites\/616\/nool.png 324w, https:\/\/sisu.ut.ee\/wp-content\/uploads\/sites\/616\/nool-300x157.png 300w\" sizes=\"auto, (max-width: 324px) 100vw, 324px\"><\/a>\n<\/p>\n<p>\n\t\u00a0\n<\/p>\n<p>\n\t<span style=\"font-size:16px\">Siit<strong> <\/strong><a data-url=\"https:\/\/drive.google.com\/file\/d\/1K93RW01Tafsq74LX1YjSOZpSFfEv10U2\/view?usp=share_link\" href=\"https:\/\/drive.google.com\/file\/d\/1K93RW01Tafsq74LX1YjSOZpSFfEv10U2\/view?usp=share_link\" target=\"_blank\" title=\"\" rel=\"noopener\"><span style=\"color:#0000cd\"><strong>lingilt<\/strong> <\/span><\/a>on k\u00e4ttesaadav eelpiste juhend Pdf failina.<\/span>\n<\/p>\n<p>\n\t\u00a0<\/p>\n","protected":false},"excerpt":{"rendered":"<p>\u00a0 Eelpiste on tikitavatest pistetest k\u00f5ige lihtsam. Eelpiste on sisuliselt sama, mis traageldamine \u00f5mblust\u00f6\u00f6s. Erinevus on selles, et traageldamisel ei ole piste pikkuse t\u00e4psus nii\u00a0oluline. Tikkimisel on aga\u00a0oluline, et pisteid tikitakse kindla pikkusega. Kui kasutada eelpistet tikkimisel, siis nimetatakse seda &#8230;<\/p>\n","protected":false},"author":307,"featured_media":0,"parent":0,"menu_order":0,"comment_status":"closed","ping_status":"closed","template":"","meta":{"_acf_changed":false,"inline_featured_image":false,"footnotes":""},"class_list":["post-4","page","type-page","status-publish","hentry"],"acf":[],"_links":{"self":[{"href":"https:\/\/sisu.ut.ee\/tikkimine\/wp-json\/wp\/v2\/pages\/4","targetHints":{"allow":["GET"]}}],"collection":[{"href":"https:\/\/sisu.ut.ee\/tikkimine\/wp-json\/wp\/v2\/pages"}],"about":[{"href":"https:\/\/sisu.ut.ee\/tikkimine\/wp-json\/wp\/v2\/types\/page"}],"author":[{"embeddable":true,"href":"https:\/\/sisu.ut.ee\/tikkimine\/wp-json\/wp\/v2\/users\/307"}],"replies":[{"embeddable":true,"href":"https:\/\/sisu.ut.ee\/tikkimine\/wp-json\/wp\/v2\/comments?post=4"}],"version-history":[{"count":1,"href":"https:\/\/sisu.ut.ee\/tikkimine\/wp-json\/wp\/v2\/pages\/4\/revisions"}],"predecessor-version":[{"id":101,"href":"https:\/\/sisu.ut.ee\/tikkimine\/wp-json\/wp\/v2\/pages\/4\/revisions\/101"}],"wp:attachment":[{"href":"https:\/\/sisu.ut.ee\/tikkimine\/wp-json\/wp\/v2\/media?parent=4"}],"curies":[{"name":"wp","href":"https:\/\/api.w.org\/{rel}","templated":true}]}}