{"id":3,"date":"2024-04-04T08:29:30","date_gmt":"2024-04-04T05:29:30","guid":{"rendered":"https:\/\/sisu.ut.ee\/tikkimine\/too-alustamine-ja-lopetamine\/"},"modified":"2024-04-04T08:29:57","modified_gmt":"2024-04-04T05:29:57","slug":"too-alustamine-ja-lopetamine","status":"publish","type":"page","link":"https:\/\/sisu.ut.ee\/tikkimine\/too-alustamine-ja-lopetamine\/","title":{"rendered":"Tikkimist\u00f6\u00f6 alustamine ja l\u00f5petamine"},"content":{"rendered":"<p>\n\t\u00a0\n<\/p>\n<ul>\n<li>\n\t\t<span style=\"font-size:16px\">Leia oma tikkimist\u00f6\u00f6 hoiustamiseks sobiv\u00a0<strong><a data-url=\"https:\/\/drive.google.com\/file\/d\/1my5kOwellWMnnUsBYCG5z3w2div82-0i\/view?usp=share_link\" href=\"https:\/\/drive.google.com\/file\/d\/1my5kOwellWMnnUsBYCG5z3w2div82-0i\/view?usp=share_link\" target=\"_blank\" title=\"\" rel=\"noopener\"><span style=\"color:#0000cd\">karp<\/span><\/a><\/strong> v\u00f5i <strong><a data-url=\"https:\/\/drive.google.com\/file\/d\/1uO-QmGUrNxEycal8NV_EmrkInMONzSkf\/view?usp=share_link\" href=\"https:\/\/drive.google.com\/file\/d\/1uO-QmGUrNxEycal8NV_EmrkInMONzSkf\/view?usp=share_link\" target=\"_blank\" title=\"\" rel=\"noopener\"><span style=\"color:#0000cd\">kott<\/span><\/a><\/strong>.\u00a0<\/span>\n\t<\/li>\n<li>\n\t\t<span style=\"font-size:16px\">Tikkimiseks \u00e4ra v\u00f5ta liiga pikka niiti. Hea pikkusega niit ulatub sinu \u00fchest \u00f5last teiseni.\u00a0<\/span>\n\t<\/li>\n<li>\n\t\t<span style=\"font-size:16px\">Kui niiti on keeruline n\u00f5ela taha saada, siis v\u00f5id selleks kasutada <strong><a data-url=\"https:\/\/drive.google.com\/file\/d\/1JlzhsyuTyDzaHDgc8r_Gsjd42TGe8wJg\/view?usp=share_link\" href=\"https:\/\/drive.google.com\/file\/d\/1JlzhsyuTyDzaHDgc8r_Gsjd42TGe8wJg\/view?usp=share_link\" target=\"_blank\" title=\"\" rel=\"noopener\"><span style=\"color:#0000cd\">n\u00f5elasulast<\/span><\/a><\/strong><span style=\"color:#0000cd\"><strong> <\/strong><\/span>v\u00f5i proovida <strong><a data-url=\"https:\/\/drive.google.com\/file\/d\/1ZkVCwkdrP4sslXyJ2l-rRYVZ6BWKWrbo\/view?usp=share_link\" href=\"https:\/\/drive.google.com\/file\/d\/1ZkVCwkdrP4sslXyJ2l-rRYVZ6BWKWrbo\/view?usp=share_link\" target=\"_blank\" title=\"\" rel=\"noopener\"><span style=\"color:#0000cd\">niidiotsa tagasi p\u00f6\u00f6ramist<\/span><\/a><\/strong>.\u00a0<\/span>\n\t<\/li>\n<li>\n\t\t<span style=\"font-size:16px\">Alati enne t\u00f6\u00f6 alustamist pese k\u00e4ed vee ja seebiga puhtaks.<\/span>\n\t<\/li>\n<\/ul>\n<p>\n\t<strong><span style=\"font-size:16px\"><span style=\"color:#ff0000\">Tikkimisel ei tehta niidi otsa s\u00f5lme!<\/span><\/span><\/strong>\n<\/p>\n<p>\n\t<span style=\"font-size:16px\"><strong>T\u00f6\u00f6 alustamisel peidetakse tikkimisniidi ots t\u00f6\u00f6 sisse. Selleks on mitu v\u00f5imalust.<\/strong><\/span>\n<\/p>\n<ol>\n<li>\n\t\t<span style=\"font-size:16px\">Tavaliselt kinnitatakse niit t\u00f6\u00f6 sisse\u00a0peene eelpistereaga. Selline pisterida tehakse tavaliselt sellele kohale,\u00a0kuhu hiljem tikand peale tuleb.\u00a0Tikkimisniidi peitmise\u00a0t\u00f6\u00f6juhendi vaatamiseks <strong><a data-url=\"https:\/\/drive.google.com\/file\/d\/1Vzsj1IzK-n9YTRoG1BYUT3pIBdT5CQEO\/view?usp=share_link\" href=\"https:\/\/drive.google.com\/file\/d\/1Vzsj1IzK-n9YTRoG1BYUT3pIBdT5CQEO\/view?usp=share_link\" target=\"_blank\" title=\"\" rel=\"noopener\"><span style=\"color:#0000cd\">vajuta siia<\/span><\/a><\/strong>.<\/span>\n\t<\/li>\n<li>\n\t\t<span style=\"font-size:16px\">\u00d5hukese kanga v\u00f5i v\u00e4ga peene tikandi puhul ei saa alati seda teha. Siis on lahendus see, et j\u00e4tad esialgu pikema niidi t\u00f6\u00f6 alguses \u00fcle ja kinnitad selle p\u00e4rast t\u00f6\u00f6 pahemal poolel varem tikitud pistete alla. Juhendi n\u00e4gemiseks<\/span><strong>\u00a0<span style=\"font-size:16px\"><a data-url=\"https:\/\/drive.google.com\/file\/d\/11Ze3lyHHmNUjA1_6tmxPNRfSJ7XlxK4A\/view?usp=share_link\" href=\"https:\/\/drive.google.com\/file\/d\/11Ze3lyHHmNUjA1_6tmxPNRfSJ7XlxK4A\/view?usp=share_link\" target=\"_blank\" title=\"\" rel=\"noopener\"><span style=\"color:#0000cd\">vaata\u00a0siia<\/span><\/a><\/span><\/strong><span style=\"font-size:16px\"><strong>.<\/strong><\/span>\n\t<\/li>\n<li>\n\t\t<span style=\"font-size:16px\">Kui sa teed suuremat tikandit, siis saad niiti j\u00e4tkates\u00a0kinnitada selle t\u00f6\u00f6 pahemal poolel varem tikitud osa sisse.\u00a0<\/span>\n\t<\/li>\n<\/ol>\n<p>\n\t<span style=\"font-size:16px\"><strong>T\u00f6\u00f6 v\u00f5i n\u00f5elat\u00e4ie l\u00f5petamisel peida tikkimisniit\u00a0t\u00f6\u00f6 pahemal poolel varem tikitud osa sisse.\u00a0<\/strong><\/span>\n<\/p>\n<p>\n\t\u00a0\n<\/p>\n<p>\n\t<span style=\"font-size:16px\">Siin saad vaadata, milliseid v\u00f5imalusi on \u00f5pitud tikkimispistete tikkimiseks, kui sul\u00a0tehnika juba selge.\u00a0<strong><a data-url=\"https:\/\/drive.google.com\/file\/d\/1NBMKba-_7AMcjCeQkWJq8KR4k_0o5f_V\/view?usp=share_link\" href=\"https:\/\/drive.google.com\/file\/d\/1NBMKba-_7AMcjCeQkWJq8KR4k_0o5f_V\/view?usp=share_link\" target=\"_blank\" title=\"\" rel=\"noopener\"><span style=\"color:#0000cd\">Vaata siia<\/span><\/a><\/strong>.<\/span>\n<\/p>\n<p>\n\t<span style=\"font-size:16px\">Siin saad\u00a0vaadata, kuidas erinevaid tikkimispisteid esemetel kaunistuspistena kasutada.\u00a0<strong><a data-url=\"https:\/\/drive.google.com\/file\/d\/1k-D2egv-P0iFkQq9LHPLsKfR-XzuM-Cd\/view?usp=share_link\" href=\"https:\/\/drive.google.com\/file\/d\/1k-D2egv-P0iFkQq9LHPLsKfR-XzuM-Cd\/view?usp=share_link\" target=\"_blank\" title=\"\" rel=\"noopener\"><span style=\"color:#0000cd\">Vaata siia<\/span><\/a><\/strong>.<\/span>\n<\/p>\n<p>\n\t\u00a0\n<\/p>\n<p>\n\t\u00a0\n<\/p>\n<p>\n\t\u00a0<\/p>\n","protected":false},"excerpt":{"rendered":"<p>\u00a0 Leia oma tikkimist\u00f6\u00f6 hoiustamiseks sobiv\u00a0karp v\u00f5i kott.\u00a0 Tikkimiseks \u00e4ra v\u00f5ta liiga pikka niiti. Hea pikkusega niit ulatub sinu \u00fchest \u00f5last teiseni.\u00a0 Kui niiti on keeruline n\u00f5ela taha saada, siis v\u00f5id selleks kasutada n\u00f5elasulast v\u00f5i proovida niidiotsa tagasi p\u00f6\u00f6ramist.\u00a0 Alati &#8230;<\/p>\n","protected":false},"author":307,"featured_media":0,"parent":0,"menu_order":0,"comment_status":"closed","ping_status":"closed","template":"","meta":{"_acf_changed":false,"inline_featured_image":false,"footnotes":""},"class_list":["post-3","page","type-page","status-publish","hentry"],"acf":[],"_links":{"self":[{"href":"https:\/\/sisu.ut.ee\/tikkimine\/wp-json\/wp\/v2\/pages\/3","targetHints":{"allow":["GET"]}}],"collection":[{"href":"https:\/\/sisu.ut.ee\/tikkimine\/wp-json\/wp\/v2\/pages"}],"about":[{"href":"https:\/\/sisu.ut.ee\/tikkimine\/wp-json\/wp\/v2\/types\/page"}],"author":[{"embeddable":true,"href":"https:\/\/sisu.ut.ee\/tikkimine\/wp-json\/wp\/v2\/users\/307"}],"replies":[{"embeddable":true,"href":"https:\/\/sisu.ut.ee\/tikkimine\/wp-json\/wp\/v2\/comments?post=3"}],"version-history":[{"count":1,"href":"https:\/\/sisu.ut.ee\/tikkimine\/wp-json\/wp\/v2\/pages\/3\/revisions"}],"predecessor-version":[{"id":100,"href":"https:\/\/sisu.ut.ee\/tikkimine\/wp-json\/wp\/v2\/pages\/3\/revisions\/100"}],"wp:attachment":[{"href":"https:\/\/sisu.ut.ee\/tikkimine\/wp-json\/wp\/v2\/media?parent=3"}],"curies":[{"name":"wp","href":"https:\/\/api.w.org\/{rel}","templated":true}]}}