{"id":20,"date":"2024-04-04T08:29:32","date_gmt":"2024-04-04T05:29:32","guid":{"rendered":"https:\/\/sisu.ut.ee\/tikkimine\/kasutatud-kirjandus\/"},"modified":"2024-04-04T08:29:56","modified_gmt":"2024-04-04T05:29:56","slug":"kasutatud-kirjandus","status":"publish","type":"page","link":"https:\/\/sisu.ut.ee\/tikkimine\/kasutatud-kirjandus\/","title":{"rendered":"Kasutatud kirjandus"},"content":{"rendered":"<p style=\"margin-top:0cm;margin-right:0cm;margin-bottom:0cm;margin-left:12.0pt\">\n\t\u00a0\n<\/p>\n<p style=\"margin-top:0cm;margin-right:0cm;margin-bottom:0cm;margin-left:12.0pt\">\n\t\u00a0\n<\/p>\n<p style=\"margin-top:0cm;margin-right:0cm;margin-bottom:0cm;margin-left:12.0pt\">\n\t<span style=\"font-size:16px\">Barnden, B. (2004).\u00a0<em>Tikkimispistete piibel.\u00a0<\/em>Toimetanud Aren, I. Kirjastus Sinisukk.<\/span>\n<\/p>\n<p style=\"margin-top:0cm;margin-right:0cm;margin-bottom:0cm;margin-left:12.0pt\">\n\t\u00a0\n<\/p>\n<p style=\"margin-top:0cm;margin-right:0cm;margin-bottom:0cm;margin-left:12.0pt\">\n\t<span style=\"font-size:16px\">Laanpere, L. &amp; Raidla, H. (1989).\u00a0<em>Tikkimine.\u00a0<\/em>Kirjastus Valgus.<\/span>\n<\/p>\n<p style=\"margin-top:0cm;margin-right:0cm;margin-bottom:0cm;margin-left:12.0pt\">\n\t\u00a0\n<\/p>\n<p style=\"margin-top:0cm;margin-right:0cm;margin-bottom:0cm;margin-left:12.0pt\">\n\t<span style=\"font-size:16px\">Linnus, H. (1960). <em>Tikkimine<\/em>. Tr\u00fckikoda Punane T\u00e4ht.<\/span>\n<\/p>\n<p style=\"margin-top:0cm;margin-right:0cm;margin-bottom:0cm;margin-left:12.0pt\">\n\t\u00a0\n<\/p>\n<p style=\"margin-top:0cm;margin-right:0cm;margin-bottom:0cm;margin-left:12.0pt\">\n\t<span style=\"font-size:16px\"><span style=\"line-height:150%\"><span style=\"line-height:150%\">Pink, A., &amp; Teder, K. (2015). <i>Tikkimine. V\u00e4ike rahvar\u00f5iva\u00f5petus. <\/i>2. Tr. Saara Kirjastus.<\/span><\/span><\/span>\n<\/p>\n<p style=\"margin-top:0cm;margin-right:0cm;margin-bottom:0cm;margin-left:12.0pt\">\n\t\u00a0\n<\/p>\n<p style=\"margin-top:0cm;margin-right:0cm;margin-bottom:0cm;margin-left:12.0pt\">\n\t<span style=\"font-size:16px\"><span style=\"line-height:150%\"><span style=\"line-height:150%\">Soone, O. (1988).\u00a0<em>Tikkimine.\u00a0<\/em>Kirjastus Valgus.<\/span><\/span><\/span>\n<\/p>\n<p style=\"margin-top:0cm;margin-right:0cm;margin-bottom:0cm;margin-left:12.0pt\">\n\t\u00a0\n<\/p>\n<p style=\"margin-top:0cm;margin-right:0cm;margin-bottom:0cm;margin-left:12.0pt\">\n\t<span style=\"font-size:16px\"><span style=\"line-height:150%\"><span style=\"line-height:150%\">Warma, A. (1940). <em>\u00d5mblust\u00f6\u00f6de tehnika II. R\u00f5ivat\u00f6\u00f6 \u00f5ppe- ja\u00a0k\u00e4siraamat<\/em>. Kirjastus K.-\u00dcHING \u201cOskusraamat\u201d<\/span><\/span><\/span>\n<\/p>\n<p style=\"margin-top:0cm;margin-right:0cm;margin-bottom:0cm;margin-left:12.0pt\">\n\t\u00a0\n<\/p>\n<p style=\"margin-top:0cm;margin-right:0cm;margin-bottom:0cm;margin-left:12.0pt\">\n\t\u00a0\n<\/p>\n<p style=\"margin-top:0cm;margin-right:0cm;margin-bottom:0cm;margin-left:12.0pt\">\n\t\u00a0\n<\/p>\n<p style=\"margin-top:0cm;margin-right:0cm;margin-bottom:0cm;margin-left:12.0pt\">\n\t\u00a0\n<\/p>\n<p style=\"margin-top:0cm;margin-right:0cm;margin-bottom:0cm;margin-left:12.0pt\">\n\t<span style=\"font-size:16px\">Jooniste loomiseks on kasutatud <em><span style=\"color:#000000\">StitchGraph<\/span> <\/em>programmi ja <em>painti<\/em>.<\/span>\n<\/p>\n<p style=\"margin-top:0cm;margin-right:0cm;margin-bottom:0cm;margin-left:12.0pt\">\n\t\u00a0\n<\/p>\n<p style=\"margin-top:0cm;margin-right:0cm;margin-bottom:0cm;margin-left:12.0pt\">\n\t<span style=\"font-size:16px\">Videode monteerimiseks on kasutatud <em>Win Movie Maker<\/em> programmi.<\/span>\n<\/p>\n<p style=\"margin-top:0cm;margin-right:0cm;margin-bottom:0cm;margin-left:12.0pt\">\n\t\u00a0\n<\/p>\n<p style=\"margin-top:0cm;margin-right:0cm;margin-bottom:0cm;margin-left:12.0pt\">\n\t<span style=\"font-size:16px\">\u00d5ppem\u00e4ngud on loodud platvormil <em>Learningapps<\/em>.<\/span>\n<\/p>\n<p style=\"margin-top:0cm;margin-right:0cm;margin-bottom:0cm;margin-left:12.0pt\">\n\t\u00a0\n<\/p>\n<p style=\"margin-top:0cm;margin-right:0cm;margin-bottom:0cm;margin-left:12.0pt\">\n\t<span style=\"font-size:16px\">K\u00f5ik \u00f5piobjektis kasutatud pildid, joonised,\u00a0videod ja\u00a0testid on autori looming, kui ei\u00a0ole m\u00e4rgitud teisiti.\u00a0<\/span>\n<\/p>\n<p style=\"margin-top:0cm;margin-right:0cm;margin-bottom:0cm;margin-left:12.0pt\">\n\t\u00a0\n<\/p>\n<p style=\"margin-top:0cm;margin-right:0cm;margin-bottom:0cm;margin-left:12.0pt\">\n\t<span style=\"font-size:16px\">\u00d5piobjekt\u00a0on m\u00f5eldud isiklikuks kasutamiseks \u00f5ppeprotsessi ning\u00a0selle osi\u00a0ei ole lubatud paljundada ja edasi jagada ilma autori loata. <\/span><\/p>\n","protected":false},"excerpt":{"rendered":"<p>\u00a0 \u00a0 Barnden, B. (2004).\u00a0Tikkimispistete piibel.\u00a0Toimetanud Aren, I. Kirjastus Sinisukk. \u00a0 Laanpere, L. &amp; Raidla, H. (1989).\u00a0Tikkimine.\u00a0Kirjastus Valgus. \u00a0 Linnus, H. (1960). Tikkimine. Tr\u00fckikoda Punane T\u00e4ht. \u00a0 Pink, A., &amp; Teder, K. (2015). Tikkimine. V\u00e4ike rahvar\u00f5iva\u00f5petus. 2. Tr. Saara Kirjastus. &#8230;<\/p>\n","protected":false},"author":307,"featured_media":0,"parent":0,"menu_order":0,"comment_status":"closed","ping_status":"closed","template":"","meta":{"_acf_changed":false,"inline_featured_image":false,"footnotes":""},"class_list":["post-20","page","type-page","status-publish","hentry"],"acf":[],"_links":{"self":[{"href":"https:\/\/sisu.ut.ee\/tikkimine\/wp-json\/wp\/v2\/pages\/20","targetHints":{"allow":["GET"]}}],"collection":[{"href":"https:\/\/sisu.ut.ee\/tikkimine\/wp-json\/wp\/v2\/pages"}],"about":[{"href":"https:\/\/sisu.ut.ee\/tikkimine\/wp-json\/wp\/v2\/types\/page"}],"author":[{"embeddable":true,"href":"https:\/\/sisu.ut.ee\/tikkimine\/wp-json\/wp\/v2\/users\/307"}],"replies":[{"embeddable":true,"href":"https:\/\/sisu.ut.ee\/tikkimine\/wp-json\/wp\/v2\/comments?post=20"}],"version-history":[{"count":1,"href":"https:\/\/sisu.ut.ee\/tikkimine\/wp-json\/wp\/v2\/pages\/20\/revisions"}],"predecessor-version":[{"id":84,"href":"https:\/\/sisu.ut.ee\/tikkimine\/wp-json\/wp\/v2\/pages\/20\/revisions\/84"}],"wp:attachment":[{"href":"https:\/\/sisu.ut.ee\/tikkimine\/wp-json\/wp\/v2\/media?parent=20"}],"curies":[{"name":"wp","href":"https:\/\/api.w.org\/{rel}","templated":true}]}}